{"id":32801,"date":"2021-02-21T16:15:07","date_gmt":"2021-02-21T16:15:07","guid":{"rendered":"https:\/\/www.autonvaraosahaku.fi\/?product=dakatec-130031-alapallonivel"},"modified":"2021-02-21T16:15:08","modified_gmt":"2021-02-21T16:15:08","slug":"dakatec-130031-alapallonivel","status":"publish","type":"product","link":"https:\/\/www.autonvaraosahaku.fi\/?product=dakatec-130031-alapallonivel","title":{"rendered":"DAKAtec 130031 Alapallonivel"},"content":{"rendered":"<p>Asennuspuoli: etuakseli molemminpuoleinen, Alla, au\u00dfen; Kartiomitta (mm): 18; Sis\u00e4kierre (mm): M12x1,25; Paino [g]: 800; HYUNDAI: i30 GD,i30 CW GD,SANTA F\u00c9 III DM,i30 Coupe,GRAND SANTA F\u00c9; KIA: SORENTO II XM,CEE&#8217;D JD,CEE`D Sportswagon JD,CARENS IV,PRO CEE\u00b4D JD,OPTIMA,SOUL II PS; 545302T010, 545303S100, 545302P100, 545302T010, 545303S100, 54530B2100; Pallonivel<\/p>\n","protected":false},"excerpt":{"rendered":"<p>DAKAtec Alapallonivel 130031 Pallonivel HYUNDAI,KIA,i30 GD,i30 CW GD,SANTA F\u00c9 III DM,i30 Coupe,GRAND SANTA F\u00c9,SORENTO II XM,CEE&#8217;D JD<\/p>\n","protected":false},"featured_media":0,"template":"","meta":{"site-sidebar-layout":"default","site-content-layout":"default","ast-global-header-display":"","ast-main-header-display":"","ast-hfb-above-header-display":"","ast-hfb-below-header-display":"","ast-hfb-mobile-header-display":"","site-post-title":"","ast-breadcrumbs-content":"","ast-featured-img":"","footer-sml-layout":"","theme-transparent-header-meta":"","adv-header-id-meta":"","stick-header-meta":"","header-above-stick-meta":"","header-main-stick-meta":"","header-below-stick-meta":""},"pwb-brand":[283],"product_cat":[93],"product_tag":[],"class_list":{"0":"post-32801","1":"product","2":"type-product","3":"status-publish","5":"pwb-brand-dakatec","6":"product_cat-alapallonivel","7":"desktop-align-left","8":"tablet-align-left","9":"mobile-align-left","11":"first","12":"instock","13":"product-type-external"},"brands":[{"id":283,"name":"DAKAtec","slug":"dakatec"}],"_links":{"self":[{"href":"https:\/\/www.autonvaraosahaku.fi\/index.php?rest_route=\/wp\/v2\/product\/32801","targetHints":{"allow":["GET"]}}],"collection":[{"href":"https:\/\/www.autonvaraosahaku.fi\/index.php?rest_route=\/wp\/v2\/product"}],"about":[{"href":"https:\/\/www.autonvaraosahaku.fi\/index.php?rest_route=\/wp\/v2\/types\/product"}],"wp:attachment":[{"href":"https:\/\/www.autonvaraosahaku.fi\/index.php?rest_route=%2Fwp%2Fv2%2Fmedia&parent=32801"}],"wp:term":[{"taxonomy":"pwb-brand","embeddable":true,"href":"https:\/\/www.autonvaraosahaku.fi\/index.php?rest_route=%2Fwp%2Fv2%2Fpwb-brand&post=32801"},{"taxonomy":"product_cat","embeddable":true,"href":"https:\/\/www.autonvaraosahaku.fi\/index.php?rest_route=%2Fwp%2Fv2%2Fproduct_cat&post=32801"},{"taxonomy":"product_tag","embeddable":true,"href":"https:\/\/www.autonvaraosahaku.fi\/index.php?rest_route=%2Fwp%2Fv2%2Fproduct_tag&post=32801"}],"curies":[{"name":"wp","href":"https:\/\/api.w.org\/{rel}","templated":true}]}}