{"id":32897,"date":"2021-02-21T16:15:24","date_gmt":"2021-02-21T16:15:24","guid":{"rendered":"https:\/\/www.autonvaraosahaku.fi\/?product=ridex-3942s0027-anturit-sensorit"},"modified":"2021-02-21T16:15:26","modified_gmt":"2021-02-21T16:15:26","slug":"ridex-3942s0027-anturit-sensorit","status":"publish","type":"product","link":"https:\/\/www.autonvaraosahaku.fi\/?product=ridex-3942s0027-anturit-sensorit","title":{"rendered":"RIDEX 3942S0027 Anturit (sensorit)"},"content":{"rendered":"<p>Pituus (mm): 50; Ulkokierre [mm]: M18 x 1,5; Avainv\u00e4li: 27; Ruuvin pituus ilman p\u00e4\u00e4t\u00e4: 16; Paino [kg]: 0,057; Tarvittava kappalem\u00e4\u00e4r\u00e4: 1; Moottorinumero: 937A3000; OPEL: CORSA D,ASTRA J Sports Tourer,INSIGNIA Caravan,ASTRA J,MERIVA B,INSIGNIA,INSIGNIA Stufenheck,ASTRA GTC J,ASTRA J Stufenheck,CORSA D Van; FIAT: GRANDE PUNTO 199,PUNTO 188,DUCATO Kasten 250,STILO 192,BRAVO II 198,DUCATO Pritsche\/Fahrgestell 250,DUCATO Bus 250,DOBLO Cargo 223,STILO Multi Wagon 192,DOBLO 119,DOBLO Kasten\/Kombi 263,IDEA,SEDICI,MULTIPLA 186,DOBLO Gro\u00dfraumlimousine 152, 263,LINEA 323,DOBLO Pritsche\/Fahrgestell 263; VOLVO: 8700,B7,FE,FL II; ALFA ROMEO: 147 937,159 Sportwagon 939,156 Sportwagon 932,GIULIETTA 940,MITO 955,156 932,159 939,GT 937,166 936,BRERA,SPIDER 939; IVECO: DAILY IV Kasten\/Kombi,DAILY IV Pritsche\/Fahrgestell,DAILY IV Bus; SAAB: 9-5 YS3G; LANCIA: DELTA III 844; VAUXHALL: CORSA Mk III D L_8,INSIGNIA Mk I A,INSIGNIA Mk I A Estate,ASTRA Mk VI J CC,INSIGNIA Mk I A Sedan,ASTRA Mk VI J,CORSAVAN Mk III D,MERIVA Mk II B,ASTRA Mk VI J Estate; RENAULT TRUCKS: MIDLUM,PREMIUM 2; NEOPLAN: Centroliner,Cityliner,Starliner,Tourliner,Trendliner; 46812910, 46816667, 504152959, 504247741, 55195078, 55207677, 71734251, 93185626, 46812910, 46816667, 504152959, 504247741, 55195078, 55207677, 71734251, 1547990, 1581708, 9S519G756AB, 504152959, 46812910, 46816667, 504152959, 504247741, 55195078, 55207677, 71734251, 51274210178, 51274210229, 51274210230, 51274210236, 093177365, 093191400, 93177365, 93185626, 93191400, 7420792328, 7421407309, 93177365, 93185626, 93191400, 1576084E50, 1576084E51, 93177365, 93185626, 93191400, 20792328, 21407309, 30637412, 30677300, 31216319, 3843100<\/p>\n","protected":false},"excerpt":{"rendered":"<p>RIDEX Tunnistin Polttoaine Paine 3942S0027  OPEL,FIAT,VOLVO,CORSA D,ASTRA J Sports Tourer,INSIGNIA Caravan,ASTRA J,MERIVA B,INSIGNIA<\/p>\n","protected":false},"featured_media":0,"template":"","meta":{"site-sidebar-layout":"default","site-content-layout":"default","ast-global-header-display":"","ast-main-header-display":"","ast-hfb-above-header-display":"","ast-hfb-below-header-display":"","ast-hfb-mobile-header-display":"","site-post-title":"","ast-breadcrumbs-content":"","ast-featured-img":"","footer-sml-layout":"","theme-transparent-header-meta":"","adv-header-id-meta":"","stick-header-meta":"","header-above-stick-meta":"","header-main-stick-meta":"","header-below-stick-meta":""},"pwb-brand":[157],"product_cat":[98],"product_tag":[],"class_list":{"0":"post-32897","1":"product","2":"type-product","3":"status-publish","5":"pwb-brand-ridex","6":"product_cat-anturit-sensorit","7":"desktop-align-left","8":"tablet-align-left","9":"mobile-align-left","11":"first","12":"instock","13":"product-type-external"},"brands":[{"id":157,"name":"RIDEX","slug":"ridex"}],"_links":{"self":[{"href":"https:\/\/www.autonvaraosahaku.fi\/index.php?rest_route=\/wp\/v2\/product\/32897","targetHints":{"allow":["GET"]}}],"collection":[{"href":"https:\/\/www.autonvaraosahaku.fi\/index.php?rest_route=\/wp\/v2\/product"}],"about":[{"href":"https:\/\/www.autonvaraosahaku.fi\/index.php?rest_route=\/wp\/v2\/types\/product"}],"wp:attachment":[{"href":"https:\/\/www.autonvaraosahaku.fi\/index.php?rest_route=%2Fwp%2Fv2%2Fmedia&parent=32897"}],"wp:term":[{"taxonomy":"pwb-brand","embeddable":true,"href":"https:\/\/www.autonvaraosahaku.fi\/index.php?rest_route=%2Fwp%2Fv2%2Fpwb-brand&post=32897"},{"taxonomy":"product_cat","embeddable":true,"href":"https:\/\/www.autonvaraosahaku.fi\/index.php?rest_route=%2Fwp%2Fv2%2Fproduct_cat&post=32897"},{"taxonomy":"product_tag","embeddable":true,"href":"https:\/\/www.autonvaraosahaku.fi\/index.php?rest_route=%2Fwp%2Fv2%2Fproduct_tag&post=32897"}],"curies":[{"name":"wp","href":"https:\/\/api.w.org\/{rel}","templated":true}]}}