{"id":33042,"date":"2021-02-21T16:15:57","date_gmt":"2021-02-21T16:15:57","guid":{"rendered":"https:\/\/www.autonvaraosahaku.fi\/?product=arnott-as-2785-ilmajousitus"},"modified":"2021-02-21T16:15:57","modified_gmt":"2021-02-21T16:15:57","slug":"arnott-as-2785-ilmajousitus","status":"publish","type":"product","link":"https:\/\/www.autonvaraosahaku.fi\/?product=arnott-as-2785-ilmajousitus","title":{"rendered":"Arnott AS-2785 Ilmajousitus"},"content":{"rendered":"<p>Jousitusmalli: Ajoneuvoihin, joissa ilmajousitus; Jarru-\/ajodynamiikka: ajoneuvoille Airmatic DC:ll\u00e4; Asennuspuoli: Eteen, oikea; Pakkauspituus [cm]: 77; Pakkausleveys [cm]: 19; Pakkauskorkeus [mm]: 20; Paino [kg]: 9,6; Nettopaino [kg]: 8,4; valmistusmaa: USA; parilliset tuotenumerot: AS-2786; Iskunvaimennin asennustapa: Silta ylh\u00e4\u00e4ll\u00e4, Haarukka alhaalla; MERCEDES-BENZ: E-CLASS W211,E-CLASS T-Model S211,CLS C219; 211320221328, 2113205413, 211320541380, 2113206013, 211320601380, 2113209413, 2193201213, 219320121380, A211320221328, A2113205413, A211320541380, A2113206013, A211320601380, A2113209413, A2193201213, A219320121380; Ilmajousijalka<\/p>\n","protected":false},"excerpt":{"rendered":"<p>Arnott Ilmajousitus AS-2785 Ilmajousijalka MERCEDES-BENZ,E-CLASS W211,E-CLASS T-Model S211,CLS C219<\/p>\n","protected":false},"featured_media":0,"template":"","meta":{"site-sidebar-layout":"default","site-content-layout":"default","ast-global-header-display":"","ast-main-header-display":"","ast-hfb-above-header-display":"","ast-hfb-below-header-display":"","ast-hfb-mobile-header-display":"","site-post-title":"","ast-breadcrumbs-content":"","ast-featured-img":"","footer-sml-layout":"","theme-transparent-header-meta":"","adv-header-id-meta":"","stick-header-meta":"","header-above-stick-meta":"","header-main-stick-meta":"","header-below-stick-meta":""},"pwb-brand":[401],"product_cat":[439],"product_tag":[],"class_list":{"0":"post-33042","1":"product","2":"type-product","3":"status-publish","5":"pwb-brand-arnott","6":"product_cat-ilmajousitus","7":"desktop-align-left","8":"tablet-align-left","9":"mobile-align-left","11":"first","12":"instock","13":"product-type-external"},"brands":[{"id":401,"name":"Arnott","slug":"arnott"}],"_links":{"self":[{"href":"https:\/\/www.autonvaraosahaku.fi\/index.php?rest_route=\/wp\/v2\/product\/33042","targetHints":{"allow":["GET"]}}],"collection":[{"href":"https:\/\/www.autonvaraosahaku.fi\/index.php?rest_route=\/wp\/v2\/product"}],"about":[{"href":"https:\/\/www.autonvaraosahaku.fi\/index.php?rest_route=\/wp\/v2\/types\/product"}],"wp:attachment":[{"href":"https:\/\/www.autonvaraosahaku.fi\/index.php?rest_route=%2Fwp%2Fv2%2Fmedia&parent=33042"}],"wp:term":[{"taxonomy":"pwb-brand","embeddable":true,"href":"https:\/\/www.autonvaraosahaku.fi\/index.php?rest_route=%2Fwp%2Fv2%2Fpwb-brand&post=33042"},{"taxonomy":"product_cat","embeddable":true,"href":"https:\/\/www.autonvaraosahaku.fi\/index.php?rest_route=%2Fwp%2Fv2%2Fproduct_cat&post=33042"},{"taxonomy":"product_tag","embeddable":true,"href":"https:\/\/www.autonvaraosahaku.fi\/index.php?rest_route=%2Fwp%2Fv2%2Fproduct_tag&post=33042"}],"curies":[{"name":"wp","href":"https:\/\/api.w.org\/{rel}","templated":true}]}}