{"id":33261,"date":"2021-02-21T16:16:44","date_gmt":"2021-02-21T16:16:44","guid":{"rendered":"https:\/\/www.autonvaraosahaku.fi\/?product=topran-117-966-jarrukilpi"},"modified":"2021-02-21T16:16:45","modified_gmt":"2021-02-21T16:16:45","slug":"topran-117-966-jarrukilpi","status":"publish","type":"product","link":"https:\/\/www.autonvaraosahaku.fi\/?product=topran-117-966-jarrukilpi","title":{"rendered":"TOPRAN 117 966 Jarrukilpi"},"content":{"rendered":"<p>Materiaali: Ter\u00e4slevy; Pinta: Lakattu; V\u00e4ri: Musta; Ulkol\u00e4pimitta [mm]: 349; parilliset tuotenumerot: 117 965; Asennuspuoli: Etuakseli, oikea; Jarrulevyl\u00e4pimitalle [mm]: 340, 312, 345; PR-numerolle: 1LA; VW: GOLF V 1K1,GOLF VI 5K1,PASSAT Variant 3C5,PASSAT 3C2,PASSAT Variant 365,EOS 1F7, 1F8,SCIROCCO 137, 138,PASSAT CC 357,JETTA III 1K2,PASSAT 362,CC 358; AUDI: A3 8P1,A3 Sportback 8PA,TT 8J3,TT Roadster 8J9; SKODA: SUPERB Kombi 3T5,SUPERB 3T4; SEAT: LEON 1P1; 1K0615312C, 8J0615312, 1K0615312C, 8J0615312, 1K0615312C, 8J0615312, 1K0615312C, 8J0615312; Jarrulevyn Suojakilpi,Suojapelti, Jarrulevy<\/p>\n","protected":false},"excerpt":{"rendered":"<p>TOPRAN Jarrukilpi 117 966 Jarrulevyn Suojakilpi,Suojapelti, Jarrulevy VW,AUDI,SKODA,GOLF V 1K1,GOLF VI 5K1,PASSAT Variant 3C5,PASSAT 3C2<\/p>\n","protected":false},"featured_media":0,"template":"","meta":{"site-sidebar-layout":"default","site-content-layout":"default","ast-global-header-display":"","ast-main-header-display":"","ast-hfb-above-header-display":"","ast-hfb-below-header-display":"","ast-hfb-mobile-header-display":"","site-post-title":"","ast-breadcrumbs-content":"","ast-featured-img":"","footer-sml-layout":"","theme-transparent-header-meta":"","adv-header-id-meta":"","stick-header-meta":"","header-above-stick-meta":"","header-main-stick-meta":"","header-below-stick-meta":""},"pwb-brand":[18],"product_cat":[216],"product_tag":[],"class_list":{"0":"post-33261","1":"product","2":"type-product","3":"status-publish","5":"pwb-brand-topran","6":"product_cat-jarrukilpi","7":"desktop-align-left","8":"tablet-align-left","9":"mobile-align-left","11":"first","12":"instock","13":"product-type-external"},"brands":[{"id":18,"name":"TOPRAN","slug":"topran"}],"_links":{"self":[{"href":"https:\/\/www.autonvaraosahaku.fi\/index.php?rest_route=\/wp\/v2\/product\/33261","targetHints":{"allow":["GET"]}}],"collection":[{"href":"https:\/\/www.autonvaraosahaku.fi\/index.php?rest_route=\/wp\/v2\/product"}],"about":[{"href":"https:\/\/www.autonvaraosahaku.fi\/index.php?rest_route=\/wp\/v2\/types\/product"}],"wp:attachment":[{"href":"https:\/\/www.autonvaraosahaku.fi\/index.php?rest_route=%2Fwp%2Fv2%2Fmedia&parent=33261"}],"wp:term":[{"taxonomy":"pwb-brand","embeddable":true,"href":"https:\/\/www.autonvaraosahaku.fi\/index.php?rest_route=%2Fwp%2Fv2%2Fpwb-brand&post=33261"},{"taxonomy":"product_cat","embeddable":true,"href":"https:\/\/www.autonvaraosahaku.fi\/index.php?rest_route=%2Fwp%2Fv2%2Fproduct_cat&post=33261"},{"taxonomy":"product_tag","embeddable":true,"href":"https:\/\/www.autonvaraosahaku.fi\/index.php?rest_route=%2Fwp%2Fv2%2Fproduct_tag&post=33261"}],"curies":[{"name":"wp","href":"https:\/\/api.w.org\/{rel}","templated":true}]}}