{"id":33283,"date":"2021-02-21T16:16:49","date_gmt":"2021-02-21T16:16:49","guid":{"rendered":"https:\/\/www.autonvaraosahaku.fi\/?product=era-770161a-polttoainepumppu"},"modified":"2021-02-21T16:16:50","modified_gmt":"2021-02-21T16:16:50","slug":"era-770161a-polttoainepumppu","status":"publish","type":"product","link":"https:\/\/www.autonvaraosahaku.fi\/?product=era-770161a-polttoainepumppu","title":{"rendered":"ERA 770161A Polttoainepumppu"},"content":{"rendered":"<p>Paine (bar): 3; K\u00e4ytt\u00f6: S\u00e4hk\u00f6inen; Liittimi\u00e4: 2; Siirtom\u00e4\u00e4r\u00e4 (l\/h): 110; VW: TRANSPORTER III Kasten; MAZDA: MX-5 II NB,MX-5 I NA,DEMIO DW,626 IV Hatchback GE,MX-3 EC,XEDOS 6 CA,323 C IV BG,FAMILIA IV BF,626 IV GE,MX-6 GE,FAMILIA IV BG; BMW: 3 Touring E91,5 E39; JEEP: GRAND CHEROKEE I ZJ,CHEROKEE XJ,WRANGLER II TJ,WRANGLER I YJ, SJ_; LADA: NIVA 2121,111 2111,SAMARA 2108, 2109, 2115, 2113, 2114,NOVA 2105,112 2112,SAMARA Stufenheck 21099, 2115; NISSAN: PICK UP D21,MAXIMA QX A32,MAXIMA Station Wagon; KIA: SORENTO I JC,MAGENTIS GD,OPIRUS GH,SPORTAGE K00,CERATO Stufenheck LD,JOICE,SHUMA FB,PRIDE DA,SEPHIA Stufenheck FA,SEPHIA FA,SEPHIA FB; LEXUS: RX MHU3_, GSU3_, MCU3_,IS I JCE1_, GXE1_,IS SportCross,LS UCF20,SC UZZ40_,LS UCF30,ES F1, F2; HONDA: CR-V I RD,ACCORD IV CB,ACCORD V Aerodeck CE,ACCORD V Coupe CD,LEGEND II Coupe KA8,ACCORD IV Aerodeck CB,LEGEND II KA7; HYUNDAI: TRAJET FO,SONATA IV EF,COUPE RD,H-1 Kasten,H-1 \/ STAREX,ACCENT I X-3,LANTRA II Wagon J-2,LANTRA II J-2,SANTAMO,ACCENT Stufenheck X-3,SONATA III Y-3,LANTRA I J-1,S COUPE SLC,H100 Bus P; 16141183687, 16146756323, 4762964, 4798941, 5003861AB, 5003869AA, 5102118AC, 52018387, 52018390, 52018391, 52018796, MB893666, MB959729, 23100B1070, 1382124, 1467015, 1542745, F2A79A407A, F2AZ9A407A, F2VY9A407A, F75Z9A407AA, F75Z9A407BA, F75Z9A407DA, F75Z9A407EA, F75Z9A407FA, F75Z9H307AC, F75Z9H307BC, F75Z9H307CC, F75Z9H307KB, F75Z9H307KC, F75Z9H307LB, F75Z9H307MB, F75Z9H307MC, F7UZ9A307BC, F7UZ9A307CC, F7UZ9A307DB, F7UZ9A407BB, F7UZ9A407CB, F7UZ9A407DA, F7UZ9H307BC, F7UZ9H307CC, F7UZ9H307DB, F7UZ9U307CC, F7UZ9U307DB, 17040S04L00, 17040S10A00, 17040S10C01, 17040S84A01, 17040SR1A30, 17040SR2A32, 17040SR2A50, 17040SS8A00, 17040SS8A02, 17040ST7L00, 17040SV1A30, 17040SV1A31, 17040SV1L00, 17040SV1L01, 17040SV4A30, 17040SV4A31, 17040SV5A30, 17040SV5A31, 17040SV5A32, 17040SW5A30, 17040SW5A31, 17040SW5A32, 17040SX0A30, 17040SX0A32, 17040SY8A01, 0K01B13350A, 3111028100, 3111028300, 311102D000, 311102D030, 311102D400, 311103E000, 311104D600, 3111102000, 3111109000, 311110M000, 311111A100, 3111&#8230;<\/p>\n","protected":false},"excerpt":{"rendered":"<p>ERA Polttoainepumppu 770161A  VW,MAZDA,BMW,TRANSPORTER III Kasten,MX-5 II NB,MX-5 I NA,DEMIO DW,626 IV Hatchback GE,MX-3 EC,XEDOS 6 CA,323 C IV BG<\/p>\n","protected":false},"featured_media":0,"template":"","meta":{"site-sidebar-layout":"default","site-content-layout":"default","ast-global-header-display":"","ast-main-header-display":"","ast-hfb-above-header-display":"","ast-hfb-below-header-display":"","ast-hfb-mobile-header-display":"","site-post-title":"","ast-breadcrumbs-content":"","ast-featured-img":"","footer-sml-layout":"","theme-transparent-header-meta":"","adv-header-id-meta":"","stick-header-meta":"","header-above-stick-meta":"","header-main-stick-meta":"","header-below-stick-meta":""},"pwb-brand":[64],"product_cat":[73],"product_tag":[],"class_list":{"0":"post-33283","1":"product","2":"type-product","3":"status-publish","5":"pwb-brand-era","6":"product_cat-polttoainepumppu","7":"desktop-align-left","8":"tablet-align-left","9":"mobile-align-left","11":"first","12":"instock","13":"product-type-external"},"brands":[{"id":64,"name":"ERA","slug":"era"}],"_links":{"self":[{"href":"https:\/\/www.autonvaraosahaku.fi\/index.php?rest_route=\/wp\/v2\/product\/33283","targetHints":{"allow":["GET"]}}],"collection":[{"href":"https:\/\/www.autonvaraosahaku.fi\/index.php?rest_route=\/wp\/v2\/product"}],"about":[{"href":"https:\/\/www.autonvaraosahaku.fi\/index.php?rest_route=\/wp\/v2\/types\/product"}],"wp:attachment":[{"href":"https:\/\/www.autonvaraosahaku.fi\/index.php?rest_route=%2Fwp%2Fv2%2Fmedia&parent=33283"}],"wp:term":[{"taxonomy":"pwb-brand","embeddable":true,"href":"https:\/\/www.autonvaraosahaku.fi\/index.php?rest_route=%2Fwp%2Fv2%2Fpwb-brand&post=33283"},{"taxonomy":"product_cat","embeddable":true,"href":"https:\/\/www.autonvaraosahaku.fi\/index.php?rest_route=%2Fwp%2Fv2%2Fproduct_cat&post=33283"},{"taxonomy":"product_tag","embeddable":true,"href":"https:\/\/www.autonvaraosahaku.fi\/index.php?rest_route=%2Fwp%2Fv2%2Fproduct_tag&post=33283"}],"curies":[{"name":"wp","href":"https:\/\/api.w.org\/{rel}","templated":true}]}}