{"id":33407,"date":"2021-02-21T16:17:17","date_gmt":"2021-02-21T16:17:17","guid":{"rendered":"https:\/\/www.autonvaraosahaku.fi\/?product=febest-mm-02-moottorin-kumityyny"},"modified":"2021-02-21T16:17:19","modified_gmt":"2021-02-21T16:17:19","slug":"febest-mm-02-moottorin-kumityyny","status":"publish","type":"product","link":"https:\/\/www.autonvaraosahaku.fi\/?product=febest-mm-02-moottorin-kumityyny","title":{"rendered":"FEBEST MM-02 Moottorin kumityyny"},"content":{"rendered":"<p>Asennuspuoli: Asennus eteen; Paino [kg]: 0,768; Pakkauspituus [cm]: 11,8; Pakkausleveys [cm]: 11,4; Pakkauskorkeus [mm]: 8,6; Valmistuspaiv\u00e4m\u00e4\u00e4r\u00e4\u00e4n: 198603; MITSUBISHI: L 200 K7_T, K6_T,PAJERO II V3_W, V2_W, V4_W,PAJERO I L04_G, L14_G,PAJERO CLASSIC V2_W,L 300 Pritsche\/Fahrgestell L03_P,PAJERO I Canvas Top L04_G,L 200 K3_T, K2_T, K1_T, K0_T,PAJERO II Canvas Top V2_W, V4_W,L 200 Pritsche\/Fahrgestell K3_T, K0_T, K1_T, K2_T; MB007023, MB007023; Moottorin Tukikumit,Moottorin Tuki<\/p>\n","protected":false},"excerpt":{"rendered":"<p>FEBEST Moottorin Kumityyny MM-02 Moottorin Tukikumit,Moottorin Tuki MITSUBISHI,L 200 K7_T, K6_T,PAJERO II V3_W, V2_W, V4_W,PAJERO I L04_G, L14_G<\/p>\n","protected":false},"featured_media":0,"template":"","meta":{"site-sidebar-layout":"default","site-content-layout":"default","ast-global-header-display":"","ast-main-header-display":"","ast-hfb-above-header-display":"","ast-hfb-below-header-display":"","ast-hfb-mobile-header-display":"","site-post-title":"","ast-breadcrumbs-content":"","ast-featured-img":"","footer-sml-layout":"","theme-transparent-header-meta":"","adv-header-id-meta":"","stick-header-meta":"","header-above-stick-meta":"","header-main-stick-meta":"","header-below-stick-meta":""},"pwb-brand":[152],"product_cat":[74],"product_tag":[],"class_list":{"0":"post-33407","1":"product","2":"type-product","3":"status-publish","5":"pwb-brand-febest","6":"product_cat-moottorin-kumityyny","7":"desktop-align-left","8":"tablet-align-left","9":"mobile-align-left","11":"first","12":"instock","13":"product-type-external"},"brands":[{"id":152,"name":"FEBEST","slug":"febest"}],"_links":{"self":[{"href":"https:\/\/www.autonvaraosahaku.fi\/index.php?rest_route=\/wp\/v2\/product\/33407","targetHints":{"allow":["GET"]}}],"collection":[{"href":"https:\/\/www.autonvaraosahaku.fi\/index.php?rest_route=\/wp\/v2\/product"}],"about":[{"href":"https:\/\/www.autonvaraosahaku.fi\/index.php?rest_route=\/wp\/v2\/types\/product"}],"wp:attachment":[{"href":"https:\/\/www.autonvaraosahaku.fi\/index.php?rest_route=%2Fwp%2Fv2%2Fmedia&parent=33407"}],"wp:term":[{"taxonomy":"pwb-brand","embeddable":true,"href":"https:\/\/www.autonvaraosahaku.fi\/index.php?rest_route=%2Fwp%2Fv2%2Fpwb-brand&post=33407"},{"taxonomy":"product_cat","embeddable":true,"href":"https:\/\/www.autonvaraosahaku.fi\/index.php?rest_route=%2Fwp%2Fv2%2Fproduct_cat&post=33407"},{"taxonomy":"product_tag","embeddable":true,"href":"https:\/\/www.autonvaraosahaku.fi\/index.php?rest_route=%2Fwp%2Fv2%2Fproduct_tag&post=33407"}],"curies":[{"name":"wp","href":"https:\/\/api.w.org\/{rel}","templated":true}]}}