{"id":33479,"date":"2021-02-21T16:17:37","date_gmt":"2021-02-21T16:17:37","guid":{"rendered":"https:\/\/www.autonvaraosahaku.fi\/?product=febest-texb-010-pakoputken-asennussarja"},"modified":"2021-02-21T16:17:37","modified_gmt":"2021-02-21T16:17:37","slug":"febest-texb-010-pakoputken-asennussarja","status":"publish","type":"product","link":"https:\/\/www.autonvaraosahaku.fi\/?product=febest-texb-010-pakoputken-asennussarja","title":{"rendered":"FEBEST TEXB-010 Pakoputken asennussarja"},"content":{"rendered":"<p>Asennuspuoli: Asennus taakse; Paino [kg]: 0,078; Pakkauspituus [cm]: 6,6; Pakkausleveys [cm]: 5,6; Pakkauskorkeus [mm]: 2,6; Vaihteistomalli: Schaltgetriebe; NISSAN: QASHQAI \/ QASHQAI +2 J10, JJ10,X-TRAIL T31,QASHQAI J11, J11_,X-TRAIL T32,TEANA II J32,SENTRA B16,ALTIMA L33; KIA: SORENTO I JC,PICANTO BA,VENGA YN,SORENTO II XM,CARENS II FJ,RIO III UB,RIO II JB,CEE&#8217;D JD,CARENS III UN,PICANTO TA,CEE`D Sportswagon JD,SOUL AM,CERATO LD,MAGENTIS GD,MAGENTIS MG,OPIRUS GH,CERATO Stufenheck LD,RIO II Stufenheck JB,RIO III Stufenheck UB,PRIDE DA,CERATO II Stufenheck TD,BORREGO,CERATO YD Stufenheck,CERATO KOUP TD,CADENZA,CEE&#8217;D Combi Van JD,PICANTO JA; HYUNDAI: GETZ TB,i10 PA,i20 PB, PBT,SANTA F\u00c9 I SM,SANTA F\u00c9 II CM,ix20 JC,MATRIX FC,TERRACAN HP,i30 CW GD,ATOS MX,SONATA V NF,ix55,SANTA F\u00c9 III DM,i30 Coupe,SONATA IV EF,ACCENT II LC,VELOSTER FS,ACCENT III MC,ACCENT III Stufenheck MC,ACCENT I X-3,ACCENT II Stufenheck LC,GRANDEUR TG,XG XG,LANTRA II Wagon J-2,LANTRA II J-2,ACCENT Stufenheck X-3,SONATA III Y-3,PONY X-2,LANTRA I J-1,i10 IA,S COUPE SLC,H100 Bus P,ACCENT IV RB,i20 GB,H100 Kasten,PONY \/ EXCEL Stufenheck X-2,SONATA II Y-2,ACCENT IV Stufenheck RB,i30 PDE,i30 Kombi PDE,i20 ACTIVE GB,i20 Coupe,i10 Stufenheck,i30 FASTBACK PDE; TOYOTA: CELICA Coupe AT18_, ST18_,COROLLA Liftback _E9_,HIACE IV Kasten LXH1_, RZH1_, LH1_,CARINA II _T17_,HIACE III Wagon LH1_, RZH1_,CARINA II Stufenheck _T17_,COROLLA Compact _E9_,CELICA Liftback ST16_, AT16_,COROLLA Station Wagon _E9_,COROLLA _E9_,HIACE III Kasten YH7_, LH6_, LH7_, LH5_, YH5_, YH6_,CELICA Cabriolet AT18_, ST18_,CELICA Coupe ST16_, AT16_,COROLLA Liftback _E8_,CARINA II Station Wagon _T17_,COROLLA FX Compact E8B,CROWN Stufenheck _S1_,CELICA Cabriolet ST16_, AT16_,CARINA II _T15_,CARINA II Stufenheck _T15_,DYNA Pritsche\/Fahrgestell KD_, LY_, TRY2_, KDY2_, XZU4_, XZ,CROWN Stufenheck JZS13_, YS13_, LS13_, GS13_,COROLLA _E8_,DYNA 150 Pritsche\/Fahrgestell LY_,CELICA AT16_, ST16_,CAMRY Liftback _V1_,CAMRY Stufenheck _V1_,DYNA 150 Pritsche\/Fahrgestell,DYNA 100 Pritsche\/Fahrgestell YH_,DYNA Pritsche\/Fahrgestell LH8_,DYNA 100 Pritsche\/Fahrgestell LY1_, YY1_,COROLLA Coupe _E9_; RENAULT: KOLEOS HY_,KADJAR; MITSUBISHI: COLT V CJ_, CP_,PAJERO III V7_W, V6_W,GALANT VI Station Wagon EA_,GALANT VI EA_,PAJERO IV V8_W, V9_W,L 200 KB_T, KA_T,LANCER Stufenheck CS_A, CT0,PAJERO IV Van V90, V80,COLT IV CA_A,ECLIPSE I D2_A,SPACE RUNNER N1_W, N2_W,LANCER VI CJ-CP_,SIGMA F2_A, F1_A,LANCER V Station Wagon CB_W, CD_W,LANCER V CB\/D_A,L 200 Pritsche\/Fahrgestell KA_T, KB_T,SPACE WAGON N3_W, N4_W,LANCER IV C6_A, C7_A,PAJERO III Gel\u00e4ndewagen offen V6_W, V7_W,GALANT V Stufenheck E5_A, E7_A, E8_A,SIGMA Station Wagon F0_W,GALANT V E5_A, E7_A, E8_A,LANCER IV Stufenheck C6_A,FTO Coupe DE_A,ECLIPSE Cabriolet,LANCER Coupe CE,L200 KJ_; MB906128, 2876822000, 2876836000, MB577484, MB906128, 20651EN200, 20651EN20A, 20651JD00A, 20651EN200, 20651EN20A, 1756516080, 1756563030, 1756563060, 1756563071<\/p>\n","protected":false},"excerpt":{"rendered":"<p>FEBEST Pidike, Pakoputki TEXB-010  NISSAN,KIA,HYUNDAI,QASHQAI \/ QASHQAI +2 J10, JJ10,X-TRAIL T31,QASHQAI J11, J11_,X-TRAIL T32,TEANA II J32,SENTRA B16<\/p>\n","protected":false},"featured_media":0,"template":"","meta":{"site-sidebar-layout":"default","site-content-layout":"default","ast-global-header-display":"","ast-main-header-display":"","ast-hfb-above-header-display":"","ast-hfb-below-header-display":"","ast-hfb-mobile-header-display":"","site-post-title":"","ast-breadcrumbs-content":"","ast-featured-img":"","footer-sml-layout":"","theme-transparent-header-meta":"","adv-header-id-meta":"","stick-header-meta":"","header-above-stick-meta":"","header-main-stick-meta":"","header-below-stick-meta":""},"pwb-brand":[152],"product_cat":[101],"product_tag":[],"class_list":{"0":"post-33479","1":"product","2":"type-product","3":"status-publish","5":"pwb-brand-febest","6":"product_cat-pakoputken-asennussarja","7":"desktop-align-left","8":"tablet-align-left","9":"mobile-align-left","11":"first","12":"instock","13":"product-type-external"},"brands":[{"id":152,"name":"FEBEST","slug":"febest"}],"_links":{"self":[{"href":"https:\/\/www.autonvaraosahaku.fi\/index.php?rest_route=\/wp\/v2\/product\/33479","targetHints":{"allow":["GET"]}}],"collection":[{"href":"https:\/\/www.autonvaraosahaku.fi\/index.php?rest_route=\/wp\/v2\/product"}],"about":[{"href":"https:\/\/www.autonvaraosahaku.fi\/index.php?rest_route=\/wp\/v2\/types\/product"}],"wp:attachment":[{"href":"https:\/\/www.autonvaraosahaku.fi\/index.php?rest_route=%2Fwp%2Fv2%2Fmedia&parent=33479"}],"wp:term":[{"taxonomy":"pwb-brand","embeddable":true,"href":"https:\/\/www.autonvaraosahaku.fi\/index.php?rest_route=%2Fwp%2Fv2%2Fpwb-brand&post=33479"},{"taxonomy":"product_cat","embeddable":true,"href":"https:\/\/www.autonvaraosahaku.fi\/index.php?rest_route=%2Fwp%2Fv2%2Fproduct_cat&post=33479"},{"taxonomy":"product_tag","embeddable":true,"href":"https:\/\/www.autonvaraosahaku.fi\/index.php?rest_route=%2Fwp%2Fv2%2Fproduct_tag&post=33479"}],"curies":[{"name":"wp","href":"https:\/\/api.w.org\/{rel}","templated":true}]}}