{"id":34090,"date":"2021-02-21T16:20:01","date_gmt":"2021-02-21T16:20:01","guid":{"rendered":"https:\/\/www.autonvaraosahaku.fi\/?product=master-sport-u-serie-ms-3-sytytystulpat"},"modified":"2021-02-21T16:20:03","modified_gmt":"2021-02-21T16:20:03","slug":"master-sport-u-serie-ms-3-sytytystulpat","status":"publish","type":"product","link":"https:\/\/www.autonvaraosahaku.fi\/?product=master-sport-u-serie-ms-3-sytytystulpat","title":{"rendered":"MASTER-SPORT U-SERIE-MS-3 Sytytystulpat"},"content":{"rendered":"<p>K\u00e4rkiv\u00e4li (mm): 0,8; L\u00e4pimitta 1 [mm]: 2,7; Ulkokierre [mm]: 14; Avainv\u00e4li: 20,8; Kiristysmomentti: 28; Napojen m\u00e4\u00e4r\u00e4: 1; Kierteen pituus (mm): 12,7; Kierrenousu (mm): 1,25; Kipin\u00e4et\u00e4isyys [mm]: 3; Nettopaino [kg]: 0,24; Bruttopaino [kg]: 0,24; M\u00e4\u00e4r\u00e4yksikk\u00f6: Sarja; SKODA: 105,120 742,105,120 744; VOLVO: 240 Kombi P245,240 P242, P244,66,66 Kombi; OPEL: OMEGA A 16_, 17_, 19_,KADETT E CC 33_, 34_, 43_, 44_,CORSA A CC 93_, 94_, 98_, 99_,FRONTERA A 5_MWL4,KADETT C Coupe,MANTA B 58_, 59_,KADETT B,MONZA A 22_,KADETT C,OPEL,ASCONA B 81_, 86_, 87_, 88_,REKORD E 17_-19_, 11_, 14_, 16_,SENATOR B 29_,SENATOR A 29_,MANTA A 58_, 59_,OMEGA A Caravan 66_, 67_,CORSA A TR 91_, 92_, 96_, 97_,REKORD C,KADETT D 31_-34_, 41_-44_,DIPLOMAT B,ADMIRAL B,KADETT E 39_, 49_,KADETT B Coupe,REKORD D,COMMODORE A,COMMODORE A Coupe,KADETT E Caravan 35_, 36_, 45_, 46_,ASCONA A 81_, 86_, 87_, 88_,MANTA B CC 53_, 55_,KADETT C City,COMMODORE B Coupe,COMMODORE C 14_, 19_,COMMODORE B,REKORD C Coupe,REKORD E Caravan 61_, 66_, 67_,KADETT D 32_,37_,39, _42,REKORD D Coupe,KADETT C Caravan,KADETT B Caravan,REKORD C Caravan,KADETT D Caravan 35_, 36_, 45_, 46_,CORSA A Kasten,COMMODORE C Caravan 61,KADETT E Kasten 37_, 47_,REKORD D Caravan,ASCONA A Voyage 84_, 89_; DACIA: 1310 Stufenheck U, X,1300; FIAT: PANDA 141A_,500; RENAULT: 4 112_,5 122_,4 Kasten R21_, R23_,12,8 113_,6 118_,10 119_,12 Variable 117_,ESTAFETTE 213_,RODEO 6,15 130_,RODEO 4,RODEO 5; ARO: 10; WARTBURG: 353,353 Tourist; VAUXHALL: ASTRA Mk II CC,FRONTERA Mk I A,NOVA,NOVA CC,CARLTON Mk III; TRIUMPH: TR 4,TR 3; 1214121, 1214131, 1214138, 1214701, 1214800, 1214801, 1214805, 3490228, 90239569, 90297143, 59625Z, 596280, 5962F4, 5962N9, 95618380, CPC12, DV212207A, DX2127A, DX2127C, MKP00094, 0855836400, 0855836500, 7700616459, 7700647267, 7700647270, 7700664569, 7701414144, 0948200084, 0948200124, 0948200141, 0948200262, 0948200264, 0948200316, 0948200359, 9050712, 0013695600, 91143773, VSP805, 1357828, 13578281, 241946, 271412, 2714129, 273525, 273558, 2735587, 3107618; Tulpat,Sytytystulppa<\/p>\n","protected":false},"excerpt":{"rendered":"<p>MASTER-SPORT Sytytystulpat U-SERIE-MS-3 Tulpat,Sytytystulppa SKODA,VOLVO,OPEL,105,120 742,105,120 744,240 Kombi P245,240 P242, P244,66,66 Kombi<\/p>\n","protected":false},"featured_media":0,"template":"","meta":{"site-sidebar-layout":"default","site-content-layout":"default","ast-global-header-display":"","ast-main-header-display":"","ast-hfb-above-header-display":"","ast-hfb-below-header-display":"","ast-hfb-mobile-header-display":"","site-post-title":"","ast-breadcrumbs-content":"","ast-featured-img":"","footer-sml-layout":"","theme-transparent-header-meta":"","adv-header-id-meta":"","stick-header-meta":"","header-above-stick-meta":"","header-main-stick-meta":"","header-below-stick-meta":""},"pwb-brand":[61],"product_cat":[165],"product_tag":[],"class_list":{"0":"post-34090","1":"product","2":"type-product","3":"status-publish","5":"pwb-brand-master-sport","6":"product_cat-sytytystulpat","7":"desktop-align-left","8":"tablet-align-left","9":"mobile-align-left","11":"first","12":"instock","13":"product-type-external"},"brands":[{"id":61,"name":"MASTER-SPORT","slug":"master-sport"}],"_links":{"self":[{"href":"https:\/\/www.autonvaraosahaku.fi\/index.php?rest_route=\/wp\/v2\/product\/34090","targetHints":{"allow":["GET"]}}],"collection":[{"href":"https:\/\/www.autonvaraosahaku.fi\/index.php?rest_route=\/wp\/v2\/product"}],"about":[{"href":"https:\/\/www.autonvaraosahaku.fi\/index.php?rest_route=\/wp\/v2\/types\/product"}],"wp:attachment":[{"href":"https:\/\/www.autonvaraosahaku.fi\/index.php?rest_route=%2Fwp%2Fv2%2Fmedia&parent=34090"}],"wp:term":[{"taxonomy":"pwb-brand","embeddable":true,"href":"https:\/\/www.autonvaraosahaku.fi\/index.php?rest_route=%2Fwp%2Fv2%2Fpwb-brand&post=34090"},{"taxonomy":"product_cat","embeddable":true,"href":"https:\/\/www.autonvaraosahaku.fi\/index.php?rest_route=%2Fwp%2Fv2%2Fproduct_cat&post=34090"},{"taxonomy":"product_tag","embeddable":true,"href":"https:\/\/www.autonvaraosahaku.fi\/index.php?rest_route=%2Fwp%2Fv2%2Fproduct_tag&post=34090"}],"curies":[{"name":"wp","href":"https:\/\/api.w.org\/{rel}","templated":true}]}}