{"id":34792,"date":"2021-02-21T16:22:50","date_gmt":"2021-02-21T16:22:50","guid":{"rendered":"https:\/\/www.autonvaraosahaku.fi\/?product=ridex-13d0159-vetoakseli"},"modified":"2021-02-21T16:22:53","modified_gmt":"2021-02-21T16:22:53","slug":"ridex-13d0159-vetoakseli","status":"publish","type":"product","link":"https:\/\/www.autonvaraosahaku.fi\/?product=ridex-13d0159-vetoakseli","title":{"rendered":"RIDEX 13D0159 Vetoakseli"},"content":{"rendered":"<p>Pituus (mm): 918; Kierremitta: M22X1.5; Ulkohammastus, py\u00f6r\u00e4npuoli: 26; Ulkohammastus tasauspy\u00f6r\u00e4st\u00f6puoli: 34; Tiivisteen l\u00e4pimitta [mm]: 54; Pituus 2 (mm): 327.5; Korvaava tuote\/korvaava tiedote 2: laakerilla; Nivelen l\u00e4pimitta py\u00f6r\u00e4puoli [mm]: 82; Nivelen l\u00e4pimitta vaihteistopuoli [mm]: 79.5; Vaihteistomalli: Schaltgetriebe; MINI: MINI R50, R53,MINI Cabriolet R52; 31607514480, 31607574850<\/p>\n","protected":false},"excerpt":{"rendered":"<p>RIDEX Vetoakseli 13D0159  MINI,MINI R50, R53,MINI Cabriolet R52<\/p>\n","protected":false},"featured_media":0,"template":"","meta":{"site-sidebar-layout":"default","site-content-layout":"default","ast-global-header-display":"","ast-main-header-display":"","ast-hfb-above-header-display":"","ast-hfb-below-header-display":"","ast-hfb-mobile-header-display":"","site-post-title":"","ast-breadcrumbs-content":"","ast-featured-img":"","footer-sml-layout":"","theme-transparent-header-meta":"","adv-header-id-meta":"","stick-header-meta":"","header-above-stick-meta":"","header-main-stick-meta":"","header-below-stick-meta":""},"pwb-brand":[157],"product_cat":[215],"product_tag":[],"class_list":{"0":"post-34792","1":"product","2":"type-product","3":"status-publish","5":"pwb-brand-ridex","6":"product_cat-vetoakseli","7":"desktop-align-left","8":"tablet-align-left","9":"mobile-align-left","11":"first","12":"instock","13":"product-type-external"},"brands":[{"id":157,"name":"RIDEX","slug":"ridex"}],"_links":{"self":[{"href":"https:\/\/www.autonvaraosahaku.fi\/index.php?rest_route=\/wp\/v2\/product\/34792","targetHints":{"allow":["GET"]}}],"collection":[{"href":"https:\/\/www.autonvaraosahaku.fi\/index.php?rest_route=\/wp\/v2\/product"}],"about":[{"href":"https:\/\/www.autonvaraosahaku.fi\/index.php?rest_route=\/wp\/v2\/types\/product"}],"wp:attachment":[{"href":"https:\/\/www.autonvaraosahaku.fi\/index.php?rest_route=%2Fwp%2Fv2%2Fmedia&parent=34792"}],"wp:term":[{"taxonomy":"pwb-brand","embeddable":true,"href":"https:\/\/www.autonvaraosahaku.fi\/index.php?rest_route=%2Fwp%2Fv2%2Fpwb-brand&post=34792"},{"taxonomy":"product_cat","embeddable":true,"href":"https:\/\/www.autonvaraosahaku.fi\/index.php?rest_route=%2Fwp%2Fv2%2Fproduct_cat&post=34792"},{"taxonomy":"product_tag","embeddable":true,"href":"https:\/\/www.autonvaraosahaku.fi\/index.php?rest_route=%2Fwp%2Fv2%2Fproduct_tag&post=34792"}],"curies":[{"name":"wp","href":"https:\/\/api.w.org\/{rel}","templated":true}]}}