{"id":34923,"date":"2021-02-21T16:23:24","date_gmt":"2021-02-21T16:23:24","guid":{"rendered":"https:\/\/www.autonvaraosahaku.fi\/?product=oximo-wr610300-pyyhkijansulat"},"modified":"2021-02-21T16:23:25","modified_gmt":"2021-02-21T16:23:25","slug":"oximo-wr610300-pyyhkijansulat","status":"publish","type":"product","link":"https:\/\/www.autonvaraosahaku.fi\/?product=oximo-wr610300-pyyhkijansulat","title":{"rendered":"OXIMO WR610300 Pyyhkij\u00e4nsulat"},"content":{"rendered":"<p>Asennuspuoli: Takana; Pituus (mm): 300; Pyyhkij\u00e4nsulkatyyppi: Pyyhkij\u00e4nsulka,perinteinen runko; Valmistusvuosi alkaen: 03\/2010; BMW: 1 F20,1 F21,X5 F15, F85,2 Active Tourer F45; PEUGEOT: 4007 GP_,ION; CITRO\u00cbN: C-CROSSER EP_,C-CROSSER ENTERPRISE,C-ZERO; NISSAN: NOTE E11,PATHFINDER R51,MICRA IV K13,NOTE E12,PATROL GR II Wagon Y61,PATROL II Pritsche\/Fahrgestell Y61,PATROL Pick-up; HONDA: ACCORD VII Tourer CM,ACCORD VIII Kombi,CIVIC IX Tourer FK; MITSUBISHI: OUTLANDER XL II CW_W,OUTLANDER III GG_W, GF_W, ZJ,GRANDIS NA_W,PAJERO SPORT II KH_, KG_,i HA_; SUZUKI: IGNIS MF; SUBARU: XV,IMPREZA Schr\u00e4gheck GP; Tuulilasinpyyhkimet,Pyyhkij\u00e4t,Pyyhkij\u00e4nsulka<\/p>\n","protected":false},"excerpt":{"rendered":"<p>OXIMO Pyyhkij\u00e4nsulat WR610300 Tuulilasinpyyhkimet,Pyyhkij\u00e4t BMW,PEUGEOT,CITRO\u00cbN,1 F20,1 F21,X5 F15, F85,2 Active Tourer F45,4007 GP_,ION,C-CROSSER EP_<\/p>\n","protected":false},"featured_media":0,"template":"","meta":{"site-sidebar-layout":"default","site-content-layout":"default","ast-global-header-display":"","ast-main-header-display":"","ast-hfb-above-header-display":"","ast-hfb-below-header-display":"","ast-hfb-mobile-header-display":"","site-post-title":"","ast-breadcrumbs-content":"","ast-featured-img":"","footer-sml-layout":"","theme-transparent-header-meta":"","adv-header-id-meta":"","stick-header-meta":"","header-above-stick-meta":"","header-main-stick-meta":"","header-below-stick-meta":""},"pwb-brand":[382],"product_cat":[33],"product_tag":[],"class_list":{"0":"post-34923","1":"product","2":"type-product","3":"status-publish","5":"pwb-brand-oximo","6":"product_cat-pyyhkijansulat","7":"desktop-align-left","8":"tablet-align-left","9":"mobile-align-left","11":"first","12":"instock","13":"product-type-external"},"brands":[{"id":382,"name":"OXIMO","slug":"oximo"}],"_links":{"self":[{"href":"https:\/\/www.autonvaraosahaku.fi\/index.php?rest_route=\/wp\/v2\/product\/34923","targetHints":{"allow":["GET"]}}],"collection":[{"href":"https:\/\/www.autonvaraosahaku.fi\/index.php?rest_route=\/wp\/v2\/product"}],"about":[{"href":"https:\/\/www.autonvaraosahaku.fi\/index.php?rest_route=\/wp\/v2\/types\/product"}],"wp:attachment":[{"href":"https:\/\/www.autonvaraosahaku.fi\/index.php?rest_route=%2Fwp%2Fv2%2Fmedia&parent=34923"}],"wp:term":[{"taxonomy":"pwb-brand","embeddable":true,"href":"https:\/\/www.autonvaraosahaku.fi\/index.php?rest_route=%2Fwp%2Fv2%2Fpwb-brand&post=34923"},{"taxonomy":"product_cat","embeddable":true,"href":"https:\/\/www.autonvaraosahaku.fi\/index.php?rest_route=%2Fwp%2Fv2%2Fproduct_cat&post=34923"},{"taxonomy":"product_tag","embeddable":true,"href":"https:\/\/www.autonvaraosahaku.fi\/index.php?rest_route=%2Fwp%2Fv2%2Fproduct_tag&post=34923"}],"curies":[{"name":"wp","href":"https:\/\/api.w.org\/{rel}","templated":true}]}}