{"id":34938,"date":"2021-02-21T16:23:24","date_gmt":"2021-02-21T16:23:24","guid":{"rendered":"https:\/\/www.autonvaraosahaku.fi\/?product=esen-skv-37skv305-lasinnostimen-kytkin"},"modified":"2021-02-21T16:23:28","modified_gmt":"2021-02-21T16:23:28","slug":"esen-skv-37skv305-lasinnostimen-kytkin","status":"publish","type":"product","link":"https:\/\/www.autonvaraosahaku.fi\/?product=esen-skv-37skv305-lasinnostimen-kytkin","title":{"rendered":"ESEN SKV 37SKV305 Lasinnostimen kytkin"},"content":{"rendered":"<p>J\u00e4nnite (V): 12; Paino [kg]: 0,03; K\u00e4ytt\u00f6: S\u00e4hk\u00f6inen; VW: GOLF V 1K1,GOLF VI 5K1,GOLF PLUS 5M1, 521,PASSAT 3C2,GOLF VI Variant AJ5,GOLF V Variant 1K5,CADDY III Kasten 2KA, 2KH, 2CA, 2CH,EOS 1F7, 1F8,PASSAT CC 357,JETTA III 1K2,AMAROK 2H_, S1B,AMAROK Pritsche\/Fahrgestell S1B; 5K3959857; Kytkin, Lasinnostin<\/p>\n","protected":false},"excerpt":{"rendered":"<p>ESEN SKV Lasinnostimen Kytkin 37SKV305 Kytkin, Lasinnostin VW,GOLF V 1K1,GOLF VI 5K1,GOLF PLUS 5M1, 521,PASSAT 3C2,GOLF VI Variant AJ5<\/p>\n","protected":false},"featured_media":0,"template":"","meta":{"site-sidebar-layout":"default","site-content-layout":"default","ast-global-header-display":"","ast-main-header-display":"","ast-hfb-above-header-display":"","ast-hfb-below-header-display":"","ast-hfb-mobile-header-display":"","site-post-title":"","ast-breadcrumbs-content":"","ast-featured-img":"","footer-sml-layout":"","theme-transparent-header-meta":"","adv-header-id-meta":"","stick-header-meta":"","header-above-stick-meta":"","header-main-stick-meta":"","header-below-stick-meta":""},"pwb-brand":[384],"product_cat":[135],"product_tag":[],"class_list":{"0":"post-34938","1":"product","2":"type-product","3":"status-publish","5":"pwb-brand-esen-skv","6":"product_cat-lasinnostimen-kytkin","7":"desktop-align-left","8":"tablet-align-left","9":"mobile-align-left","11":"first","12":"instock","13":"product-type-external"},"brands":[{"id":384,"name":"ESEN SKV","slug":"esen-skv"}],"_links":{"self":[{"href":"https:\/\/www.autonvaraosahaku.fi\/index.php?rest_route=\/wp\/v2\/product\/34938","targetHints":{"allow":["GET"]}}],"collection":[{"href":"https:\/\/www.autonvaraosahaku.fi\/index.php?rest_route=\/wp\/v2\/product"}],"about":[{"href":"https:\/\/www.autonvaraosahaku.fi\/index.php?rest_route=\/wp\/v2\/types\/product"}],"wp:attachment":[{"href":"https:\/\/www.autonvaraosahaku.fi\/index.php?rest_route=%2Fwp%2Fv2%2Fmedia&parent=34938"}],"wp:term":[{"taxonomy":"pwb-brand","embeddable":true,"href":"https:\/\/www.autonvaraosahaku.fi\/index.php?rest_route=%2Fwp%2Fv2%2Fpwb-brand&post=34938"},{"taxonomy":"product_cat","embeddable":true,"href":"https:\/\/www.autonvaraosahaku.fi\/index.php?rest_route=%2Fwp%2Fv2%2Fproduct_cat&post=34938"},{"taxonomy":"product_tag","embeddable":true,"href":"https:\/\/www.autonvaraosahaku.fi\/index.php?rest_route=%2Fwp%2Fv2%2Fproduct_tag&post=34938"}],"curies":[{"name":"wp","href":"https:\/\/api.w.org\/{rel}","templated":true}]}}