{"id":35250,"date":"2021-02-21T16:24:42","date_gmt":"2021-02-21T16:24:42","guid":{"rendered":"https:\/\/www.autonvaraosahaku.fi\/?product=vaico-v10-3908-muut-luokat"},"modified":"2021-02-21T16:24:44","modified_gmt":"2021-02-21T16:24:44","slug":"vaico-v10-3908-muut-luokat","status":"publish","type":"product","link":"https:\/\/www.autonvaraosahaku.fi\/?product=vaico-v10-3908-muut-luokat","title":{"rendered":"VAICO V10-3908 Muut luokat"},"content":{"rendered":"<p>Akselimittaus asennuksen j\u00e4lkeen: ; parilliset tuotenumerot: V10-3907; Korvaava tuote\/korvaava tiedote 2: Kumilaakerilla, Alapallo-\/pallonivelell\u00e4, varmistusruuvisarjalla; Ohjausmalli: Poikittaistukivarrelle; Lis\u00e4tarvike\/lis\u00e4tieto: Tarvikkeilla; Asennuspuoli: Etuakseli, oikea; M\u00e4\u00e4r\u00e4yksikk\u00f6: Sarja; Paino [kg]: 0,841; Pakkausleveys [cm]: 9,5; Pakkauskorkeus [mm]: 7; Pakkaussyvyys [cm]: 13; lis\u00e4tieto: CST98; VW: GOLF IV 1J1,GOLF IV Variant 1J5,BORA 1J2,NEW BEETLE 9C1, 1C1,BORA Kombi 1J6,NEW BEETLE Cabriolet 1Y7; AUDI: A3 8L1; SKODA: OCTAVIA Combi 1U5,OCTAVIA 1U2; SEAT: LEON 1M1,TOLEDO II 1M2; 180407182, 191407182, 1J0407181, 1J0407181A, 1J0407182, 1J0407366A, 1J0407366AS, 1J0407366B, 1J0407366C, 1J0407366CS, 1J0407366D, 1J0407366H, 1J0407366J, 357407182, 357407182F, 180407182, 191407182, 1J0407151A, 1J0407151B, 1J0407151C, 1J0407181, 1J0407181A, 1J0407182, 1J0407366A, 1J0407366AS, 1J0407366B, 1J0407366C, 1J0407366CS, 1J0407366D, 1J0407366H, 1J0407366J, 357407182, 357407182F, 180407181, 180407182, 191407182, 1J0407151A, 1J0407151B, 1J0407151C, 1J0407181, 1J0407181A, 1J0407182, 1J0407366A, 1J0407366AS, 1J0407366B, 1J0407366C, 1J0407366CS, 1J0407366D, 1J0407366H, 1J0407366J, 357407182, 357407182F, 180407181, 180407182, 191407182, 1J0407181, 1J0407181A, 1J0407182, 1J0407366A, 1J0407366AS, 1J0407366B, 1J0407366C, 1J0407366CS, 1J0407366D, 1J0407366H, 1J0407366J, 357407182, 357407182F; Korjaussarja, Poikittaistukivarsi<\/p>\n","protected":false},"excerpt":{"rendered":"<p>VAICO Alatukivarren Korjaussarja V10-3908 Korjaussarja, Poikittaistukivarsi VW,AUDI,SKODA,GOLF IV 1J1,GOLF IV Variant 1J5,BORA 1J2,NEW BEETLE 9C1, 1C1<\/p>\n","protected":false},"featured_media":0,"template":"","meta":{"site-sidebar-layout":"default","site-content-layout":"default","ast-global-header-display":"","ast-main-header-display":"","ast-hfb-above-header-display":"","ast-hfb-below-header-display":"","ast-hfb-mobile-header-display":"","site-post-title":"","ast-breadcrumbs-content":"","ast-featured-img":"","footer-sml-layout":"","theme-transparent-header-meta":"","adv-header-id-meta":"","stick-header-meta":"","header-above-stick-meta":"","header-main-stick-meta":"","header-below-stick-meta":""},"pwb-brand":[330],"product_cat":[37],"product_tag":[],"class_list":{"0":"post-35250","1":"product","2":"type-product","3":"status-publish","5":"pwb-brand-vaico","6":"product_cat-muut-luokat","7":"desktop-align-left","8":"tablet-align-left","9":"mobile-align-left","11":"first","12":"instock","13":"product-type-external"},"brands":[{"id":330,"name":"VAICO","slug":"vaico"}],"_links":{"self":[{"href":"https:\/\/www.autonvaraosahaku.fi\/index.php?rest_route=\/wp\/v2\/product\/35250","targetHints":{"allow":["GET"]}}],"collection":[{"href":"https:\/\/www.autonvaraosahaku.fi\/index.php?rest_route=\/wp\/v2\/product"}],"about":[{"href":"https:\/\/www.autonvaraosahaku.fi\/index.php?rest_route=\/wp\/v2\/types\/product"}],"wp:attachment":[{"href":"https:\/\/www.autonvaraosahaku.fi\/index.php?rest_route=%2Fwp%2Fv2%2Fmedia&parent=35250"}],"wp:term":[{"taxonomy":"pwb-brand","embeddable":true,"href":"https:\/\/www.autonvaraosahaku.fi\/index.php?rest_route=%2Fwp%2Fv2%2Fpwb-brand&post=35250"},{"taxonomy":"product_cat","embeddable":true,"href":"https:\/\/www.autonvaraosahaku.fi\/index.php?rest_route=%2Fwp%2Fv2%2Fproduct_cat&post=35250"},{"taxonomy":"product_tag","embeddable":true,"href":"https:\/\/www.autonvaraosahaku.fi\/index.php?rest_route=%2Fwp%2Fv2%2Fproduct_tag&post=35250"}],"curies":[{"name":"wp","href":"https:\/\/api.w.org\/{rel}","templated":true}]}}