{"id":35284,"date":"2021-02-21T16:24:52","date_gmt":"2021-02-21T16:24:52","guid":{"rendered":"https:\/\/www.autonvaraosahaku.fi\/?product=vaico-v20-2088-xxl-muut-luokat"},"modified":"2021-02-21T16:24:53","modified_gmt":"2021-02-21T16:24:53","slug":"vaico-v20-2088-xxl-muut-luokat","status":"publish","type":"product","link":"https:\/\/www.autonvaraosahaku.fi\/?product=vaico-v20-2088-xxl-muut-luokat","title":{"rendered":"VAICO V20-2088-XXL Muut luokat"},"content":{"rendered":"<p>Suositeltu vaihtov\u00e4li [km]: 80000; Suositeltu vaihtov\u00e4li [vuotta]: 5; Tilavuus (litra): 11; Vaihteistomalli: 6HP26, 6HP28, 6HP28 X, 6HP32, 6HP26 X, 6HP26Z, ZF 6HP26 X, 6HP28 X; Lis\u00e4ksi tarvittavat tuotteet ks. tarvikeluettelo: ; Lis\u00e4tarvike\/lis\u00e4tieto: Tiivisteill\u00e4; Korvaava tuote\/korvaava tiedote 2: Tiivisterenkaalla, \u00f6ljym\u00e4\u00e4r\u00e4 \u00f6ljyhuuhtelulle; M\u00e4\u00e4r\u00e4yksikk\u00f6: Sarja; Vaihteistomalli: Automaattivaihteisto, 6-vaiht.; Paino [kg]: 12,91; Pakkausleveys [cm]: 50; Pakkauskorkeus [mm]: 25; Pakkaussyvyys [cm]: 60; lis\u00e4tieto: CST98; BMW: 3 Touring E91,3 E90,5 E60,5 Touring E61,X3 E83,X5 E70,3 Coupe E92,3 Cabriolet E93,7 E65, E66, E67,7 F01, F02, F03, F04,X6 E71, E72,6 E63,6 Cabriolet E64; LAND ROVER: RANGE ROVER SPORT LS,RANGE ROVER III LM,DISCOVERY III TAA,DISCOVERY IV LA,RANGE ROVER IV LG; JAGUAR: S-TYPE CCX,XF _J05_, CC9,XJ X350, X358,XF SPORTBRAKE CC9,XK 8 Convertible QDV,XK 8 Coupe QEV,XK Coupe QQ6_, _J43_,XK Cabriolet _J43_,XJ X35_, _J12_, _J24_; WIESMANN: MF4 Roadster,GT MF4 Coupe; ASTON MARTIN: DB9 Vantage,DB9 Volante,RAPIDE; ALPINA: B5 Kombi F11,B5 F10; BENTLEY: ARNAGE RBS_; ROLLS-ROYCE: PHANTOM VII RR1,PHANTOM VII Coupe RR3,PHANTOM VII Drophead Coupe RR2; 0403404, 2333903, 24110403404, 24117519359, 24117519359kit3, 24117522923, 24117522923kit3, 24117571227, 24117571227kit3, 24152333903, 24152333903kit3, 7519359, 7522923, 7571227, C2C38963, C2C6715, TED500010, LR007474<\/p>\n","protected":false},"excerpt":{"rendered":"<p>VAICO Tarvikesarja, \u00d6ljynvaihto-Automaattivaihteisto V20-2088-XXL  BMW,LAND ROVER,JAGUAR,3 Touring E91,3 E90,5 E60,5 Touring E61,X3 E83,X5 E70<\/p>\n","protected":false},"featured_media":0,"template":"","meta":{"site-sidebar-layout":"default","site-content-layout":"default","ast-global-header-display":"","ast-main-header-display":"","ast-hfb-above-header-display":"","ast-hfb-below-header-display":"","ast-hfb-mobile-header-display":"","site-post-title":"","ast-breadcrumbs-content":"","ast-featured-img":"","footer-sml-layout":"","theme-transparent-header-meta":"","adv-header-id-meta":"","stick-header-meta":"","header-above-stick-meta":"","header-main-stick-meta":"","header-below-stick-meta":""},"pwb-brand":[330],"product_cat":[37],"product_tag":[],"class_list":{"0":"post-35284","1":"product","2":"type-product","3":"status-publish","5":"pwb-brand-vaico","6":"product_cat-muut-luokat","7":"desktop-align-left","8":"tablet-align-left","9":"mobile-align-left","11":"first","12":"instock","13":"product-type-external"},"brands":[{"id":330,"name":"VAICO","slug":"vaico"}],"_links":{"self":[{"href":"https:\/\/www.autonvaraosahaku.fi\/index.php?rest_route=\/wp\/v2\/product\/35284","targetHints":{"allow":["GET"]}}],"collection":[{"href":"https:\/\/www.autonvaraosahaku.fi\/index.php?rest_route=\/wp\/v2\/product"}],"about":[{"href":"https:\/\/www.autonvaraosahaku.fi\/index.php?rest_route=\/wp\/v2\/types\/product"}],"wp:attachment":[{"href":"https:\/\/www.autonvaraosahaku.fi\/index.php?rest_route=%2Fwp%2Fv2%2Fmedia&parent=35284"}],"wp:term":[{"taxonomy":"pwb-brand","embeddable":true,"href":"https:\/\/www.autonvaraosahaku.fi\/index.php?rest_route=%2Fwp%2Fv2%2Fpwb-brand&post=35284"},{"taxonomy":"product_cat","embeddable":true,"href":"https:\/\/www.autonvaraosahaku.fi\/index.php?rest_route=%2Fwp%2Fv2%2Fproduct_cat&post=35284"},{"taxonomy":"product_tag","embeddable":true,"href":"https:\/\/www.autonvaraosahaku.fi\/index.php?rest_route=%2Fwp%2Fv2%2Fproduct_tag&post=35284"}],"curies":[{"name":"wp","href":"https:\/\/api.w.org\/{rel}","templated":true}]}}