{"id":35652,"date":"2021-02-21T16:26:19","date_gmt":"2021-02-21T16:26:19","guid":{"rendered":"https:\/\/www.autonvaraosahaku.fi\/?product=alanko-10901100-turboahdin"},"modified":"2021-02-21T16:26:22","modified_gmt":"2021-02-21T16:26:22","slug":"alanko-10901100-turboahdin","status":"publish","type":"product","link":"https:\/\/www.autonvaraosahaku.fi\/?product=alanko-10901100-turboahdin","title":{"rendered":"ALANKO 10901100 Turboahdin"},"content":{"rendered":"<p>Ahtotapa: Pakokaasuahdin; Huomioi tekniset tiedot: ; Lis\u00e4tarvike\/lis\u00e4tieto: sis. tiivistesarjan; M\u00e4\u00e4r\u00e4yksikk\u00f6: Kappale; Uusi osa: ; FORD: FIESTA VI,C-MAX II,GRAND C-MAX,B-MAX JK,FIESTA VI Van; CITRO\u00cbN: BERLINGO B9,DS3,C3 Picasso,C3 II,C4 II B7,BERLINGO Kasten B9,JUMPY Kasten,DS3 Cabriolet,C-ELYSEE; PEUGEOT: 207 WA_, WC_,207 CC WD_,207 SW WK_,308 SW,208,308 4A_, 4C_,PARTNER Tepee,2008,EXPERT Tepee VF3V_,EXPERT Kasten VF3A_, VF3U_, VF3X_; 0375Q9, 0375R0, 9673283680, 1696537, AV6Q6K682BB<\/p>\n","protected":false},"excerpt":{"rendered":"<p>ALANKO Turboahdin 10901100  FORD,CITRO\u00cbN,PEUGEOT,FIESTA VI,C-MAX II,GRAND C-MAX,B-MAX JK,FIESTA VI Van,BERLINGO B9,DS3,C3 Picasso,C3 II,C4 II B7<\/p>\n","protected":false},"featured_media":0,"template":"","meta":{"site-sidebar-layout":"default","site-content-layout":"default","ast-global-header-display":"","ast-main-header-display":"","ast-hfb-above-header-display":"","ast-hfb-below-header-display":"","ast-hfb-mobile-header-display":"","site-post-title":"","ast-breadcrumbs-content":"","ast-featured-img":"","footer-sml-layout":"","theme-transparent-header-meta":"","adv-header-id-meta":"","stick-header-meta":"","header-above-stick-meta":"","header-main-stick-meta":"","header-below-stick-meta":""},"pwb-brand":[324],"product_cat":[250],"product_tag":[],"class_list":{"0":"post-35652","1":"product","2":"type-product","3":"status-publish","5":"pwb-brand-alanko","6":"product_cat-turboahdin","7":"desktop-align-left","8":"tablet-align-left","9":"mobile-align-left","11":"first","12":"instock","13":"product-type-external"},"brands":[{"id":324,"name":"ALANKO","slug":"alanko"}],"_links":{"self":[{"href":"https:\/\/www.autonvaraosahaku.fi\/index.php?rest_route=\/wp\/v2\/product\/35652","targetHints":{"allow":["GET"]}}],"collection":[{"href":"https:\/\/www.autonvaraosahaku.fi\/index.php?rest_route=\/wp\/v2\/product"}],"about":[{"href":"https:\/\/www.autonvaraosahaku.fi\/index.php?rest_route=\/wp\/v2\/types\/product"}],"wp:attachment":[{"href":"https:\/\/www.autonvaraosahaku.fi\/index.php?rest_route=%2Fwp%2Fv2%2Fmedia&parent=35652"}],"wp:term":[{"taxonomy":"pwb-brand","embeddable":true,"href":"https:\/\/www.autonvaraosahaku.fi\/index.php?rest_route=%2Fwp%2Fv2%2Fpwb-brand&post=35652"},{"taxonomy":"product_cat","embeddable":true,"href":"https:\/\/www.autonvaraosahaku.fi\/index.php?rest_route=%2Fwp%2Fv2%2Fproduct_cat&post=35652"},{"taxonomy":"product_tag","embeddable":true,"href":"https:\/\/www.autonvaraosahaku.fi\/index.php?rest_route=%2Fwp%2Fv2%2Fproduct_tag&post=35652"}],"curies":[{"name":"wp","href":"https:\/\/api.w.org\/{rel}","templated":true}]}}