{"id":35742,"date":"2021-02-21T16:26:44","date_gmt":"2021-02-21T16:26:44","guid":{"rendered":"https:\/\/www.autonvaraosahaku.fi\/?product=denso-dg-653-hehkutulppa"},"modified":"2021-02-21T16:26:44","modified_gmt":"2021-02-21T16:26:44","slug":"denso-dg-653-hehkutulppa","status":"publish","type":"product","link":"https:\/\/www.autonvaraosahaku.fi\/?product=denso-dg-653-hehkutulppa","title":{"rendered":"DENSO DG-653 Hehkutulppa"},"content":{"rendered":"<p>J\u00e4nnite (V): 4,4; Kartionousu: 93; Kierremitta: M8x1.0; Vastus [Ohm]: 0,4; Kokonaispituus (mm): 144; Avainv\u00e4li: 8; Paino [g]: 26; OE-numerolle: 48 02 239; CHEVROLET: CAPTIVA C100, C140,ORLANDO J309,CRUZE J300,CRUZE Schr\u00e4gheck J305; OPEL: ANTARA; VAUXHALL: ANTARA J26, H26; 4802239<\/p>\n","protected":false},"excerpt":{"rendered":"<p>DENSO Hehkutulppa DG-653  CHEVROLET,OPEL,VAUXHALL,CAPTIVA C100, C140,ORLANDO J309,CRUZE J300,CRUZE Schr\u00e4gheck J305,ANTARA,ANTARA J26, H26<\/p>\n","protected":false},"featured_media":0,"template":"","meta":{"site-sidebar-layout":"default","site-content-layout":"default","ast-global-header-display":"","ast-main-header-display":"","ast-hfb-above-header-display":"","ast-hfb-below-header-display":"","ast-hfb-mobile-header-display":"","site-post-title":"","ast-breadcrumbs-content":"","ast-featured-img":"","footer-sml-layout":"","theme-transparent-header-meta":"","adv-header-id-meta":"","stick-header-meta":"","header-above-stick-meta":"","header-main-stick-meta":"","header-below-stick-meta":""},"pwb-brand":[278],"product_cat":[52],"product_tag":[],"class_list":{"0":"post-35742","1":"product","2":"type-product","3":"status-publish","5":"pwb-brand-denso","6":"product_cat-hehkutulppa","7":"desktop-align-left","8":"tablet-align-left","9":"mobile-align-left","11":"first","12":"instock","13":"product-type-external"},"brands":[{"id":278,"name":"DENSO","slug":"denso"}],"_links":{"self":[{"href":"https:\/\/www.autonvaraosahaku.fi\/index.php?rest_route=\/wp\/v2\/product\/35742","targetHints":{"allow":["GET"]}}],"collection":[{"href":"https:\/\/www.autonvaraosahaku.fi\/index.php?rest_route=\/wp\/v2\/product"}],"about":[{"href":"https:\/\/www.autonvaraosahaku.fi\/index.php?rest_route=\/wp\/v2\/types\/product"}],"wp:attachment":[{"href":"https:\/\/www.autonvaraosahaku.fi\/index.php?rest_route=%2Fwp%2Fv2%2Fmedia&parent=35742"}],"wp:term":[{"taxonomy":"pwb-brand","embeddable":true,"href":"https:\/\/www.autonvaraosahaku.fi\/index.php?rest_route=%2Fwp%2Fv2%2Fpwb-brand&post=35742"},{"taxonomy":"product_cat","embeddable":true,"href":"https:\/\/www.autonvaraosahaku.fi\/index.php?rest_route=%2Fwp%2Fv2%2Fproduct_cat&post=35742"},{"taxonomy":"product_tag","embeddable":true,"href":"https:\/\/www.autonvaraosahaku.fi\/index.php?rest_route=%2Fwp%2Fv2%2Fproduct_tag&post=35742"}],"curies":[{"name":"wp","href":"https:\/\/api.w.org\/{rel}","templated":true}]}}