{"id":36616,"date":"2021-02-21T16:30:17","date_gmt":"2021-02-21T16:30:17","guid":{"rendered":"https:\/\/www.autonvaraosahaku.fi\/?product=fram-g3829-polttoainesuodatin"},"modified":"2021-02-21T16:30:21","modified_gmt":"2021-02-21T16:30:21","slug":"fram-g3829-polttoainesuodatin","status":"publish","type":"product","link":"https:\/\/www.autonvaraosahaku.fi\/?product=fram-g3829-polttoainesuodatin","title":{"rendered":"FRAM G3829 Polttoainesuodatin"},"content":{"rendered":"<p>Ulkol\u00e4pimitta [mm]: 81; Sis\u00e4l\u00e4pimitta [mm]: 8; Korkeus (mm): 158; Valmistusvuosi alkaen: 09\/1979; VW: PASSAT Variant 3B6,TRANSPORTER IV Bus 70XB, 70XC, 7DB, 7DW,GOLF III 1H1,SHARAN 7M8, 7M9, 7M6,GOLF II 19E, 1G1,PASSAT Variant 3B5,PASSAT Variant 3A5, 35I,PASSAT 3B2,GOLF I Cabriolet 155,GOLF III Cabriolet 1E7,TRANSPORTER IV Kasten 70XA,PASSAT 3B3,GOLF Mk III Cabriolet 1E7,GOLF III Variant 1H5,TRANSPORTER III Bus,POLO 86C, 80,POLO Coupe 86C, 80,PASSAT 3A2, 35I,CORRADO 53I,TRANSPORTER IV Pritsche\/Fahrgestell 70XD,VENTO 1H2,LT 28-35 I Kasten 281-363,LT 28-46 II Kasten 2DA, 2DD, 2DH,JETTA II 19E, 1G2, 165,POLO Kasten 6NF,TRANSPORTER III Kasten,LT 28-35 II Bus 2DB, 2DE, 2DK,POLO CLASSIC 86C, 80,LT 28-46 II Pritsche\/Fahrgestell 2DC, 2DF, 2DG, 2DL, 2DM,LT 28-35 I Pritsche\/Fahrgestell 281-363,TRANSPORTER III Pritsche\/Fahrgestell,LT 40-55 I Pritsche\/Fahrgestell 293-909,POLO Kasten 86CF,LT 40-55 I Kasten 291-512,GOLF II Van 19E, 1G1,GOLF III Van 1H1; AUDI: A4 8D2, B5,A6 Avant 4B5, C5,A4 Avant 8D5, B5,A6 4B2, C5; SKODA: SUPERB 3U4; BMW: 3 E36,3 E30,3 Coupe E36,5 E34,3 Cabriolet E30,3 Cabriolet E36,7 E32,5 Touring E34,5 E28,6 E24,3 E21,3 Touring E30,7 E23,5 E12,Z1; SEAT: ALHAMBRA 7V8, 7V9,TOLEDO I 1L,MARBELLA 28,IBIZA I 021A,MALAGA 023A; DAEWOO: REXTON GAB_; NISSAN: PRIMERA Kombi WP12,PRIMERA P12,PRIMERA Hatchback P11,PRIMERA Hatchback P12,SERENA C23M,PRIMERA P10,PRIMERA Hatchback P10,PRIMERA Traveller W10,VANETTE CARGO Kasten HC 23,VANETTE CARGO Bus HC 23; LAND ROVER: RANGE ROVER II LP,DISCOVERY I LJ, LG,RANGE ROVER I AE, AN, HAA, HAB, HAM, HBM, RE, RN; SSANGYONG: MUSSO FJ; VOLVO: 940 II 944; 01FBC050, FS17, FS9214E, GF538, GF76, 0060523432, 119110000000, 119113206100, 119113206104, 4442559, 60523432, 60800097, 12682313, 12695483, 13321000000, 13321268231, 13321269548, 13321270038, 13329000000, 13329063165, J0472386, T0680167, 156778, 91535807, 0060523432, 119113206100, 119113206104, 4435104, 4442559, 450905139, 60523432, 60800097, 7711059, 7758886, 9153580780, 1485678, 5018035, 7212351, 95VW9155BA, 95VW9155CA, 0024772701, 0024772801, 24772601, 24772701, 24772801, A0024772701, A0024772801, 1640070J00, 156713, 156778, 190110, 91535807, E145069, 0225241225, 4055020005, 7700680162, 7700680167, 7700741993, 7700742386, 7700838890, 7702220790, 770680167, 7711130026, 8671002341, 8671014166, 8671017076, 73176, 73201, AEC3112, AFU4213, EAC3112, GFE7001, NTC1885, NTC5958, TKC6055<\/p>\n","protected":false},"excerpt":{"rendered":"<p>FRAM Polttoainesuodatin G3829  VW,AUDI,SKODA,PASSAT Variant 3B6,TRANSPORTER IV Bus 70XB, 70XC, 7DB, 7DW,GOLF III 1H1,SHARAN 7M8, 7M9, 7M6<\/p>\n","protected":false},"featured_media":0,"template":"","meta":{"site-sidebar-layout":"default","site-content-layout":"default","ast-global-header-display":"","ast-main-header-display":"","ast-hfb-above-header-display":"","ast-hfb-below-header-display":"","ast-hfb-mobile-header-display":"","site-post-title":"","ast-breadcrumbs-content":"","ast-featured-img":"","footer-sml-layout":"","theme-transparent-header-meta":"","adv-header-id-meta":"","stick-header-meta":"","header-above-stick-meta":"","header-main-stick-meta":"","header-below-stick-meta":""},"pwb-brand":[412],"product_cat":[29],"product_tag":[],"class_list":{"0":"post-36616","1":"product","2":"type-product","3":"status-publish","5":"pwb-brand-fram","6":"product_cat-polttoainesuodatin","7":"desktop-align-left","8":"tablet-align-left","9":"mobile-align-left","11":"first","12":"instock","13":"product-type-external"},"brands":[{"id":412,"name":"FRAM","slug":"fram"}],"_links":{"self":[{"href":"https:\/\/www.autonvaraosahaku.fi\/index.php?rest_route=\/wp\/v2\/product\/36616","targetHints":{"allow":["GET"]}}],"collection":[{"href":"https:\/\/www.autonvaraosahaku.fi\/index.php?rest_route=\/wp\/v2\/product"}],"about":[{"href":"https:\/\/www.autonvaraosahaku.fi\/index.php?rest_route=\/wp\/v2\/types\/product"}],"wp:attachment":[{"href":"https:\/\/www.autonvaraosahaku.fi\/index.php?rest_route=%2Fwp%2Fv2%2Fmedia&parent=36616"}],"wp:term":[{"taxonomy":"pwb-brand","embeddable":true,"href":"https:\/\/www.autonvaraosahaku.fi\/index.php?rest_route=%2Fwp%2Fv2%2Fpwb-brand&post=36616"},{"taxonomy":"product_cat","embeddable":true,"href":"https:\/\/www.autonvaraosahaku.fi\/index.php?rest_route=%2Fwp%2Fv2%2Fproduct_cat&post=36616"},{"taxonomy":"product_tag","embeddable":true,"href":"https:\/\/www.autonvaraosahaku.fi\/index.php?rest_route=%2Fwp%2Fv2%2Fproduct_tag&post=36616"}],"curies":[{"name":"wp","href":"https:\/\/api.w.org\/{rel}","templated":true}]}}