{"id":36669,"date":"2021-02-21T16:30:32","date_gmt":"2021-02-21T16:30:32","guid":{"rendered":"https:\/\/www.autonvaraosahaku.fi\/?product=messmer-210538a-laturi"},"modified":"2021-02-21T16:30:34","modified_gmt":"2021-02-21T16:30:34","slug":"messmer-210538a-laturi","status":"publish","type":"product","link":"https:\/\/www.autonvaraosahaku.fi\/?product=messmer-210538a-laturi","title":{"rendered":"MESSMER 210538A Laturi"},"content":{"rendered":"<p>J\u00e4nnite (V): 14; Laturi varausvirta (A): 150; Pistokemallin tunnus: B+LDFM; Hihnapy\u00f6r\u00e4-\u00d8[mm]: 54,5; Hihnapy\u00f6r\u00e4t: Moniurahihnapy\u00f6r\u00e4ll\u00e4; Py\u00f6rimissuunta: Py\u00f6rimissuunta my\u00f6t\u00e4p\u00e4iv\u00e4\u00e4n; Kiinnitysreikien lukum\u00e4\u00e4r\u00e4: 2; Rihloja (kpl): 6; Et\u00e4isyys hihnapy\u00f6r\u00e4sta laturiin [mm]: 51,5; RENAULT: CLIO III BR0\/1, CR0\/1,MEGANE III Grandtour KZ0\/1,MODUS \/ GRAND MODUS F\/JP0_,MEGANE II Kombi KM0\/1_,LAGUNA III Grandtour KT0\/1,MEGANE III Schr\u00e4gheck BZ0_,MEGANE III Coupe DZ0\/1_,CLIO Grandtour KR0\/1_,LAGUNA III BT0\/1,MEGANE II Stufenheck LM0\/1_; FIAT: ULYSSE 179AX; PEUGEOT: 206 Schr\u00e4gheck 2A\/C,206 CC 2D,307 SW 3H,307 CC 3B,407 SW 6E_,307 3A\/C,107,206 SW 2E\/K,807 E,307 Break 3E,607 9D, 9U,407 6D_,PARTNER Tepee,1007 KM_,PARTNER Combispace 5F,PARTNER Kasten 5,J5 Pritsche\/Fahrgestell 280L,J5 Pritsche\/Fahrgestell 290L,407 Coupe 6C_,206 Stufenheck,J5 Bus 290P,J5 Kasten 290L,J5 Bus 280P,206 Van; TOYOTA: AYGO WNB1_, KGB1_; CITRO\u00cbN: C1 PM_, PN_,BERLINGO MF,XSARA PICASSO N68,C2 JM_,C3 I FC_,BERLINGO B9,C8 EA_, EB_,C4 I LC_,BERLINGO Kasten M_,C5 II Break RE_,C5 I DC_,C5 I Break DE_,XSARA N1,C4 Coupe LA_,C3 Pluriel HB_,C5 II RC_,XSARA Break N2,XSARA Coupe N0,JUMPER Bus 230P,C2 ENTERPRISE,XSARA Kasten,XSARA Kasten\/Schr\u00e4gheck; SUZUKI: LIANA Schr\u00e4gheck,LIANA ER; LANCIA: PHEDRA 179; 5702C5, 5702C6, 5702H4, 5702K6, 5705AC, 5705AL, 5705EW, 5705NE, 6122SP, 934214, 9640623580, 9644529680, 96460654, 96460668, 9646068880, 9646476280, 9646477580, 9650582080, 9646066880, 27060YV020, 5702C5, 5702C6, 5702H4, 5702K6, 5705AC, 5705AL, 5705EW, 5705NE, 6122SP, 934214, 9640623580, 9644529680, 96460654, 96460668, 9646068880, 9646476280, 9646477580, 9650582080, 3140073J00, 27060YV020; Generaattori<\/p>\n","protected":false},"excerpt":{"rendered":"<p>MESSMER Laturi By ERA 210538A Generaattori RENAULT,FIAT,PEUGEOT,CLIO III BR0\/1, CR0\/1,MEGANE III Grandtour KZ0\/1,MODUS \/ GRAND MODUS F\/JP0_<\/p>\n","protected":false},"featured_media":0,"template":"","meta":{"site-sidebar-layout":"default","site-content-layout":"default","ast-global-header-display":"","ast-main-header-display":"","ast-hfb-above-header-display":"","ast-hfb-below-header-display":"","ast-hfb-mobile-header-display":"","site-post-title":"","ast-breadcrumbs-content":"","ast-featured-img":"","footer-sml-layout":"","theme-transparent-header-meta":"","adv-header-id-meta":"","stick-header-meta":"","header-above-stick-meta":"","header-main-stick-meta":"","header-below-stick-meta":""},"pwb-brand":[424],"product_cat":[357],"product_tag":[],"class_list":{"0":"post-36669","1":"product","2":"type-product","3":"status-publish","5":"pwb-brand-messmer","6":"product_cat-laturi","7":"desktop-align-left","8":"tablet-align-left","9":"mobile-align-left","11":"first","12":"instock","13":"product-type-external"},"brands":[{"id":424,"name":"MESSMER","slug":"messmer"}],"_links":{"self":[{"href":"https:\/\/www.autonvaraosahaku.fi\/index.php?rest_route=\/wp\/v2\/product\/36669","targetHints":{"allow":["GET"]}}],"collection":[{"href":"https:\/\/www.autonvaraosahaku.fi\/index.php?rest_route=\/wp\/v2\/product"}],"about":[{"href":"https:\/\/www.autonvaraosahaku.fi\/index.php?rest_route=\/wp\/v2\/types\/product"}],"wp:attachment":[{"href":"https:\/\/www.autonvaraosahaku.fi\/index.php?rest_route=%2Fwp%2Fv2%2Fmedia&parent=36669"}],"wp:term":[{"taxonomy":"pwb-brand","embeddable":true,"href":"https:\/\/www.autonvaraosahaku.fi\/index.php?rest_route=%2Fwp%2Fv2%2Fpwb-brand&post=36669"},{"taxonomy":"product_cat","embeddable":true,"href":"https:\/\/www.autonvaraosahaku.fi\/index.php?rest_route=%2Fwp%2Fv2%2Fproduct_cat&post=36669"},{"taxonomy":"product_tag","embeddable":true,"href":"https:\/\/www.autonvaraosahaku.fi\/index.php?rest_route=%2Fwp%2Fv2%2Fproduct_tag&post=36669"}],"curies":[{"name":"wp","href":"https:\/\/api.w.org\/{rel}","templated":true}]}}