{"id":37104,"date":"2021-02-21T16:32:22","date_gmt":"2021-02-21T16:32:22","guid":{"rendered":"https:\/\/www.autonvaraosahaku.fi\/?product=mecarm-mk10234d-kytkinpaketti"},"modified":"2021-02-21T16:32:23","modified_gmt":"2021-02-21T16:32:23","slug":"mecarm-mk10234d-kytkinpaketti","status":"publish","type":"product","link":"https:\/\/www.autonvaraosahaku.fi\/?product=mecarm-mk10234d-kytkinpaketti","title":{"rendered":"MECARM MK10234D Kytkinpaketti"},"content":{"rendered":"<p>L\u00e4pimitta [mm]: 230; Hammasluku: 18; Kytkin: ajoneuvoille hydraulisella kytkimen k\u00e4ytt\u00f6mekanismilla; CITRO\u00cbN: BERLINGO B9,C4 Picasso I UD_,C4 Grand Picasso I UA_,C4 I LC_,DS3,C3 Picasso,C3 II,C4 Coupe LA_,BERLINGO Kasten B9,C4 Grand Picasso II,C4 Picasso II,C4 Stufenheck L,DS3 Cabriolet,C4 CACTUS; PEUGEOT: 308 SW,208,308 4A_, 4C_,5008,3008,PARTNER Tepee,2008,PARTNER Kasten 5,PARTNER Kasten; 2051N4, 2051Y8, 2052H6, 2052P1, 2052P5, 2052X5, 205314, 2052L1, 2052X5, 205314; Kytkinsarja<\/p>\n","protected":false},"excerpt":{"rendered":"<p>MECARM Kytkinpaketti MK10234D Kytkinsarja CITRO\u00cbN,PEUGEOT,BERLINGO B9,C4 Picasso I UD_,C4 Grand Picasso I UA_,C4 I LC_,DS3,C3 Picasso,C3 II<\/p>\n","protected":false},"featured_media":0,"template":"","meta":{"site-sidebar-layout":"default","site-content-layout":"default","ast-global-header-display":"","ast-main-header-display":"","ast-hfb-above-header-display":"","ast-hfb-below-header-display":"","ast-hfb-mobile-header-display":"","site-post-title":"","ast-breadcrumbs-content":"","ast-featured-img":"","footer-sml-layout":"","theme-transparent-header-meta":"","adv-header-id-meta":"","stick-header-meta":"","header-above-stick-meta":"","header-main-stick-meta":"","header-below-stick-meta":""},"pwb-brand":[441],"product_cat":[21],"product_tag":[],"class_list":{"0":"post-37104","1":"product","2":"type-product","3":"status-publish","5":"pwb-brand-mecarm","6":"product_cat-kytkinpaketti","7":"desktop-align-left","8":"tablet-align-left","9":"mobile-align-left","11":"first","12":"instock","13":"product-type-external"},"brands":[{"id":441,"name":"MECARM","slug":"mecarm"}],"_links":{"self":[{"href":"https:\/\/www.autonvaraosahaku.fi\/index.php?rest_route=\/wp\/v2\/product\/37104","targetHints":{"allow":["GET"]}}],"collection":[{"href":"https:\/\/www.autonvaraosahaku.fi\/index.php?rest_route=\/wp\/v2\/product"}],"about":[{"href":"https:\/\/www.autonvaraosahaku.fi\/index.php?rest_route=\/wp\/v2\/types\/product"}],"wp:attachment":[{"href":"https:\/\/www.autonvaraosahaku.fi\/index.php?rest_route=%2Fwp%2Fv2%2Fmedia&parent=37104"}],"wp:term":[{"taxonomy":"pwb-brand","embeddable":true,"href":"https:\/\/www.autonvaraosahaku.fi\/index.php?rest_route=%2Fwp%2Fv2%2Fpwb-brand&post=37104"},{"taxonomy":"product_cat","embeddable":true,"href":"https:\/\/www.autonvaraosahaku.fi\/index.php?rest_route=%2Fwp%2Fv2%2Fproduct_cat&post=37104"},{"taxonomy":"product_tag","embeddable":true,"href":"https:\/\/www.autonvaraosahaku.fi\/index.php?rest_route=%2Fwp%2Fv2%2Fproduct_tag&post=37104"}],"curies":[{"name":"wp","href":"https:\/\/api.w.org\/{rel}","templated":true}]}}