{"id":37383,"date":"2021-02-21T16:33:32","date_gmt":"2021-02-21T16:33:32","guid":{"rendered":"https:\/\/www.autonvaraosahaku.fi\/?product=ridex-82b1294-jarrulevyt"},"modified":"2021-02-21T16:33:33","modified_gmt":"2021-02-21T16:33:33","slug":"ridex-82b1294-jarrulevyt","status":"publish","type":"product","link":"https:\/\/www.autonvaraosahaku.fi\/?product=ridex-82b1294-jarrulevyt","title":{"rendered":"RIDEX 82B1294 Jarrulevyt"},"content":{"rendered":"<p>Jarrulevytyyppi: Tuuletettu; L\u00e4pimitta [mm]: 284; Jarrulevyn paksuus (mm): 24,2; V\u00e4himm\u00e4ispaksuus (mm): 22,9; keskitt\u00e4misl\u00e4pimitta [mm]: 82,6; Korkeus (mm): 60,5; Reikien m\u00e4\u00e4r\u00e4: 5; Kierremitta: 11,5; Reik\u00e4ympyr\u00e4-\u00d8 [mm]: 111; Asennuspuoli: Vorderachse; JAGUAR: XJ XJ 40, 81,XJ,XJSC Convertible,E-TYPE Convertible,E-TYPE,E-TYPE 2+2,XJ Coupe; DAIMLER: 2.8 &#8211; 5.3,XJ 40, 81; C32764, C32764E, C41942, CAC2647, JLM727, JLM728, JLM729, JLM776, C0041942, C32764, C32764E, C41942, CAC2647, CAC7842, JLM727, JLM728, JLM729, JLM776; Jarrulevy<\/p>\n","protected":false},"excerpt":{"rendered":"<p>RIDEX Jarrulevyt 82B1294 Jarrulevy JAGUAR,DAIMLER,XJ XJ 40, 81,XJ,XJSC Convertible,E-TYPE Convertible,E-TYPE,E-TYPE 2+2,XJ Coupe,2.8 &#8211; 5.3,XJ 40, 81<\/p>\n","protected":false},"featured_media":0,"template":"","meta":{"site-sidebar-layout":"default","site-content-layout":"default","ast-global-header-display":"","ast-main-header-display":"","ast-hfb-above-header-display":"","ast-hfb-below-header-display":"","ast-hfb-mobile-header-display":"","site-post-title":"","ast-breadcrumbs-content":"","ast-featured-img":"","footer-sml-layout":"","theme-transparent-header-meta":"","adv-header-id-meta":"","stick-header-meta":"","header-above-stick-meta":"","header-main-stick-meta":"","header-below-stick-meta":""},"pwb-brand":[157],"product_cat":[66],"product_tag":[],"class_list":{"0":"post-37383","1":"product","2":"type-product","3":"status-publish","5":"pwb-brand-ridex","6":"product_cat-jarrulevyt","7":"desktop-align-left","8":"tablet-align-left","9":"mobile-align-left","11":"first","12":"instock","13":"product-type-external"},"brands":[{"id":157,"name":"RIDEX","slug":"ridex"}],"_links":{"self":[{"href":"https:\/\/www.autonvaraosahaku.fi\/index.php?rest_route=\/wp\/v2\/product\/37383","targetHints":{"allow":["GET"]}}],"collection":[{"href":"https:\/\/www.autonvaraosahaku.fi\/index.php?rest_route=\/wp\/v2\/product"}],"about":[{"href":"https:\/\/www.autonvaraosahaku.fi\/index.php?rest_route=\/wp\/v2\/types\/product"}],"wp:attachment":[{"href":"https:\/\/www.autonvaraosahaku.fi\/index.php?rest_route=%2Fwp%2Fv2%2Fmedia&parent=37383"}],"wp:term":[{"taxonomy":"pwb-brand","embeddable":true,"href":"https:\/\/www.autonvaraosahaku.fi\/index.php?rest_route=%2Fwp%2Fv2%2Fpwb-brand&post=37383"},{"taxonomy":"product_cat","embeddable":true,"href":"https:\/\/www.autonvaraosahaku.fi\/index.php?rest_route=%2Fwp%2Fv2%2Fproduct_cat&post=37383"},{"taxonomy":"product_tag","embeddable":true,"href":"https:\/\/www.autonvaraosahaku.fi\/index.php?rest_route=%2Fwp%2Fv2%2Fproduct_tag&post=37383"}],"curies":[{"name":"wp","href":"https:\/\/api.w.org\/{rel}","templated":true}]}}