{"id":37423,"date":"2021-02-21T16:33:42","date_gmt":"2021-02-21T16:33:42","guid":{"rendered":"https:\/\/www.autonvaraosahaku.fi\/?product=vemo-v52-72-0230-anturit-sensorit"},"modified":"2021-02-21T16:33:43","modified_gmt":"2021-02-21T16:33:43","slug":"vemo-v52-72-0230-anturit-sensorit","status":"publish","type":"product","link":"https:\/\/www.autonvaraosahaku.fi\/?product=vemo-v52-72-0230-anturit-sensorit","title":{"rendered":"VEMO V52-72-0230 Anturit (sensorit)"},"content":{"rendered":"<p>V\u00e4ri: Hopea; Kiristysmomentti: 4; Asennusmalli: Poltti\/ruuvi; Venttiilimalli: Ilmaventtiili; Varusteet: ajoneuvoille rengaspaineentarkkailulla; Korvaava tuote\/korvaava tiedote 2: Venttiileill\u00e4, Ruuvilla; Taajuusalue [Mhz]: 433; T\u00e4yssarja: ; Suositeltu vaihtov\u00e4li [km]: 160000; Suositeltu vaihtov\u00e4li [vuotta]: 5; Venttiilivarsimateriaali: Alumiini; Paino [kg]: 0,025; Pakkausleveys [cm]: 4; Pakkauskorkeus [mm]: 6,7; Pakkaussyvyys [cm]: 6,8; lis\u00e4tieto: EXPERT KITS +; FIAT: FULLBACK Pick-up 502_, 503_; PEUGEOT: 4008,ION; HYUNDAI: i30 FD,i10 PA,i20 PB, PBT,i30 CW FD,ix20 JC,ACCENT IV RB,ACCENT IV Stufenheck RB; CITRO\u00cbN: C4 AIRCROSS,C-ZERO; KIA: CEE&#8217;D SW ED,CEE&#8217;D Schr\u00e4gheck ED,SORENTO II XM,PRO CEE&#8217;D ED,SOUL AM,OPTIMA; MITSUBISHI: ASX GA_W_,OUTLANDER III GG_W, GF_W, ZJ,MIRAGE Schr\u00e4gheck,LANCER SPORTBACK CX_A,LANCER Stufenheck CY\/Z_A,ASX Van GA_W_,L200 KJ_,ECLIPSE CROSS GK_; JEEP: GRAND CHEROKEE III WH, WK,COMPASS MK49,WRANGLER III JK,COMMANDER XK,PATRIOT MK74; CHRYSLER: 300 C Touring LX,GRAND VOYAGER V RT,300 C LX,SEBRING JS,SEBRING Cabriolet JS; LANCIA: VOYAGER Gro\u00dfraumlimousine RT,FLAVIA Cabriolet JS; DODGE: CALIBER,NITRO,JOURNEY,CHALLENGER Coupe,AVENGER; 56029359AA, 56029359AB, 56029481AB, 56053031AD, 68001698AA, 529331J000, 529332L600, 4250C275, 4250C477, MN103033, 1612477080, 8973271890; Rengaspainevalvonta,Py\u00f6r\u00e4anturi, Rengaspaine<\/p>\n","protected":false},"excerpt":{"rendered":"<p>VEMO Rengaspainetunnistimet V52-72-0230 Rengaspainevalvonta,Py\u00f6r\u00e4anturi, Rengaspaine FIAT,PEUGEOT,HYUNDAI,FULLBACK Pick-up 502_, 503_,4008,ION,i30 FD<\/p>\n","protected":false},"featured_media":0,"template":"","meta":{"site-sidebar-layout":"default","site-content-layout":"default","ast-global-header-display":"","ast-main-header-display":"","ast-hfb-above-header-display":"","ast-hfb-below-header-display":"","ast-hfb-mobile-header-display":"","site-post-title":"","ast-breadcrumbs-content":"","ast-featured-img":"","footer-sml-layout":"","theme-transparent-header-meta":"","adv-header-id-meta":"","stick-header-meta":"","header-above-stick-meta":"","header-main-stick-meta":"","header-below-stick-meta":""},"pwb-brand":[168],"product_cat":[98],"product_tag":[],"class_list":{"0":"post-37423","1":"product","2":"type-product","3":"status-publish","5":"pwb-brand-vemo","6":"product_cat-anturit-sensorit","7":"desktop-align-left","8":"tablet-align-left","9":"mobile-align-left","11":"first","12":"instock","13":"product-type-external"},"brands":[{"id":168,"name":"VEMO","slug":"vemo"}],"_links":{"self":[{"href":"https:\/\/www.autonvaraosahaku.fi\/index.php?rest_route=\/wp\/v2\/product\/37423","targetHints":{"allow":["GET"]}}],"collection":[{"href":"https:\/\/www.autonvaraosahaku.fi\/index.php?rest_route=\/wp\/v2\/product"}],"about":[{"href":"https:\/\/www.autonvaraosahaku.fi\/index.php?rest_route=\/wp\/v2\/types\/product"}],"wp:attachment":[{"href":"https:\/\/www.autonvaraosahaku.fi\/index.php?rest_route=%2Fwp%2Fv2%2Fmedia&parent=37423"}],"wp:term":[{"taxonomy":"pwb-brand","embeddable":true,"href":"https:\/\/www.autonvaraosahaku.fi\/index.php?rest_route=%2Fwp%2Fv2%2Fpwb-brand&post=37423"},{"taxonomy":"product_cat","embeddable":true,"href":"https:\/\/www.autonvaraosahaku.fi\/index.php?rest_route=%2Fwp%2Fv2%2Fproduct_cat&post=37423"},{"taxonomy":"product_tag","embeddable":true,"href":"https:\/\/www.autonvaraosahaku.fi\/index.php?rest_route=%2Fwp%2Fv2%2Fproduct_tag&post=37423"}],"curies":[{"name":"wp","href":"https:\/\/api.w.org\/{rel}","templated":true}]}}