{"id":37542,"date":"2021-02-21T16:34:12","date_gmt":"2021-02-21T16:34:12","guid":{"rendered":"https:\/\/www.autonvaraosahaku.fi\/?product=jp-group-4364002310-muut-luokat"},"modified":"2021-02-21T16:34:13","modified_gmt":"2021-02-21T16:34:13","slug":"jp-group-4364002310-muut-luokat","status":"publish","type":"product","link":"https:\/\/www.autonvaraosahaku.fi\/?product=jp-group-4364002310-muut-luokat","title":{"rendered":"JP GROUP 4364002310 Muut luokat"},"content":{"rendered":"<p>M\u00e4\u00e4r\u00e4: 18; Asennuspuoli: Hinterachse; NISSAN: PRIMERA P11,PRIMERA Traveller WP11,PRIMERA Hatchback P11; MERCEDES-BENZ: CITAN Kasten 415,CITAN Kombi 415,CITAN Mixto 415; DACIA: DUSTER,LOGAN MCV KS_,LODGY,DOKKER,DOKKER Express,LOGAN Pick-up US_,LOGAN II; CITRO\u00cbN: DS3,C3 II,XSARA Break N2,DS3 Cabriolet; PEUGEOT: 207 WA_, WC_,207 SW WK_,406 Break 8E\/F,406 Coupe 8C,406 8B,207 Van; RENAULT: KANGOO KC0\/1_,CLIO IV,KANGOO \/ GRAND KANGOO KW0\/1_,KANGOO Express FC0\/1_,KANGOO Express FW0\/1_,CLIO Grandtour IV,KANGOO BE BOP KW0\/1_,LOGAN II; 430861, 4100750000, 430861; Tarvikesarja K\u00e4sijarru<\/p>\n","protected":false},"excerpt":{"rendered":"<p>JP GROUP Tarvikesarja Jarrukeng\u00e4t JP Group 4364002310 Tarvikesarja K\u00e4sijarru NISSAN,MERCEDES-BENZ,DACIA,PRIMERA P11,PRIMERA Traveller WP11<\/p>\n","protected":false},"featured_media":0,"template":"","meta":{"site-sidebar-layout":"default","site-content-layout":"default","ast-global-header-display":"","ast-main-header-display":"","ast-hfb-above-header-display":"","ast-hfb-below-header-display":"","ast-hfb-mobile-header-display":"","site-post-title":"","ast-breadcrumbs-content":"","ast-featured-img":"","footer-sml-layout":"","theme-transparent-header-meta":"","adv-header-id-meta":"","stick-header-meta":"","header-above-stick-meta":"","header-main-stick-meta":"","header-below-stick-meta":""},"pwb-brand":[131],"product_cat":[37],"product_tag":[],"class_list":{"0":"post-37542","1":"product","2":"type-product","3":"status-publish","5":"pwb-brand-jp-group","6":"product_cat-muut-luokat","7":"desktop-align-left","8":"tablet-align-left","9":"mobile-align-left","11":"first","12":"instock","13":"product-type-external"},"brands":[{"id":131,"name":"JP GROUP","slug":"jp-group"}],"_links":{"self":[{"href":"https:\/\/www.autonvaraosahaku.fi\/index.php?rest_route=\/wp\/v2\/product\/37542","targetHints":{"allow":["GET"]}}],"collection":[{"href":"https:\/\/www.autonvaraosahaku.fi\/index.php?rest_route=\/wp\/v2\/product"}],"about":[{"href":"https:\/\/www.autonvaraosahaku.fi\/index.php?rest_route=\/wp\/v2\/types\/product"}],"wp:attachment":[{"href":"https:\/\/www.autonvaraosahaku.fi\/index.php?rest_route=%2Fwp%2Fv2%2Fmedia&parent=37542"}],"wp:term":[{"taxonomy":"pwb-brand","embeddable":true,"href":"https:\/\/www.autonvaraosahaku.fi\/index.php?rest_route=%2Fwp%2Fv2%2Fpwb-brand&post=37542"},{"taxonomy":"product_cat","embeddable":true,"href":"https:\/\/www.autonvaraosahaku.fi\/index.php?rest_route=%2Fwp%2Fv2%2Fproduct_cat&post=37542"},{"taxonomy":"product_tag","embeddable":true,"href":"https:\/\/www.autonvaraosahaku.fi\/index.php?rest_route=%2Fwp%2Fv2%2Fproduct_tag&post=37542"}],"curies":[{"name":"wp","href":"https:\/\/api.w.org\/{rel}","templated":true}]}}