{"id":37834,"date":"2021-02-21T16:35:22","date_gmt":"2021-02-21T16:35:22","guid":{"rendered":"https:\/\/www.autonvaraosahaku.fi\/?product=aks-dasis-852963n-magneettikytkin"},"modified":"2021-02-21T16:35:25","modified_gmt":"2021-02-21T16:35:25","slug":"aks-dasis-852963n-magneettikytkin","status":"publish","type":"product","link":"https:\/\/www.autonvaraosahaku.fi\/?product=aks-dasis-852963n-magneettikytkin","title":{"rendered":"AKS DASIS 852963N Magneettikytkin"},"content":{"rendered":"<p>Valmistaja rajaus: DENSO; Kompressorin tunnus: 6SEU16C; K\u00e4ytt\u00f6j\u00e4nnite [V]: 12; Rihloja (kpl): 5; Hihnapy\u00f6r\u00e4-\u00d8[mm]: 110; MERCEDES-BENZ: A-CLASS W169,B-CLASS W245; 0012303511, 0012303611, 0012309011, 0012309111, 0022301311, 0022301411, 0022304811, A0012303511, A0012303611, A0012309011, A0012309111, A0022301311, A0022301411, A0022304811; Ilmastoinnin Kompressorin Kytkin,Magneettikytkin, Ilmastointikompressori<\/p>\n","protected":false},"excerpt":{"rendered":"<p>AKS DASIS Magneettikytkin 852963N Ilmastoinnin Kompressorin Kytkin,Magneettikytkin, Ilmastointikompressori MERCEDES-BENZ,A-CLASS W169,B-CLASS W245<\/p>\n","protected":false},"featured_media":0,"template":"","meta":{"site-sidebar-layout":"default","site-content-layout":"default","ast-global-header-display":"","ast-main-header-display":"","ast-hfb-above-header-display":"","ast-hfb-below-header-display":"","ast-hfb-mobile-header-display":"","site-post-title":"","ast-breadcrumbs-content":"","ast-featured-img":"","footer-sml-layout":"","theme-transparent-header-meta":"","adv-header-id-meta":"","stick-header-meta":"","header-above-stick-meta":"","header-main-stick-meta":"","header-below-stick-meta":""},"pwb-brand":[461],"product_cat":[435],"product_tag":[],"class_list":{"0":"post-37834","1":"product","2":"type-product","3":"status-publish","5":"pwb-brand-aks-dasis","6":"product_cat-magneettikytkin","7":"desktop-align-left","8":"tablet-align-left","9":"mobile-align-left","11":"first","12":"instock","13":"product-type-external"},"brands":[{"id":461,"name":"AKS DASIS","slug":"aks-dasis"}],"_links":{"self":[{"href":"https:\/\/www.autonvaraosahaku.fi\/index.php?rest_route=\/wp\/v2\/product\/37834","targetHints":{"allow":["GET"]}}],"collection":[{"href":"https:\/\/www.autonvaraosahaku.fi\/index.php?rest_route=\/wp\/v2\/product"}],"about":[{"href":"https:\/\/www.autonvaraosahaku.fi\/index.php?rest_route=\/wp\/v2\/types\/product"}],"wp:attachment":[{"href":"https:\/\/www.autonvaraosahaku.fi\/index.php?rest_route=%2Fwp%2Fv2%2Fmedia&parent=37834"}],"wp:term":[{"taxonomy":"pwb-brand","embeddable":true,"href":"https:\/\/www.autonvaraosahaku.fi\/index.php?rest_route=%2Fwp%2Fv2%2Fpwb-brand&post=37834"},{"taxonomy":"product_cat","embeddable":true,"href":"https:\/\/www.autonvaraosahaku.fi\/index.php?rest_route=%2Fwp%2Fv2%2Fproduct_cat&post=37834"},{"taxonomy":"product_tag","embeddable":true,"href":"https:\/\/www.autonvaraosahaku.fi\/index.php?rest_route=%2Fwp%2Fv2%2Fproduct_tag&post=37834"}],"curies":[{"name":"wp","href":"https:\/\/api.w.org\/{rel}","templated":true}]}}