{"id":37967,"date":"2021-02-21T16:35:57","date_gmt":"2021-02-21T16:35:57","guid":{"rendered":"https:\/\/www.autonvaraosahaku.fi\/?product=jp-group-4763601310-jarrupalat"},"modified":"2021-02-21T16:35:59","modified_gmt":"2021-02-21T16:35:59","slug":"jp-group-4763601310-jarrupalat","status":"publish","type":"product","link":"https:\/\/www.autonvaraosahaku.fi\/?product=jp-group-4763601310-jarrupalat","title":{"rendered":"JP GROUP 4763601310 Jarrupalat"},"content":{"rendered":"<p>Asennuspuoli: Etuakseli; Paksuus [mm]: 15; Kulumisenilmaisimen liitos: akustisella kulumavaroittimella; Jarruj\u00e4rjestelm\u00e4: Sumitomo; M\u00e4\u00e4r\u00e4yksikk\u00f6: Akselisarja; Valmistusvuoteen: 05\/2011; NISSAN: PIXO UA0; SUZUKI: IGNIS FH,IGNIS II,ALTO HA25, HA35; SUBARU: JUSTY IV; DAIHATSU: SIRION M3_,CUORE VIII,COPEN L880_, L881_; 04465B1010, 04465B1020, 04465B1040, 04465B1050, 04465B1090, 04465B1100, 04465B1110, 04465B1380, 04465B2020, 04465B2050, 0449197207000, 0449197216000, 0449197217, 0449197217000, 0449197402, 0449197402000, 0449197404, 0449197404000, 04491B1010, 04491B1010000, 04491B1100, 04491B2010, 04491B2010000, 04491B2021, 449197402000, AY040SU008, V9118A096, 410604A00B, 04465B1110, 04465B1330, 1A023323Z, 1A023323ZA, 1A023323ZB, 1A023323ZC, 1A053323Z, 1A053323ZA, 1A133323Z, 1V6P3328Z, 410604A0A2, 410604A0A3, 5581058J00, 5581058J00000, 5581060J10, 5581060J10000, 5581074G00, 5581074G00000, 5581074G03, 5581074G03000, 5581076A00, 5581076A00000, 5581076A01, 5581076A01000, 5581076A02, 5581076A02000, 5581076A11, 5581076A11000, 5581076G00, 5581076G00000, 5581076G01, 5581076G01000, 5581076G02, 5581076G02000, 5581076G03, 5581076G03000, 5581076G10, 5581076G10000, 5581080G01, 5581080G01000, 5581080G02, 5581080G02000, 5581080G04, 5581080G04000, 5581080G05, 5581080G05000, 5581080G10, 5581080G11, 5581080G11000, 55&#8230;; Jarrupalasarja,Jarrupala, Levyjarru<\/p>\n","protected":false},"excerpt":{"rendered":"<p>JP GROUP Jarrupalat JP Group 4763601310 Jarrupalasarja,Jarrupala, Levyjarru NISSAN,SUZUKI,SUBARU,PIXO UA0,IGNIS FH,IGNIS II,ALTO HA25, HA35,JUSTY IV<\/p>\n","protected":false},"featured_media":0,"template":"","meta":{"site-sidebar-layout":"default","site-content-layout":"default","ast-global-header-display":"","ast-main-header-display":"","ast-hfb-above-header-display":"","ast-hfb-below-header-display":"","ast-hfb-mobile-header-display":"","site-post-title":"","ast-breadcrumbs-content":"","ast-featured-img":"","footer-sml-layout":"","theme-transparent-header-meta":"","adv-header-id-meta":"","stick-header-meta":"","header-above-stick-meta":"","header-main-stick-meta":"","header-below-stick-meta":""},"pwb-brand":[131],"product_cat":[100],"product_tag":[],"class_list":{"0":"post-37967","1":"product","2":"type-product","3":"status-publish","5":"pwb-brand-jp-group","6":"product_cat-jarrupalat","7":"desktop-align-left","8":"tablet-align-left","9":"mobile-align-left","11":"first","12":"instock","13":"product-type-external"},"brands":[{"id":131,"name":"JP GROUP","slug":"jp-group"}],"_links":{"self":[{"href":"https:\/\/www.autonvaraosahaku.fi\/index.php?rest_route=\/wp\/v2\/product\/37967","targetHints":{"allow":["GET"]}}],"collection":[{"href":"https:\/\/www.autonvaraosahaku.fi\/index.php?rest_route=\/wp\/v2\/product"}],"about":[{"href":"https:\/\/www.autonvaraosahaku.fi\/index.php?rest_route=\/wp\/v2\/types\/product"}],"wp:attachment":[{"href":"https:\/\/www.autonvaraosahaku.fi\/index.php?rest_route=%2Fwp%2Fv2%2Fmedia&parent=37967"}],"wp:term":[{"taxonomy":"pwb-brand","embeddable":true,"href":"https:\/\/www.autonvaraosahaku.fi\/index.php?rest_route=%2Fwp%2Fv2%2Fpwb-brand&post=37967"},{"taxonomy":"product_cat","embeddable":true,"href":"https:\/\/www.autonvaraosahaku.fi\/index.php?rest_route=%2Fwp%2Fv2%2Fproduct_cat&post=37967"},{"taxonomy":"product_tag","embeddable":true,"href":"https:\/\/www.autonvaraosahaku.fi\/index.php?rest_route=%2Fwp%2Fv2%2Fproduct_tag&post=37967"}],"curies":[{"name":"wp","href":"https:\/\/api.w.org\/{rel}","templated":true}]}}