{"id":38654,"date":"2021-02-21T16:38:48","date_gmt":"2021-02-21T16:38:48","guid":{"rendered":"https:\/\/www.autonvaraosahaku.fi\/?product=filtron-am-409-1-ilmansuodatin"},"modified":"2021-02-21T16:38:51","modified_gmt":"2021-02-21T16:38:51","slug":"filtron-am-409-1-ilmansuodatin","status":"publish","type":"product","link":"https:\/\/www.autonvaraosahaku.fi\/?product=filtron-am-409-1-ilmansuodatin","title":{"rendered":"FILTRON AM 409\/1 Ilmansuodatin"},"content":{"rendered":"<p>Korkeus (mm): 300; Ulkol\u00e4pimitta 1 [mm]: 242; Ulkol\u00e4pimitta 2 [mm]: 242; Sis\u00e4l\u00e4pimitta 1 [mm]: 132; Sis\u00e4l\u00e4pimitta 2 [mm]: 11; Moottorinumero: 8040.25B.4200; IVECO: EUROCARGO I-III,EUROFIRE; 1905983<\/p>\n","protected":false},"excerpt":{"rendered":"<p>FILTRON Ilmansuodatin AM 409\/1  IVECO,EUROCARGO I-III,EUROFIRE<\/p>\n","protected":false},"featured_media":0,"template":"","meta":{"site-sidebar-layout":"default","site-content-layout":"default","ast-global-header-display":"","ast-main-header-display":"","ast-hfb-above-header-display":"","ast-hfb-below-header-display":"","ast-hfb-mobile-header-display":"","site-post-title":"","ast-breadcrumbs-content":"","ast-featured-img":"","footer-sml-layout":"","theme-transparent-header-meta":"","adv-header-id-meta":"","stick-header-meta":"","header-above-stick-meta":"","header-main-stick-meta":"","header-below-stick-meta":""},"pwb-brand":[359],"product_cat":[31],"product_tag":[],"class_list":{"0":"post-38654","1":"product","2":"type-product","3":"status-publish","5":"pwb-brand-filtron","6":"product_cat-ilmansuodatin","7":"desktop-align-left","8":"tablet-align-left","9":"mobile-align-left","11":"first","12":"instock","13":"product-type-external"},"brands":[{"id":359,"name":"FILTRON","slug":"filtron"}],"_links":{"self":[{"href":"https:\/\/www.autonvaraosahaku.fi\/index.php?rest_route=\/wp\/v2\/product\/38654","targetHints":{"allow":["GET"]}}],"collection":[{"href":"https:\/\/www.autonvaraosahaku.fi\/index.php?rest_route=\/wp\/v2\/product"}],"about":[{"href":"https:\/\/www.autonvaraosahaku.fi\/index.php?rest_route=\/wp\/v2\/types\/product"}],"wp:attachment":[{"href":"https:\/\/www.autonvaraosahaku.fi\/index.php?rest_route=%2Fwp%2Fv2%2Fmedia&parent=38654"}],"wp:term":[{"taxonomy":"pwb-brand","embeddable":true,"href":"https:\/\/www.autonvaraosahaku.fi\/index.php?rest_route=%2Fwp%2Fv2%2Fpwb-brand&post=38654"},{"taxonomy":"product_cat","embeddable":true,"href":"https:\/\/www.autonvaraosahaku.fi\/index.php?rest_route=%2Fwp%2Fv2%2Fproduct_cat&post=38654"},{"taxonomy":"product_tag","embeddable":true,"href":"https:\/\/www.autonvaraosahaku.fi\/index.php?rest_route=%2Fwp%2Fv2%2Fproduct_tag&post=38654"}],"curies":[{"name":"wp","href":"https:\/\/api.w.org\/{rel}","templated":true}]}}