{"id":38736,"date":"2021-02-21T16:39:09","date_gmt":"2021-02-21T16:39:09","guid":{"rendered":"https:\/\/www.autonvaraosahaku.fi\/?product=dakatec-300127-jouset"},"modified":"2021-02-21T16:39:12","modified_gmt":"2021-02-21T16:39:12","slug":"dakatec-300127-jouset","status":"publish","type":"product","link":"https:\/\/www.autonvaraosahaku.fi\/?product=dakatec-300127-jouset","title":{"rendered":"DAKAtec 300127 Jouset"},"content":{"rendered":"<p>Asennuspuoli: Taka-akseli; Paksuus [mm]: 11; L\u00e4pimitta [mm]: 108,0; Pituus (mm): 352,0; Jousimalli: Kierrejousi; Kierroslukum\u00e4\u00e4r\u00e4: 8,2; Paino [g]: 2020; FORD: FOCUS DAW, DBW,FOCUS Stufenheck DFW; 1061638, 1061641, 1064134, 1064137, 1064140, 1067202, 1075572, 1076915, 1076917, 1110560, 1118388, 1143702, 1318102, 1318104, 1319195, 1319196, 1335392, 1335393, 1335394, 3M515560AGC, 4M515560AEB, 4M515560AFB, 4M515560AGA, 4M515560AGB, 98AG5560DE; Kierrejousi<\/p>\n","protected":false},"excerpt":{"rendered":"<p>DAKAtec Jousi 300127 Kierrejousi FORD,FOCUS DAW, DBW,FOCUS Stufenheck DFW<\/p>\n","protected":false},"featured_media":0,"template":"","meta":{"site-sidebar-layout":"default","site-content-layout":"default","ast-global-header-display":"","ast-main-header-display":"","ast-hfb-above-header-display":"","ast-hfb-below-header-display":"","ast-hfb-mobile-header-display":"","site-post-title":"","ast-breadcrumbs-content":"","ast-featured-img":"","footer-sml-layout":"","theme-transparent-header-meta":"","adv-header-id-meta":"","stick-header-meta":"","header-above-stick-meta":"","header-main-stick-meta":"","header-below-stick-meta":""},"pwb-brand":[283],"product_cat":[171],"product_tag":[],"class_list":{"0":"post-38736","1":"product","2":"type-product","3":"status-publish","5":"pwb-brand-dakatec","6":"product_cat-jouset","7":"desktop-align-left","8":"tablet-align-left","9":"mobile-align-left","11":"first","12":"instock","13":"product-type-external"},"brands":[{"id":283,"name":"DAKAtec","slug":"dakatec"}],"_links":{"self":[{"href":"https:\/\/www.autonvaraosahaku.fi\/index.php?rest_route=\/wp\/v2\/product\/38736","targetHints":{"allow":["GET"]}}],"collection":[{"href":"https:\/\/www.autonvaraosahaku.fi\/index.php?rest_route=\/wp\/v2\/product"}],"about":[{"href":"https:\/\/www.autonvaraosahaku.fi\/index.php?rest_route=\/wp\/v2\/types\/product"}],"wp:attachment":[{"href":"https:\/\/www.autonvaraosahaku.fi\/index.php?rest_route=%2Fwp%2Fv2%2Fmedia&parent=38736"}],"wp:term":[{"taxonomy":"pwb-brand","embeddable":true,"href":"https:\/\/www.autonvaraosahaku.fi\/index.php?rest_route=%2Fwp%2Fv2%2Fpwb-brand&post=38736"},{"taxonomy":"product_cat","embeddable":true,"href":"https:\/\/www.autonvaraosahaku.fi\/index.php?rest_route=%2Fwp%2Fv2%2Fproduct_cat&post=38736"},{"taxonomy":"product_tag","embeddable":true,"href":"https:\/\/www.autonvaraosahaku.fi\/index.php?rest_route=%2Fwp%2Fv2%2Fproduct_tag&post=38736"}],"curies":[{"name":"wp","href":"https:\/\/api.w.org\/{rel}","templated":true}]}}