{"id":38782,"date":"2021-02-21T16:39:24","date_gmt":"2021-02-21T16:39:24","guid":{"rendered":"https:\/\/www.autonvaraosahaku.fi\/?product=valeo-710355-lammityslaitteen-puhaltimen-vastus"},"modified":"2021-02-21T16:39:25","modified_gmt":"2021-02-21T16:39:25","slug":"valeo-710355-lammityslaitteen-puhaltimen-vastus","status":"publish","type":"product","link":"https:\/\/www.autonvaraosahaku.fi\/?product=valeo-710355-lammityslaitteen-puhaltimen-vastus","title":{"rendered":"VALEO 710355 L\u00e4mmityslaitteen puhaltimen vastus"},"content":{"rendered":"<p>Korvaava tuote\/korvaava tiedote 2: Kaapelilla; Paino [kg]: 0,3; Valmistusvuosi alkaen: 04\/1999; NISSAN: MICRA III K12,NOTE E11,MICRA C+C K12; CITRO\u00cbN: C2 JM_,C3 I FC_,C5 I DC_,C5 I Break DE_,C3 II,C3 Pluriel HB_,C2 ENTERPRISE; PEUGEOT: 207 WA_, WC_,207 CC WD_,607 9D, 9U,406 Break 8E\/F,1007 KM_,406 Coupe 8C,406 8B; RENAULT: CLIO III BR0\/1, CR0\/1,SC\u00c9NIC II JM0\/1_,TWINGO II CN0_,MODUS \/ GRAND MODUS F\/JP0_,MEGANE II Kombi KM0\/1_,SC\u00c9NIC I JA0\/1_,MEGANE II Coup\u00e9-Cabriolet EM0\/1_,MEGANE II BM0\/1_, CM0\/1_,CLIO Grandtour KR0\/1_,GRAND SC\u00c9NIC II JM0\/1_,MEGANE II Stufenheck LM0\/1_,CLIO III Kasten SB_, SR_,MEGANE II Hatchback Van KM0\/2_; 6441L2, 27761AX010, 6441L2, 7701048390, 7701207718<\/p>\n","protected":false},"excerpt":{"rendered":"<p>VALEO S\u00e4\u00e4din, Sis\u00e4valaistus 710355  NISSAN,CITRO\u00cbN,PEUGEOT,MICRA III K12,NOTE E11,MICRA C+C K12,C2 JM_,C3 I FC_,C5 I DC_,C5 I Break DE_,C3 II<\/p>\n","protected":false},"featured_media":0,"template":"","meta":{"site-sidebar-layout":"default","site-content-layout":"default","ast-global-header-display":"","ast-main-header-display":"","ast-hfb-above-header-display":"","ast-hfb-below-header-display":"","ast-hfb-mobile-header-display":"","site-post-title":"","ast-breadcrumbs-content":"","ast-featured-img":"","footer-sml-layout":"","theme-transparent-header-meta":"","adv-header-id-meta":"","stick-header-meta":"","header-above-stick-meta":"","header-main-stick-meta":"","header-below-stick-meta":""},"pwb-brand":[28],"product_cat":[134],"product_tag":[],"class_list":{"0":"post-38782","1":"product","2":"type-product","3":"status-publish","5":"pwb-brand-valeo","6":"product_cat-lammityslaitteen-puhaltimen-vastus","7":"desktop-align-left","8":"tablet-align-left","9":"mobile-align-left","11":"first","12":"instock","13":"product-type-external"},"brands":[{"id":28,"name":"VALEO","slug":"valeo"}],"_links":{"self":[{"href":"https:\/\/www.autonvaraosahaku.fi\/index.php?rest_route=\/wp\/v2\/product\/38782","targetHints":{"allow":["GET"]}}],"collection":[{"href":"https:\/\/www.autonvaraosahaku.fi\/index.php?rest_route=\/wp\/v2\/product"}],"about":[{"href":"https:\/\/www.autonvaraosahaku.fi\/index.php?rest_route=\/wp\/v2\/types\/product"}],"wp:attachment":[{"href":"https:\/\/www.autonvaraosahaku.fi\/index.php?rest_route=%2Fwp%2Fv2%2Fmedia&parent=38782"}],"wp:term":[{"taxonomy":"pwb-brand","embeddable":true,"href":"https:\/\/www.autonvaraosahaku.fi\/index.php?rest_route=%2Fwp%2Fv2%2Fpwb-brand&post=38782"},{"taxonomy":"product_cat","embeddable":true,"href":"https:\/\/www.autonvaraosahaku.fi\/index.php?rest_route=%2Fwp%2Fv2%2Fproduct_cat&post=38782"},{"taxonomy":"product_tag","embeddable":true,"href":"https:\/\/www.autonvaraosahaku.fi\/index.php?rest_route=%2Fwp%2Fv2%2Fproduct_tag&post=38782"}],"curies":[{"name":"wp","href":"https:\/\/api.w.org\/{rel}","templated":true}]}}