{"id":38872,"date":"2021-02-21T16:39:44","date_gmt":"2021-02-21T16:39:44","guid":{"rendered":"https:\/\/www.autonvaraosahaku.fi\/?product=prasco-ft137c001-ilmastoinnin-lauhdutin"},"modified":"2021-02-21T16:39:47","modified_gmt":"2021-02-21T16:39:47","slug":"prasco-ft137c001-ilmastoinnin-lauhdutin","status":"publish","type":"product","link":"https:\/\/www.autonvaraosahaku.fi\/?product=prasco-ft137c001-ilmastoinnin-lauhdutin","title":{"rendered":"PRASCO FT137C001 Ilmastoinnin lauhdutin"},"content":{"rendered":"<p>Laatu: Alternativ; Valmistaja rajaus: Denso; Kennon mitat: 626x298x16; Materiaali: Alumiini; Korvaava tuote\/korvaava tiedote 2: Vedenerottimella; Sis\u00e4\u00e4ntulol\u00e4pimitta [mm]: 11,9; Ulostulon l\u00e4pimitta [mm]: 8,9; Kylm\u00e4aine: R 134a; Valmistusvuoteen: 04\/2008; OPEL: CORSA D,CORSA D Van; FIAT: GRANDE PUNTO 199,BRAVO II 198,BRAVO I 182; VAUXHALL: CORSA Mk III D L_8,CORSAVAN Mk III D; 55700408, 7774281, 1850158, 1850168, 1850277, 55700408, 93168140, 95514601, 55700408, 93168140, 95514601; Lauhdutin, Ilmastointilaite<\/p>\n","protected":false},"excerpt":{"rendered":"<p>PRASCO Ilmastoinnin Lauhdutin PrascoSelection FT137C001 Lauhdutin, Ilmastointilaite OPEL,FIAT,VAUXHALL,CORSA D,CORSA D Van,GRANDE PUNTO 199<\/p>\n","protected":false},"featured_media":0,"template":"","meta":{"site-sidebar-layout":"default","site-content-layout":"default","ast-global-header-display":"","ast-main-header-display":"","ast-hfb-above-header-display":"","ast-hfb-below-header-display":"","ast-hfb-mobile-header-display":"","site-post-title":"","ast-breadcrumbs-content":"","ast-featured-img":"","footer-sml-layout":"","theme-transparent-header-meta":"","adv-header-id-meta":"","stick-header-meta":"","header-above-stick-meta":"","header-main-stick-meta":"","header-below-stick-meta":""},"pwb-brand":[406],"product_cat":[453],"product_tag":[],"class_list":{"0":"post-38872","1":"product","2":"type-product","3":"status-publish","5":"pwb-brand-prasco","6":"product_cat-ilmastoinnin-lauhdutin","7":"desktop-align-left","8":"tablet-align-left","9":"mobile-align-left","11":"first","12":"instock","13":"product-type-external"},"brands":[{"id":406,"name":"PRASCO","slug":"prasco"}],"_links":{"self":[{"href":"https:\/\/www.autonvaraosahaku.fi\/index.php?rest_route=\/wp\/v2\/product\/38872","targetHints":{"allow":["GET"]}}],"collection":[{"href":"https:\/\/www.autonvaraosahaku.fi\/index.php?rest_route=\/wp\/v2\/product"}],"about":[{"href":"https:\/\/www.autonvaraosahaku.fi\/index.php?rest_route=\/wp\/v2\/types\/product"}],"wp:attachment":[{"href":"https:\/\/www.autonvaraosahaku.fi\/index.php?rest_route=%2Fwp%2Fv2%2Fmedia&parent=38872"}],"wp:term":[{"taxonomy":"pwb-brand","embeddable":true,"href":"https:\/\/www.autonvaraosahaku.fi\/index.php?rest_route=%2Fwp%2Fv2%2Fpwb-brand&post=38872"},{"taxonomy":"product_cat","embeddable":true,"href":"https:\/\/www.autonvaraosahaku.fi\/index.php?rest_route=%2Fwp%2Fv2%2Fproduct_cat&post=38872"},{"taxonomy":"product_tag","embeddable":true,"href":"https:\/\/www.autonvaraosahaku.fi\/index.php?rest_route=%2Fwp%2Fv2%2Fproduct_tag&post=38872"}],"curies":[{"name":"wp","href":"https:\/\/api.w.org\/{rel}","templated":true}]}}