{"id":38970,"date":"2021-02-21T16:40:10","date_gmt":"2021-02-21T16:40:10","guid":{"rendered":"https:\/\/www.autonvaraosahaku.fi\/?product=ngk-4930-sytytystulpat"},"modified":"2021-02-21T16:40:12","modified_gmt":"2021-02-21T16:40:12","slug":"ngk-4930-sytytystulpat","status":"publish","type":"product","link":"https:\/\/www.autonvaraosahaku.fi\/?product=ngk-4930-sytytystulpat","title":{"rendered":"NGK 4930 Sytytystulpat"},"content":{"rendered":"<p>Avainv\u00e4li: 16 mm; Ulkokierre [mm]: 14,0; Kierteen pituus (mm): 19,0; Sytytystulppa: kiinte\u00e4 SAE-liitin, Nikkeli-keskielektrodi, 1-maaelektroodi, Ei h\u00e4iri\u00f6npoistoa, suoralla istukalla; Kipin\u00e4et\u00e4isyys [mm]: 3,0; K\u00e4rkiv\u00e4li (mm): 0,8; NISSAN: SUNNY II Hatchback N13,SUNNY II N13; MERCEDES-BENZ: C-CLASS W202,E-CLASS W210,Stufenheck W124,E-CLASS Kombi S210,SL R129,C-CLASS Kombi S202,KOMBI Kombi S124,E-CLASS W124,G-CLASS W463,COUPE C124,S-CLASS W140,E-CLASS Kombi S124,E-CLASS Cabriolet A124,E-CLASS Coupe C124,S-CLASS Coupe C140,CABRIOLET A124,G-CLASS Cabrio W463; ROVER: CABRIOLET XW,200 Hatchback XW,400 XW; ALFA ROMEO: 75 162B,164 164,155 167; CITRO\u00cbN: AX ZA-_,BX XB-_,C15 VD-_; PEUGEOT: 205 II 20A\/C,309 II 3C, 3A,205 I 741A\/C,405 I 15B,605 6B,309 I 10C, 10A,405 I Break 15E; PUCH: G-MODELL W 463; 596200, 5962F7, 5962F8, 5962JO, 5962X5, 5962X8, 2240110F16, 2240119V16, 0031591603, 0031593103, A0031591603, A0031593103, 0031591603, 0031593103, A0031591603, A0031593103, 2240110F16, 2240119V16, 596200, 5962E2, 5962F7, 5962F8, 5962JO, 5962X5, 5962X8, 8819294, 0031591603, 0031593103, A0031591603, A0031593103, 0031591603, 0031593103, A0031591603, A0031593103; Tulpat,Sytytystulppa<\/p>\n","protected":false},"excerpt":{"rendered":"<p>NGK Sytytystulpat 4930 Tulpat,Sytytystulppa NISSAN,MERCEDES-BENZ,ROVER,SUNNY II Hatchback N13,SUNNY II N13,C-CLASS W202,E-CLASS W210,Stufenheck W124<\/p>\n","protected":false},"featured_media":0,"template":"","meta":{"site-sidebar-layout":"default","site-content-layout":"default","ast-global-header-display":"","ast-main-header-display":"","ast-hfb-above-header-display":"","ast-hfb-below-header-display":"","ast-hfb-mobile-header-display":"","site-post-title":"","ast-breadcrumbs-content":"","ast-featured-img":"","footer-sml-layout":"","theme-transparent-header-meta":"","adv-header-id-meta":"","stick-header-meta":"","header-above-stick-meta":"","header-main-stick-meta":"","header-below-stick-meta":""},"pwb-brand":[189],"product_cat":[165],"product_tag":[],"class_list":{"0":"post-38970","1":"product","2":"type-product","3":"status-publish","5":"pwb-brand-ngk","6":"product_cat-sytytystulpat","7":"desktop-align-left","8":"tablet-align-left","9":"mobile-align-left","11":"first","12":"instock","13":"product-type-external"},"brands":[{"id":189,"name":"NGK","slug":"ngk"}],"_links":{"self":[{"href":"https:\/\/www.autonvaraosahaku.fi\/index.php?rest_route=\/wp\/v2\/product\/38970","targetHints":{"allow":["GET"]}}],"collection":[{"href":"https:\/\/www.autonvaraosahaku.fi\/index.php?rest_route=\/wp\/v2\/product"}],"about":[{"href":"https:\/\/www.autonvaraosahaku.fi\/index.php?rest_route=\/wp\/v2\/types\/product"}],"wp:attachment":[{"href":"https:\/\/www.autonvaraosahaku.fi\/index.php?rest_route=%2Fwp%2Fv2%2Fmedia&parent=38970"}],"wp:term":[{"taxonomy":"pwb-brand","embeddable":true,"href":"https:\/\/www.autonvaraosahaku.fi\/index.php?rest_route=%2Fwp%2Fv2%2Fpwb-brand&post=38970"},{"taxonomy":"product_cat","embeddable":true,"href":"https:\/\/www.autonvaraosahaku.fi\/index.php?rest_route=%2Fwp%2Fv2%2Fproduct_cat&post=38970"},{"taxonomy":"product_tag","embeddable":true,"href":"https:\/\/www.autonvaraosahaku.fi\/index.php?rest_route=%2Fwp%2Fv2%2Fproduct_tag&post=38970"}],"curies":[{"name":"wp","href":"https:\/\/api.w.org\/{rel}","templated":true}]}}