{"id":38973,"date":"2021-02-21T16:40:10","date_gmt":"2021-02-21T16:40:10","guid":{"rendered":"https:\/\/www.autonvaraosahaku.fi\/?product=purflux-cs157a-polttoainesuodatin"},"modified":"2021-02-21T16:40:12","modified_gmt":"2021-02-21T16:40:12","slug":"purflux-cs157a-polttoainesuodatin","status":"publish","type":"product","link":"https:\/\/www.autonvaraosahaku.fi\/?product=purflux-cs157a-polttoainesuodatin","title":{"rendered":"PURFLUX CS157A Polttoainesuodatin"},"content":{"rendered":"<p>Ulkol\u00e4pimitta [mm]: 85; Sis\u00e4l\u00e4pimitta [mm]: 19; Korkeus (mm): 71; Varustelumahdollisuudet: Lucas; VW: TRANSPORTER III Bus,LT 28-35 I Kasten 281-363,GOLF I 17,JETTA II 19E, 1G2, 165,PASSAT Variant 32B,TRANSPORTER III Kasten,LT 28-35 I Pritsche\/Fahrgestell 281-363,TRANSPORTER III Pritsche\/Fahrgestell,PASSAT 32B,JETTA I 16,PASSAT 32,PASSAT Variant 33,SANTANA 32B; AUDI: 80 89, 89Q, 8A, B3,80 81, 85, B2; MAZDA: 121 III JASM, JBSM; DAEWOO: LUBLIN II Pritsche\/Fahrgestell,LUBLIN II Kasten; LADA: NIVA 2121; SUZUKI: SAMURAI SJ,VITARA ET, TA,VITARA Cabrio ET, TA,BALENO Kombi EG,BALENO EG,BALENO Schr\u00e4gheck EG; SEAT: IBIZA I 021A,MALAGA 023A,RONDA 022A; LAND ROVER: 90\/110 DHMC,88\/109,88\/109 Hardtop; OPEL: REKORD E 17_-19_, 11_, 14_, 16_,REKORD D,REKORD E Caravan 61_, 66_, 67_,REKORD D Caravan; IVECO: DAILY II Pritsche\/Fahrgestell,DAILY II Kasten\/Kombi,DAILY I Pritsche\/Fahrgestell,DAILY II Bus,DAILY I Kasten\/Kombi,DAILY II Kipper; ACD151, ACD159, ACD173, ACD51, ACD59, ACD8017E, TP621, 2236295, 5038883, 601980, L114, L132, 494251, 1056404060, 105640406001, 10564040600102, 105640406002, 10564040601, 10564040602, 10564060601, 10564060602, 1406004061, 1901629, 1901687, 1901929, 1909100, 35129760, 3937061, 4561986, 4564986, 4612227, 4621540, 4621739, 4621740, 46217401, 4651936, 4651986, 4658986, 4669550, 4669551, 468044, 4680444, 5000092, 500625, 5983298, 5983958, 60715665, 60740421, 621740, 70251397, 705603, 83937061, 8919500, 9280124, 9281024, 9401906138, 9819500, 9819500E1, 9914144, 9918114, 9918144, 9918184, 9924138, 9924318, FO4621740, 1096950, 1423433, 1423477, 1582261, 1635103, 1700328, 1823491, 196950, 2701E9150, 2701E9150B, 2701E9155B, 2701E9167B, 2701E9176B, 2704E9150, 2704E9150A, 2704E9150B, 27O1E9150, 30991, 309991, 3914074, 3937061, 500625, 5010518, 5020289, 5020291, 5029459, 5038883, 6130357, 6130358, 6149716, 6149717, 6161789, 6764277, 6917393, 7235770, 775F9150AA, 825F9150A2A, 825F9150A2B, 825F9150A&#8230;<\/p>\n","protected":false},"excerpt":{"rendered":"<p>PURFLUX Polttoainesuodatin CS157A  VW,AUDI,MAZDA,TRANSPORTER III Bus,LT 28-35 I Kasten 281-363,GOLF I 17,JETTA II 19E, 1G2, 165,PASSAT Variant 32B<\/p>\n","protected":false},"featured_media":0,"template":"","meta":{"site-sidebar-layout":"default","site-content-layout":"default","ast-global-header-display":"","ast-main-header-display":"","ast-hfb-above-header-display":"","ast-hfb-below-header-display":"","ast-hfb-mobile-header-display":"","site-post-title":"","ast-breadcrumbs-content":"","ast-featured-img":"","footer-sml-layout":"","theme-transparent-header-meta":"","adv-header-id-meta":"","stick-header-meta":"","header-above-stick-meta":"","header-main-stick-meta":"","header-below-stick-meta":""},"pwb-brand":[303],"product_cat":[29],"product_tag":[],"class_list":{"0":"post-38973","1":"product","2":"type-product","3":"status-publish","5":"pwb-brand-purflux","6":"product_cat-polttoainesuodatin","7":"desktop-align-left","8":"tablet-align-left","9":"mobile-align-left","11":"first","12":"instock","13":"product-type-external"},"brands":[{"id":303,"name":"PURFLUX","slug":"purflux"}],"_links":{"self":[{"href":"https:\/\/www.autonvaraosahaku.fi\/index.php?rest_route=\/wp\/v2\/product\/38973","targetHints":{"allow":["GET"]}}],"collection":[{"href":"https:\/\/www.autonvaraosahaku.fi\/index.php?rest_route=\/wp\/v2\/product"}],"about":[{"href":"https:\/\/www.autonvaraosahaku.fi\/index.php?rest_route=\/wp\/v2\/types\/product"}],"wp:attachment":[{"href":"https:\/\/www.autonvaraosahaku.fi\/index.php?rest_route=%2Fwp%2Fv2%2Fmedia&parent=38973"}],"wp:term":[{"taxonomy":"pwb-brand","embeddable":true,"href":"https:\/\/www.autonvaraosahaku.fi\/index.php?rest_route=%2Fwp%2Fv2%2Fpwb-brand&post=38973"},{"taxonomy":"product_cat","embeddable":true,"href":"https:\/\/www.autonvaraosahaku.fi\/index.php?rest_route=%2Fwp%2Fv2%2Fproduct_cat&post=38973"},{"taxonomy":"product_tag","embeddable":true,"href":"https:\/\/www.autonvaraosahaku.fi\/index.php?rest_route=%2Fwp%2Fv2%2Fproduct_tag&post=38973"}],"curies":[{"name":"wp","href":"https:\/\/api.w.org\/{rel}","templated":true}]}}