{"id":39152,"date":"2021-02-21T16:40:56","date_gmt":"2021-02-21T16:40:56","guid":{"rendered":"https:\/\/www.autonvaraosahaku.fi\/?product=skf-vkma-03259-jakohihna"},"modified":"2021-02-21T16:40:58","modified_gmt":"2021-02-21T16:40:58","slug":"skf-vkma-03259-jakohihna","status":"publish","type":"product","link":"https:\/\/www.autonvaraosahaku.fi\/?product=skf-vkma-03259-jakohihna","title":{"rendered":"SKF VKMA 03259 Jakohihna"},"content":{"rendered":"<p>Hammasluku: 137; Hihna: Py\u00f6ristetyll\u00e4 hammasprofiililla; Suositellun erikoisty\u00f6kalun tuotenumero: VKN 1005; Hihnaleveys [mm]: 25; Vaihteistomalli: Schaltgetriebe 5 Gang; FORD: FIESTA V JH_, JD_,FOCUS II Kombi DA_,FIESTA VI,FOCUS II DA_,FOCUS C-MAX,FUSION JU_,C-MAX DM2,FOCUS II Stufenheck DA_,FIESTA V Van,FIESTA VI Van; FIAT: SCUDO 270_,SCUDO Kasten 270_,SCUDO Pritsche\/Fahrgestell 270_; PEUGEOT: 206 Schr\u00e4gheck 2A\/C,206 CC 2D,207 WA_, WC_,307 SW 3H,207 CC WD_,407 SW 6E_,307 3A\/C,207 SW WK_,308 SW,206 SW 2E\/K,308 4A_, 4C_,5008,307 Break 3E,407 6D_,3008,PARTNER Tepee,308 CC,1007 KM_,PARTNER Combispace 5F,PARTNER Kasten 5,EXPERT Tepee VF3V_,EXPERT Kasten VF3A_, VF3U_, VF3X_,PARTNER Kasten,207 Van,EXPERT Pritsche\/Fahrgestell,PARTNER Pritsche\/Fahrgestell; CITRO\u00cbN: BERLINGO MF,XSARA PICASSO N68,C2 JM_,C3 I FC_,BERLINGO B9,C5 III Break TD_,C4 Picasso I UD_,C4 Grand Picasso I UA_,C4 I LC_,BERLINGO Kasten M_,C5 II Break RE_,C3 Picasso,C5 III RD_,C3 II,C4 Coupe LA_,C5 II RC_,JUMPY,BERLINGO Kasten B9,JUMPY Kasten,C4 Stufenheck L,BERLINGO Pritsche\/Fahrgestell B9,JUMPY Pritsche\/Fahrgestell; MAZDA: 3 BK,2 DE,3 BL,3 Stufenheck BK,3 Stufenheck BL; VOLVO: V50 MW,V70 III BW,C30,S40 II MS,S80 II AS; SUZUKI: SX4 EY, GY; MINI: MINI R56,MINI CLUBMAN R55; 9467615780, 9467629080, 0516A3, 0516L5, 0816G7, 0816J6, 082988, 083048, 0831P2, 0831V4, 9400829889, 9400830489, 9467565880, 9467615780, 9467629080, 1145947, 1145955, 1147682, 1229723, 1229768, 1359934, 1373250, 1373306, 1446647, 1446648, 1473365, 1481774, 1487861, 1562503, 2S6Q6B217AA, 2S6Q6B217AB, 2S6Q6B217AC, 2S6Q6B217AD, 2S6Q6B217AE, 2S6Q6M250AA, 3M5Q6K288AA, 3M5Q6K288AB, 3M5Q6K288BA, 3M5Q6K288CA, 3M5Q8A615AA, 3M5Q8A615AB, 3M5Q8A615CA, 9467615780, 9467629080, Y40112730, Y40112770, Y40112770A, Y40112770B, Y40112770C, Y40112770D, Y60112205, Y60312201, Y64512770, Y6Y112205, 11237801980, 11317805957, 11317805960, 11317805961, 11318509744, 0516A3, 0516L5, 0816G7, 0816J6, 082988, 083048, 0831P1, 0831V4, 1276169K00, 1281073J01, 1282373J00, SU00100526, SU00100542, SU00100543, 30711066, 30711068, 30711069, 30751981, 30777770, 30777864, 30777865, 31251566, 31251700, 31259239, 31316844, 31370439, 31370440; Hammashihnasarja<\/p>\n","protected":false},"excerpt":{"rendered":"<p>SKF Jakohihnasarja VKMA 03259 Hammashihnasarja FORD,FIAT,PEUGEOT,FIESTA V JH_, JD_,FOCUS II Kombi DA_,FIESTA VI,FOCUS II DA_,FOCUS C-MAX,FUSION JU_<\/p>\n","protected":false},"featured_media":0,"template":"","meta":{"site-sidebar-layout":"default","site-content-layout":"default","ast-global-header-display":"","ast-main-header-display":"","ast-hfb-above-header-display":"","ast-hfb-below-header-display":"","ast-hfb-mobile-header-display":"","site-post-title":"","ast-breadcrumbs-content":"","ast-featured-img":"","footer-sml-layout":"","theme-transparent-header-meta":"","adv-header-id-meta":"","stick-header-meta":"","header-above-stick-meta":"","header-main-stick-meta":"","header-below-stick-meta":""},"pwb-brand":[237],"product_cat":[266],"product_tag":[],"class_list":{"0":"post-39152","1":"product","2":"type-product","3":"status-publish","5":"pwb-brand-skf","6":"product_cat-jakohihna","7":"desktop-align-left","8":"tablet-align-left","9":"mobile-align-left","11":"first","12":"instock","13":"product-type-external"},"brands":[{"id":237,"name":"SKF","slug":"skf"}],"_links":{"self":[{"href":"https:\/\/www.autonvaraosahaku.fi\/index.php?rest_route=\/wp\/v2\/product\/39152","targetHints":{"allow":["GET"]}}],"collection":[{"href":"https:\/\/www.autonvaraosahaku.fi\/index.php?rest_route=\/wp\/v2\/product"}],"about":[{"href":"https:\/\/www.autonvaraosahaku.fi\/index.php?rest_route=\/wp\/v2\/types\/product"}],"wp:attachment":[{"href":"https:\/\/www.autonvaraosahaku.fi\/index.php?rest_route=%2Fwp%2Fv2%2Fmedia&parent=39152"}],"wp:term":[{"taxonomy":"pwb-brand","embeddable":true,"href":"https:\/\/www.autonvaraosahaku.fi\/index.php?rest_route=%2Fwp%2Fv2%2Fpwb-brand&post=39152"},{"taxonomy":"product_cat","embeddable":true,"href":"https:\/\/www.autonvaraosahaku.fi\/index.php?rest_route=%2Fwp%2Fv2%2Fproduct_cat&post=39152"},{"taxonomy":"product_tag","embeddable":true,"href":"https:\/\/www.autonvaraosahaku.fi\/index.php?rest_route=%2Fwp%2Fv2%2Fproduct_tag&post=39152"}],"curies":[{"name":"wp","href":"https:\/\/api.w.org\/{rel}","templated":true}]}}