{"id":39535,"date":"2021-02-21T16:42:33","date_gmt":"2021-02-21T16:42:33","guid":{"rendered":"https:\/\/www.autonvaraosahaku.fi\/?product=valeo-348002-polttoainesuutin"},"modified":"2021-02-21T16:42:36","modified_gmt":"2021-02-21T16:42:36","slug":"valeo-348002-polttoainesuutin","status":"publish","type":"product","link":"https:\/\/www.autonvaraosahaku.fi\/?product=valeo-348002-polttoainesuutin","title":{"rendered":"VALEO 348002 Polttoainesuutin"},"content":{"rendered":"<p>Polttoaine: Bensiini; Reikien m\u00e4\u00e4r\u00e4: 4; Napojen m\u00e4\u00e4r\u00e4: 2; Lyhyt malli: ; Pituus (mm): 59,6; Paine (bar): 3,5; Vastus [Ohm]: 12,25; Paino [kg]: 0,045; Valmistusvuosi alkaen: 09\/2005; CITRO\u00cbN: BERLINGO MF,C2 JM_,C3 I FC_,BERLINGO Kasten M_,NEMO Kasten AA_,NEMO Kombi; PEUGEOT: 206 Schr\u00e4gheck 2A\/C,207 WA_, WC_,207 SW WK_,206 SW 2E\/K,206+ T3E,1007 KM_,PARTNER Combispace 5F,PARTNER Kasten 5,206 Stufenheck,BIPPER AA_,BIPPER Tepee,207 Van; 1984G0, 1984G0<\/p>\n","protected":false},"excerpt":{"rendered":"<p>VALEO Ruiskutusventtiili 348002  CITRO\u00cbN,PEUGEOT,BERLINGO MF,C2 JM_,C3 I FC_,BERLINGO Kasten M_,NEMO Kasten AA_,NEMO Kombi,206 Schr\u00e4gheck 2A\/C<\/p>\n","protected":false},"featured_media":0,"template":"","meta":{"site-sidebar-layout":"default","site-content-layout":"default","ast-global-header-display":"","ast-main-header-display":"","ast-hfb-above-header-display":"","ast-hfb-below-header-display":"","ast-hfb-mobile-header-display":"","site-post-title":"","ast-breadcrumbs-content":"","ast-featured-img":"","footer-sml-layout":"","theme-transparent-header-meta":"","adv-header-id-meta":"","stick-header-meta":"","header-above-stick-meta":"","header-main-stick-meta":"","header-below-stick-meta":""},"pwb-brand":[28],"product_cat":[346],"product_tag":[],"class_list":{"0":"post-39535","1":"product","2":"type-product","3":"status-publish","5":"pwb-brand-valeo","6":"product_cat-polttoainesuutin","7":"desktop-align-left","8":"tablet-align-left","9":"mobile-align-left","11":"first","12":"instock","13":"product-type-external"},"brands":[{"id":28,"name":"VALEO","slug":"valeo"}],"_links":{"self":[{"href":"https:\/\/www.autonvaraosahaku.fi\/index.php?rest_route=\/wp\/v2\/product\/39535","targetHints":{"allow":["GET"]}}],"collection":[{"href":"https:\/\/www.autonvaraosahaku.fi\/index.php?rest_route=\/wp\/v2\/product"}],"about":[{"href":"https:\/\/www.autonvaraosahaku.fi\/index.php?rest_route=\/wp\/v2\/types\/product"}],"wp:attachment":[{"href":"https:\/\/www.autonvaraosahaku.fi\/index.php?rest_route=%2Fwp%2Fv2%2Fmedia&parent=39535"}],"wp:term":[{"taxonomy":"pwb-brand","embeddable":true,"href":"https:\/\/www.autonvaraosahaku.fi\/index.php?rest_route=%2Fwp%2Fv2%2Fpwb-brand&post=39535"},{"taxonomy":"product_cat","embeddable":true,"href":"https:\/\/www.autonvaraosahaku.fi\/index.php?rest_route=%2Fwp%2Fv2%2Fproduct_cat&post=39535"},{"taxonomy":"product_tag","embeddable":true,"href":"https:\/\/www.autonvaraosahaku.fi\/index.php?rest_route=%2Fwp%2Fv2%2Fproduct_tag&post=39535"}],"curies":[{"name":"wp","href":"https:\/\/api.w.org\/{rel}","templated":true}]}}