{"id":40062,"date":"2021-02-21T16:44:51","date_gmt":"2021-02-21T16:44:51","guid":{"rendered":"https:\/\/www.autonvaraosahaku.fi\/?product=swf-116530-pyyhkijansulat"},"modified":"2021-02-21T16:44:52","modified_gmt":"2021-02-21T16:44:52","slug":"swf-116530-pyyhkijansulat","status":"publish","type":"product","link":"https:\/\/www.autonvaraosahaku.fi\/?product=swf-116530-pyyhkijansulat","title":{"rendered":"SWF 116530 Pyyhkij\u00e4nsulat"},"content":{"rendered":"<p>Asennuspuoli: Takana; M\u00e4\u00e4r\u00e4: 1; Pituus (mm): 288; Pituus (tuumaa): 11; Paino [kg]: 0,09; Tuotelinja: Rear; Pyyhkij\u00e4nsulkatyyppi: Tavallinen; Valmistusvuosi alkaen: 09\/2010; ABARTH: 500 \/ 595 312_; MERCEDES-BENZ: C-CLASS T-Model S204,B-CLASS W246, W242; OPEL: ASTRA G Caravan F35_,ASTRA G Kasten F70; MINI: MINI R56,MINI R50, R53; LANCIA: DELTA III 844; FORD: KA RU8; DACIA: SANDERO II,LODGY,LOGAN MCV II,DOKKER,DOKKER Express; FIAT: 500 312,BRAVO II 198,PANDA 312,500L,500X,PANDA VAN 312; CITRO\u00cbN: C2 JM_,DS3,C5 II Break RE_,C3 Picasso,C5 I Break DE_,C4 II B7,C2 ENTERPRISE; PEUGEOT: 407 SW 6E_,308 SW,5008,2008; 1607383080, 1611352180, 642389, 287909363R, 1589122, A2048200345, A2468201045, 61622754285, 6426XJ, 287908637R, 287909363R; Tuulilasinpyyhkimet,Pyyhkij\u00e4t,Pyyhkij\u00e4nsulka<\/p>\n","protected":false},"excerpt":{"rendered":"<p>SWF Pyyhkij\u00e4nsulat 116530 Tuulilasinpyyhkimet,Pyyhkij\u00e4t ABARTH,MERCEDES-BENZ,OPEL,500 \/ 595 312_,C-CLASS T-Model S204,B-CLASS W246, W242<\/p>\n","protected":false},"featured_media":0,"template":"","meta":{"site-sidebar-layout":"default","site-content-layout":"default","ast-global-header-display":"","ast-main-header-display":"","ast-hfb-above-header-display":"","ast-hfb-below-header-display":"","ast-hfb-mobile-header-display":"","site-post-title":"","ast-breadcrumbs-content":"","ast-featured-img":"","footer-sml-layout":"","theme-transparent-header-meta":"","adv-header-id-meta":"","stick-header-meta":"","header-above-stick-meta":"","header-main-stick-meta":"","header-below-stick-meta":""},"pwb-brand":[204],"product_cat":[33],"product_tag":[],"class_list":{"0":"post-40062","1":"product","2":"type-product","3":"status-publish","5":"pwb-brand-swf","6":"product_cat-pyyhkijansulat","7":"desktop-align-left","8":"tablet-align-left","9":"mobile-align-left","11":"first","12":"instock","13":"product-type-external"},"brands":[{"id":204,"name":"SWF","slug":"swf"}],"_links":{"self":[{"href":"https:\/\/www.autonvaraosahaku.fi\/index.php?rest_route=\/wp\/v2\/product\/40062","targetHints":{"allow":["GET"]}}],"collection":[{"href":"https:\/\/www.autonvaraosahaku.fi\/index.php?rest_route=\/wp\/v2\/product"}],"about":[{"href":"https:\/\/www.autonvaraosahaku.fi\/index.php?rest_route=\/wp\/v2\/types\/product"}],"wp:attachment":[{"href":"https:\/\/www.autonvaraosahaku.fi\/index.php?rest_route=%2Fwp%2Fv2%2Fmedia&parent=40062"}],"wp:term":[{"taxonomy":"pwb-brand","embeddable":true,"href":"https:\/\/www.autonvaraosahaku.fi\/index.php?rest_route=%2Fwp%2Fv2%2Fpwb-brand&post=40062"},{"taxonomy":"product_cat","embeddable":true,"href":"https:\/\/www.autonvaraosahaku.fi\/index.php?rest_route=%2Fwp%2Fv2%2Fproduct_cat&post=40062"},{"taxonomy":"product_tag","embeddable":true,"href":"https:\/\/www.autonvaraosahaku.fi\/index.php?rest_route=%2Fwp%2Fv2%2Fproduct_tag&post=40062"}],"curies":[{"name":"wp","href":"https:\/\/api.w.org\/{rel}","templated":true}]}}