{"id":40392,"date":"2021-02-21T16:46:13","date_gmt":"2021-02-21T16:46:13","guid":{"rendered":"https:\/\/www.autonvaraosahaku.fi\/?product=swf-116166-pyyhkijansulat"},"modified":"2021-02-21T16:46:16","modified_gmt":"2021-02-21T16:46:16","slug":"swf-116166-pyyhkijansulat","status":"publish","type":"product","link":"https:\/\/www.autonvaraosahaku.fi\/?product=swf-116166-pyyhkijansulat","title":{"rendered":"SWF 116166 Pyyhkij\u00e4nsulat"},"content":{"rendered":"<p>M\u00e4\u00e4r\u00e4: 1; Pituus (mm): 550; Pituus (tuumaa): 22; Sopiva adapteri: U; Kulumisenilmaisimen liitos: kulumisvaroitinkoskettimella; Paino [kg]: 0,21; Tuotelinja: Original; Pyyhkij\u00e4nsulkatyyppi: Tavallinen; Valmistusvuoteen: 02\/1996; VW: LT 28-46 II Kasten 2DA, 2DD, 2DH,LT 28-35 II Bus 2DB, 2DE, 2DK,LT 28-46 II Pritsche\/Fahrgestell 2DC, 2DF, 2DG, 2DL, 2DM; AUDI: CABRIOLET 8G7, B4,100 4A, C4,COUPE 89, 8B,100 Avant 4A, C4,V8 44_, 4C_; MAZDA: 6 Station Wagon GY,6 Hatchback GG,6 GG,RX 7 II FC,RX 7 I SA,MPV I LV; BMW: X3 E83,X5 E53,3 Cabriolet E36; CHEVROLET: NUBIRA Kombi,KALOS,AVEO Schr\u00e4gheck T250, T255,EPICA KL1_,LACETTI J200,AVEO Stufenheck T250, T255,KALOS Stufenheck,NUBIRA Stufenheck,LACETTI Kombi J200,BLAZER S10,LACETTI Stufenheck; JEEP: COMPASS MK49,GRAND CHEROKEE IV WK, WK2; DAEWOO: KALOS KLAS,EVANDA KLAL,LACETTI Schr\u00e4gheck KLAN,NUBIRA Stufenheck KLAN,KALOS Stufenheck KLAS,NUBIRA Wagon KLAN,LEGANZA KLAV; NISSAN: ALMERA II Hatchback N16,NV200 EVALIA,NV200 Kasten,PATHFINDER R50,ALMERA Mk II N16,MAXIMA QX A32,VANETTE Bus C22,PRAIRIE PRO M11,VANETTE Kasten C22; KIA: PICANTO BA,RIO II JB,PICANTO TA,MAGENTIS GD,RIO II Stufenheck JB,JOICE; LEXUS: RX MHU3_, GSU3_, MCU3_,RX MCU15,LS UCF20,LS UCF10; 95980790, 1611345680, 1638200045, 1638200845, 1611345680, 1611346080, 1611355480, 6423F4, 6423F5, 6423L4, 6426KW, 6426V5; Tuulilasinpyyhkimet,Pyyhkij\u00e4t,Pyyhkij\u00e4nsulka<\/p>\n","protected":false},"excerpt":{"rendered":"<p>SWF Pyyhkij\u00e4nsulat 116166 Tuulilasinpyyhkimet,Pyyhkij\u00e4t VW,AUDI,MAZDA,LT 28-46 II Kasten 2DA, 2DD, 2DH,LT 28-35 II Bus 2DB, 2DE, 2DK<\/p>\n","protected":false},"featured_media":0,"template":"","meta":{"site-sidebar-layout":"default","site-content-layout":"default","ast-global-header-display":"","ast-main-header-display":"","ast-hfb-above-header-display":"","ast-hfb-below-header-display":"","ast-hfb-mobile-header-display":"","site-post-title":"","ast-breadcrumbs-content":"","ast-featured-img":"","footer-sml-layout":"","theme-transparent-header-meta":"","adv-header-id-meta":"","stick-header-meta":"","header-above-stick-meta":"","header-main-stick-meta":"","header-below-stick-meta":""},"pwb-brand":[204],"product_cat":[33],"product_tag":[],"class_list":{"0":"post-40392","1":"product","2":"type-product","3":"status-publish","5":"pwb-brand-swf","6":"product_cat-pyyhkijansulat","7":"desktop-align-left","8":"tablet-align-left","9":"mobile-align-left","11":"first","12":"instock","13":"product-type-external"},"brands":[{"id":204,"name":"SWF","slug":"swf"}],"_links":{"self":[{"href":"https:\/\/www.autonvaraosahaku.fi\/index.php?rest_route=\/wp\/v2\/product\/40392","targetHints":{"allow":["GET"]}}],"collection":[{"href":"https:\/\/www.autonvaraosahaku.fi\/index.php?rest_route=\/wp\/v2\/product"}],"about":[{"href":"https:\/\/www.autonvaraosahaku.fi\/index.php?rest_route=\/wp\/v2\/types\/product"}],"wp:attachment":[{"href":"https:\/\/www.autonvaraosahaku.fi\/index.php?rest_route=%2Fwp%2Fv2%2Fmedia&parent=40392"}],"wp:term":[{"taxonomy":"pwb-brand","embeddable":true,"href":"https:\/\/www.autonvaraosahaku.fi\/index.php?rest_route=%2Fwp%2Fv2%2Fpwb-brand&post=40392"},{"taxonomy":"product_cat","embeddable":true,"href":"https:\/\/www.autonvaraosahaku.fi\/index.php?rest_route=%2Fwp%2Fv2%2Fproduct_cat&post=40392"},{"taxonomy":"product_tag","embeddable":true,"href":"https:\/\/www.autonvaraosahaku.fi\/index.php?rest_route=%2Fwp%2Fv2%2Fproduct_tag&post=40392"}],"curies":[{"name":"wp","href":"https:\/\/api.w.org\/{rel}","templated":true}]}}