{"id":40955,"date":"2021-02-21T16:48:28","date_gmt":"2021-02-21T16:48:28","guid":{"rendered":"https:\/\/www.autonvaraosahaku.fi\/?product=valeo-256366-keskuslukitus"},"modified":"2021-02-21T16:48:31","modified_gmt":"2021-02-21T16:48:31","slug":"valeo-256366-keskuslukitus","status":"publish","type":"product","link":"https:\/\/www.autonvaraosahaku.fi\/?product=valeo-256366-keskuslukitus","title":{"rendered":"VALEO 256366 Keskuslukitus"},"content":{"rendered":"<p>Asennuspuoli: Auton takaluukku; Versio: SP; K\u00e4ytt\u00f6: S\u00e4hk\u00f6inen; Paino [kg]: 0,12; Oviluku: 3; CITRO\u00cbN: XM Y4,XANTIA X2,XANTIA X1,AX ZA-_,EVASION 22, U6,BX XB-_,ZX Break N2,BX Break XB-_; PEUGEOT: 106 II 1,306 Schr\u00e4gheck 7A, 7C, N3, N5,306 Cabriolet 7D, N3, N5,406 Break 8E\/F,106 I 1A, 1C,205 II 20A\/C,406 Coupe 8C,306 Break 7E, N3, N5,406 8B,806 221,306 7B, N3, N5,205 I Cabriolet 741B, 20D,309 II 3C, 3A,205 I 741A\/C,405 I 15B,405 II 4B,106 Van 1_,309 I 10C, 10A,405 II Break 4E,205 Kasten,306 Kasten\/Schr\u00e4gheck; 661502, 661502; Keskuslukitussarja,S\u00e4\u00e4t\u00f6elementti, Keskuslukitus<\/p>\n","protected":false},"excerpt":{"rendered":"<p>VALEO Keskuslukitus 256366 Keskuslukitussarja,S\u00e4\u00e4t\u00f6elementti, Keskuslukitus CITRO\u00cbN,PEUGEOT,XM Y4,XANTIA X2,XANTIA X1,AX ZA-_,EVASION 22, U6,BX XB-_<\/p>\n","protected":false},"featured_media":0,"template":"","meta":{"site-sidebar-layout":"default","site-content-layout":"default","ast-global-header-display":"","ast-main-header-display":"","ast-hfb-above-header-display":"","ast-hfb-below-header-display":"","ast-hfb-mobile-header-display":"","site-post-title":"","ast-breadcrumbs-content":"","ast-featured-img":"","footer-sml-layout":"","theme-transparent-header-meta":"","adv-header-id-meta":"","stick-header-meta":"","header-above-stick-meta":"","header-main-stick-meta":"","header-below-stick-meta":""},"pwb-brand":[28],"product_cat":[202],"product_tag":[],"class_list":{"0":"post-40955","1":"product","2":"type-product","3":"status-publish","5":"pwb-brand-valeo","6":"product_cat-keskuslukitus","7":"desktop-align-left","8":"tablet-align-left","9":"mobile-align-left","11":"first","12":"instock","13":"product-type-external"},"brands":[{"id":28,"name":"VALEO","slug":"valeo"}],"_links":{"self":[{"href":"https:\/\/www.autonvaraosahaku.fi\/index.php?rest_route=\/wp\/v2\/product\/40955","targetHints":{"allow":["GET"]}}],"collection":[{"href":"https:\/\/www.autonvaraosahaku.fi\/index.php?rest_route=\/wp\/v2\/product"}],"about":[{"href":"https:\/\/www.autonvaraosahaku.fi\/index.php?rest_route=\/wp\/v2\/types\/product"}],"wp:attachment":[{"href":"https:\/\/www.autonvaraosahaku.fi\/index.php?rest_route=%2Fwp%2Fv2%2Fmedia&parent=40955"}],"wp:term":[{"taxonomy":"pwb-brand","embeddable":true,"href":"https:\/\/www.autonvaraosahaku.fi\/index.php?rest_route=%2Fwp%2Fv2%2Fpwb-brand&post=40955"},{"taxonomy":"product_cat","embeddable":true,"href":"https:\/\/www.autonvaraosahaku.fi\/index.php?rest_route=%2Fwp%2Fv2%2Fproduct_cat&post=40955"},{"taxonomy":"product_tag","embeddable":true,"href":"https:\/\/www.autonvaraosahaku.fi\/index.php?rest_route=%2Fwp%2Fv2%2Fproduct_tag&post=40955"}],"curies":[{"name":"wp","href":"https:\/\/api.w.org\/{rel}","templated":true}]}}