{"id":41220,"date":"2021-02-21T16:49:30","date_gmt":"2021-02-21T16:49:30","guid":{"rendered":"https:\/\/www.autonvaraosahaku.fi\/?product=mahle-original-kl-14-polttoainesuodatin"},"modified":"2021-02-21T16:49:30","modified_gmt":"2021-02-21T16:49:30","slug":"mahle-original-kl-14-polttoainesuodatin","status":"publish","type":"product","link":"https:\/\/www.autonvaraosahaku.fi\/?product=mahle-original-kl-14-polttoainesuodatin","title":{"rendered":"MAHLE ORIGINAL KL 14 Polttoainesuodatin"},"content":{"rendered":"<p>Suodatintyyppi: Letkusuodatin; Kopan l\u00e4pimitta (mm): 55,0; Korkeus 1 (mm): 89,0; Korkeus (mm): 140,0; L\u00e4pimitta 2 [mm]: 8,0; L\u00e4pimitta 3 [mm]: 8,0; Paino [g]: 0,26; Korkeus (tuumaa): 5,75; Leveys (tuumaa): 2,2; Pituus (tuumaa): 2,2; Valmistusvuosi alkaen: 07\/1992; VW: POLO CLASSIC 6KV2; OPEL: OMEGA A 16_, 17_, 19_,CORSA B 73_, 78_, 79_,VECTRA B 36_,ASTRA F CC 53_, 54_, 58_, 59_,VECTRA B Caravan 31_,ASTRA F Caravan 51_, 52_,FRONTERA B 6B_,CALIBRA A 85_,VECTRA B CC 38_,VECTRA A 86_, 87_,CORSA CLASSIC Stufenheck,ASTRA F Cabriolet 53_B,ASTRA F 56_, 57_,KADETT E CC 33_, 34_, 43_, 44_,FRONTERA A Sport 5_SUD2,CORSA A CC 93_, 94_, 98_, 99_,FRONTERA A 5_MWL4,KADETT C Coupe,MANTA B 58_, 59_,VECTRA A CC 88_, 89_,MONZA A 22_,KADETT C,KADETT E Cabriolet 43B_,ASCONA B 81_, 86_, 87_, 88_,ASCONA C 81_, 86_, 87_, 88_,REKORD E 17_-19_, 11_, 14_, 16_,SENATOR B 29_,SENATOR A 29_,MANTA A 58_, 59_,OMEGA A Caravan 66_, 67_,ASTRA F CLASSIC CC,CORSA A TR 91_, 92_, 96_, 97_,KADETT D 31_-34_, 41_-44_,ASTRA F CLASSIC Stufenheck,MONTEREY A UBS_,ASTRA F CLASSIC Caravan,KADETT E 39_, 49_,ASCONA C CC 84_, 89_,KADETT E Caravan 35_, 36_, 45_, 46_,ASCONA A 81_, 86_, 87_, 88_,MANTA B CC 53_, 55_,KADETT C City,COMMODORE C 14_, 19_,MONTEREY B,CORSA B Utility Pick-up,ASTRA F Van 55_,REKORD ; LANCIA: BETA Coupe 828BC,DEDRA 835,BETA  H.P.E. 828BF,GAMMA Coupe,TREVI 828DB; FIAT: CINQUECENTO 170,PANDA 141A_,TIPO 160,PANDA Van 141_,132,REGATA 138,ARGENTA 132A,REGATA Weekend 138,ELBA 146_; CITRO\u00cbN: XANTIA X1,AX ZA-_,ZX N2,BX XB-_,XM Y3,CX II,CX I MA,XANTIA Break X1,ZX Break N2,BX Break XB-_,C15 VD-_,CX II Break,XM Break Y3,CX I Break MA,C15 Kombi; ALFA ROMEO: 75 162B,164 164; PEUGEOT: 306 Schr\u00e4gheck 7A, 7C, N3, N5,306 Cabriolet 7D, N3, N5,106 I 1A, 1C,205 II 20A\/C,306 7B, N3, N5,205 I Cabriolet 741B, 20D,309 II 3C, 3A,309 I 10C, 10A,306 Kasten\/Schr\u00e4gheck; AUTOBIANCHI: Y10; VAUXHALL: CALIBRA,ASTRA Mk III F CC,FRONTERA Mk II B,ASTRA Mk II CC,FRONTERA Mk I A,CAVALIER Mk III 87,BRAVA Pick-up,MONTEREY,FRONTERA Mk I A Sport,ASTRA Mk III F Estate,CAVALIER Mk III CC,ASTRAVAN Mk III F,CAVALIER Mk II CC,NOVA,NOVA CC,CARLTON Mk III; ISUZU: TROOPER,TROOPER Soft Top; 6N0201511, 6N0201511A, 156779, 5470530, 91470530, 95470530, 96131549, 6N0201511, 6N0201511A, 0000004435144, 0000007612972, 119113204500, 4435144, 5984093, 60534120, 7612972, 5010912, A830X9155AA, EFG51, 025121113, 25055364, 25121113, 25121974, 25161249, 25055364, 8250553640, 7612972, 0818502, 0818513, 25055364, 25121974, 25161249, 818500, 818501, 818502, 818512, 818513, 818541, 90169150, 90281325, 156728, 92309490628, 7700582693, 831842, 8318429, 25055364, 25121113, 25121974, 25161249, 90169150, VFF618, 6N0201511, 6N0201511A<\/p>\n","protected":false},"excerpt":{"rendered":"<p>MAHLE ORIGINAL Polttoainesuodatin KL 14  VW,OPEL,LANCIA,POLO CLASSIC 6KV2,OMEGA A 16_, 17_, 19_,CORSA B 73_, 78_, 79_,VECTRA B 36_<\/p>\n","protected":false},"featured_media":0,"template":"","meta":{"site-sidebar-layout":"default","site-content-layout":"default","ast-global-header-display":"","ast-main-header-display":"","ast-hfb-above-header-display":"","ast-hfb-below-header-display":"","ast-hfb-mobile-header-display":"","site-post-title":"","ast-breadcrumbs-content":"","ast-featured-img":"","footer-sml-layout":"","theme-transparent-header-meta":"","adv-header-id-meta":"","stick-header-meta":"","header-above-stick-meta":"","header-main-stick-meta":"","header-below-stick-meta":""},"pwb-brand":[153],"product_cat":[29],"product_tag":[],"class_list":{"0":"post-41220","1":"product","2":"type-product","3":"status-publish","5":"pwb-brand-mahle-original","6":"product_cat-polttoainesuodatin","7":"desktop-align-left","8":"tablet-align-left","9":"mobile-align-left","11":"first","12":"instock","13":"product-type-external"},"brands":[{"id":153,"name":"MAHLE ORIGINAL","slug":"mahle-original"}],"_links":{"self":[{"href":"https:\/\/www.autonvaraosahaku.fi\/index.php?rest_route=\/wp\/v2\/product\/41220","targetHints":{"allow":["GET"]}}],"collection":[{"href":"https:\/\/www.autonvaraosahaku.fi\/index.php?rest_route=\/wp\/v2\/product"}],"about":[{"href":"https:\/\/www.autonvaraosahaku.fi\/index.php?rest_route=\/wp\/v2\/types\/product"}],"wp:attachment":[{"href":"https:\/\/www.autonvaraosahaku.fi\/index.php?rest_route=%2Fwp%2Fv2%2Fmedia&parent=41220"}],"wp:term":[{"taxonomy":"pwb-brand","embeddable":true,"href":"https:\/\/www.autonvaraosahaku.fi\/index.php?rest_route=%2Fwp%2Fv2%2Fpwb-brand&post=41220"},{"taxonomy":"product_cat","embeddable":true,"href":"https:\/\/www.autonvaraosahaku.fi\/index.php?rest_route=%2Fwp%2Fv2%2Fproduct_cat&post=41220"},{"taxonomy":"product_tag","embeddable":true,"href":"https:\/\/www.autonvaraosahaku.fi\/index.php?rest_route=%2Fwp%2Fv2%2Fproduct_tag&post=41220"}],"curies":[{"name":"wp","href":"https:\/\/api.w.org\/{rel}","templated":true}]}}