{"id":41639,"date":"2021-02-21T16:51:04","date_gmt":"2021-02-21T16:51:04","guid":{"rendered":"https:\/\/www.autonvaraosahaku.fi\/?product=autofren-seinsa-d4205-jarrusatula-korjaussarja"},"modified":"2021-02-21T16:51:04","modified_gmt":"2021-02-21T16:51:04","slug":"autofren-seinsa-d4205-jarrusatula-korjaussarja","status":"publish","type":"product","link":"https:\/\/www.autonvaraosahaku.fi\/?product=autofren-seinsa-d4205-jarrusatula-korjaussarja","title":{"rendered":"AUTOFREN SEINSA D4205 Jarrusatula korjaussarja"},"content":{"rendered":"<p>Asennuspuoli: Etuakseli; L\u00e4pimitta [mm]: 48; Jarruj\u00e4rjestelm\u00e4: LUCAS; OE-numerolle: 321698471; Jarrusatulatyyppi: Bremssattel(1-Kolben); VW: PASSAT 32,PASSAT Variant 33; AUDI: 80 81, 85, B2,COUPE 81, 85,80 80, 82, B1,90 81, 85, B2,100 43, C2,100 Avant 43, C2; LANCIA: Y 840A,DELTA I 831AB0,DEDRA 835,Y10 156,DEDRA SW 835,PRISMA 831AB0; BMW: 3 E30,3 Cabriolet E30,3 Touring E30,Z1; VOLVO: 340-360 343, 345,340-360 Stufenheck 344; ALFA ROMEO: 155 167,33 907A,33 Sportwagon 907B; RENAULT: LAGUNA I B56_, 556_,5 122_,12,12 Variable 117_,12 Kasten; FIAT: BARCHETTA 183,PUNTO 176,PUNTO Cabriolet 176C,UNO 146A\/E,TIPO 160,TEMPRA 159,RITMO I 138A,PUNTO Van 176L,TEMPRA S.W. 159,REGATA 138,ARGENTA 132A,PALIO 178BX,UNO Kasten 146,REGATA Weekend 138; AUTOBIANCHI: Y10; ZASTAVA: YUGO FLORIDA; 32777690; Korjaussarja, Jarrusatula<\/p>\n","protected":false},"excerpt":{"rendered":"<p>AUTOFREN SEINSA Jarrusatula Korjaussarja D4205 Korjaussarja, Jarrusatula VW,AUDI,LANCIA,PASSAT 32,PASSAT Variant 33,80 81, 85, B2,COUPE 81, 85<\/p>\n","protected":false},"featured_media":0,"template":"","meta":{"site-sidebar-layout":"default","site-content-layout":"default","ast-global-header-display":"","ast-main-header-display":"","ast-hfb-above-header-display":"","ast-hfb-below-header-display":"","ast-hfb-mobile-header-display":"","site-post-title":"","ast-breadcrumbs-content":"","ast-featured-img":"","footer-sml-layout":"","theme-transparent-header-meta":"","adv-header-id-meta":"","stick-header-meta":"","header-above-stick-meta":"","header-main-stick-meta":"","header-below-stick-meta":""},"pwb-brand":[243],"product_cat":[57],"product_tag":[],"class_list":{"0":"post-41639","1":"product","2":"type-product","3":"status-publish","5":"pwb-brand-autofren-seinsa","6":"product_cat-jarrusatula-korjaussarja","7":"desktop-align-left","8":"tablet-align-left","9":"mobile-align-left","11":"first","12":"instock","13":"product-type-external"},"brands":[{"id":243,"name":"AUTOFREN SEINSA","slug":"autofren-seinsa"}],"_links":{"self":[{"href":"https:\/\/www.autonvaraosahaku.fi\/index.php?rest_route=\/wp\/v2\/product\/41639","targetHints":{"allow":["GET"]}}],"collection":[{"href":"https:\/\/www.autonvaraosahaku.fi\/index.php?rest_route=\/wp\/v2\/product"}],"about":[{"href":"https:\/\/www.autonvaraosahaku.fi\/index.php?rest_route=\/wp\/v2\/types\/product"}],"wp:attachment":[{"href":"https:\/\/www.autonvaraosahaku.fi\/index.php?rest_route=%2Fwp%2Fv2%2Fmedia&parent=41639"}],"wp:term":[{"taxonomy":"pwb-brand","embeddable":true,"href":"https:\/\/www.autonvaraosahaku.fi\/index.php?rest_route=%2Fwp%2Fv2%2Fpwb-brand&post=41639"},{"taxonomy":"product_cat","embeddable":true,"href":"https:\/\/www.autonvaraosahaku.fi\/index.php?rest_route=%2Fwp%2Fv2%2Fproduct_cat&post=41639"},{"taxonomy":"product_tag","embeddable":true,"href":"https:\/\/www.autonvaraosahaku.fi\/index.php?rest_route=%2Fwp%2Fv2%2Fproduct_tag&post=41639"}],"curies":[{"name":"wp","href":"https:\/\/api.w.org\/{rel}","templated":true}]}}