{"id":42680,"date":"2021-02-21T16:55:27","date_gmt":"2021-02-21T16:55:27","guid":{"rendered":"https:\/\/www.autonvaraosahaku.fi\/?product=ridex-78b0151-jarrusatula"},"modified":"2021-02-21T16:55:28","modified_gmt":"2021-02-21T16:55:28","slug":"ridex-78b0151-jarrusatula","status":"publish","type":"product","link":"https:\/\/www.autonvaraosahaku.fi\/?product=ridex-78b0151-jarrusatula","title":{"rendered":"RIDEX 78B0151 Jarrusatula"},"content":{"rendered":"<p>Asennuspuoli: Taka-akseli, vasen, Akselin takana; Sylinterim\u00e4nn\u00e4n halkaisija [mm]: 36; Jarrusatulatyyppi: Jarrusatula (1-m\u00e4nt\u00e4); Jarrulevypaksuudelle [mm]: 10; Jarrulevyl\u00e4pimitalle [mm]: 264; Nettopaino [kg]: 1,6; parilliset tuotenumerot: 78B0230; Alustanumeroon: B4157375, B6047744; OPEL: CORSA D; FIAT: GRANDE PUNTO 199,PUNTO EVO 199,PUNTO 199,PUNTO Van 199; ABARTH: PUNTO 199_,PUNTO EVO 199_; VAUXHALL: CORSA Mk III D L_8; 77363937, 77365453, 77365460, 542164, 542546, 542548, 5542103, 93189817, 93192463, 93192465, 95508711, 93192463, 93192465, 95508711<\/p>\n","protected":false},"excerpt":{"rendered":"<p>RIDEX Jarrusatula 78B0151  OPEL,FIAT,ABARTH,CORSA D,GRANDE PUNTO 199,PUNTO EVO 199,PUNTO 199,PUNTO Van 199,PUNTO 199_,PUNTO EVO 199_<\/p>\n","protected":false},"featured_media":0,"template":"","meta":{"site-sidebar-layout":"default","site-content-layout":"default","ast-global-header-display":"","ast-main-header-display":"","ast-hfb-above-header-display":"","ast-hfb-below-header-display":"","ast-hfb-mobile-header-display":"","site-post-title":"","ast-breadcrumbs-content":"","ast-featured-img":"","footer-sml-layout":"","theme-transparent-header-meta":"","adv-header-id-meta":"","stick-header-meta":"","header-above-stick-meta":"","header-main-stick-meta":"","header-below-stick-meta":""},"pwb-brand":[157],"product_cat":[177],"product_tag":[],"class_list":{"0":"post-42680","1":"product","2":"type-product","3":"status-publish","5":"pwb-brand-ridex","6":"product_cat-jarrusatula","7":"desktop-align-left","8":"tablet-align-left","9":"mobile-align-left","11":"first","12":"instock","13":"product-type-external"},"brands":[{"id":157,"name":"RIDEX","slug":"ridex"}],"_links":{"self":[{"href":"https:\/\/www.autonvaraosahaku.fi\/index.php?rest_route=\/wp\/v2\/product\/42680","targetHints":{"allow":["GET"]}}],"collection":[{"href":"https:\/\/www.autonvaraosahaku.fi\/index.php?rest_route=\/wp\/v2\/product"}],"about":[{"href":"https:\/\/www.autonvaraosahaku.fi\/index.php?rest_route=\/wp\/v2\/types\/product"}],"wp:attachment":[{"href":"https:\/\/www.autonvaraosahaku.fi\/index.php?rest_route=%2Fwp%2Fv2%2Fmedia&parent=42680"}],"wp:term":[{"taxonomy":"pwb-brand","embeddable":true,"href":"https:\/\/www.autonvaraosahaku.fi\/index.php?rest_route=%2Fwp%2Fv2%2Fpwb-brand&post=42680"},{"taxonomy":"product_cat","embeddable":true,"href":"https:\/\/www.autonvaraosahaku.fi\/index.php?rest_route=%2Fwp%2Fv2%2Fproduct_cat&post=42680"},{"taxonomy":"product_tag","embeddable":true,"href":"https:\/\/www.autonvaraosahaku.fi\/index.php?rest_route=%2Fwp%2Fv2%2Fproduct_tag&post=42680"}],"curies":[{"name":"wp","href":"https:\/\/api.w.org\/{rel}","templated":true}]}}