{"id":43083,"date":"2021-02-21T16:57:13","date_gmt":"2021-02-21T16:57:13","guid":{"rendered":"https:\/\/www.autonvaraosahaku.fi\/?product=elring-128-210-kampiakselin-tiiviste"},"modified":"2021-02-21T16:57:14","modified_gmt":"2021-02-21T16:57:14","slug":"elring-128-210-kampiakselin-tiiviste","status":"publish","type":"product","link":"https:\/\/www.autonvaraosahaku.fi\/?product=elring-128-210-kampiakselin-tiiviste","title":{"rendered":"ELRING 128.210 Kampiakselin tiiviste"},"content":{"rendered":"<p>Sis\u00e4l\u00e4pimitta [mm]: 80; Ulkol\u00e4pimitta [mm]: 100; Korkeus (mm): 13; Akselitiivisteen malli: A; Rihlamalli: Vasen kierre; Materiaali: MVQ (silikooni\/kautsu); Suojavaippa: Ilman suojakumia; Asennuspuoli: getriebeseitig; SKODA: 105,120 742,100,105,120 744,130,1000,110,RAPID 120G, 130G, 135G,110 Coupe; BMW: 02 E10,02 Touring E6,02 Cabriolet E10; VOLVO: 240 Kombi P245,240 P242, P244,760 704, 764,340-360 343, 345,960 Kombi 965,760 Kombi 704, 765,960 964,66,260 P262, P264,260 Coupe P262,340-360 Stufenheck 344,66 Kombi,260 Kombi P265,780; LANCIA: THEMA 834; DACIA: 1310 Stufenheck U, X,1300; CITRO\u00cbN: XM Y4,XM Y3,XM Break Y4,XM Break Y3; PEUGEOT: 605 6B,505 551A,504 Coupe,505 Break 551D,604 561A_; RENAULT: ESPACE III JE0_,LAGUNA I B56_, 556_,CLIO I B\/C57_, 5\/357_,LAGUNA I Grandtour K56_,4 112_,ESPACE II J\/S63_,19 II B\/C53_,SUPER 5 B\/C40_,5 122_,RAPID Kasten F40_, G40_,19 I B\/C53_,SAFRANE II B54_,4 Kasten R21_, R23_,TRAFIC Kasten TXX,9 L42_,SAFRANE I B54_,19 II Chamade L53_,12,11 B\/C37_,16 115_,21 Stufenheck L48_,25 B29_,19 I Chamade L53_,TRAFIC Kasten T1, T3, T4,CLIO I Kasten S57_,6 118_,TRAFIC Bus T5, T6, T7,18 134_,11 Kasten S37_,17,18 Variable 135_,5 Kasten 238_,30 127_,FUEGO 136_,12 Variable 117_,21 B48_,ESTAFETTE 213_,20 127_,19 II Kasten S53_,TRAFIC Pritsche\/Fahrgestell P6,19 I Kasten S53_,RODEO 6,15 130_,18 Kasten,12 Kasten,SUPER 5 Kasten S40_,RODEO 5; ARO: 10,SPARTANA; ALPINE: A310,A610; 11141255015, 051420, 7703087080, 9400514509, 1227921000, 12279R4601, 051420, 7703087035, 7703087080, 953080413, 12180279, 32672446; Akselitiiviste, Kampiakseli<\/p>\n","protected":false},"excerpt":{"rendered":"<p>ELRING Kampiakselin Tiiviste 128.210 Akselitiiviste, Kampiakseli SKODA,BMW,VOLVO,105,120 742,100,105,120 744,130,1000,110,RAPID 120G, 130G, 135G<\/p>\n","protected":false},"featured_media":0,"template":"","meta":{"site-sidebar-layout":"default","site-content-layout":"default","ast-global-header-display":"","ast-main-header-display":"","ast-hfb-above-header-display":"","ast-hfb-below-header-display":"","ast-hfb-mobile-header-display":"","site-post-title":"","ast-breadcrumbs-content":"","ast-featured-img":"","footer-sml-layout":"","theme-transparent-header-meta":"","adv-header-id-meta":"","stick-header-meta":"","header-above-stick-meta":"","header-main-stick-meta":"","header-below-stick-meta":""},"pwb-brand":[26],"product_cat":[88],"product_tag":[],"class_list":{"0":"post-43083","1":"product","2":"type-product","3":"status-publish","5":"pwb-brand-elring","6":"product_cat-kampiakselin-tiiviste","7":"desktop-align-left","8":"tablet-align-left","9":"mobile-align-left","11":"first","12":"instock","13":"product-type-external"},"brands":[{"id":26,"name":"ELRING","slug":"elring"}],"_links":{"self":[{"href":"https:\/\/www.autonvaraosahaku.fi\/index.php?rest_route=\/wp\/v2\/product\/43083","targetHints":{"allow":["GET"]}}],"collection":[{"href":"https:\/\/www.autonvaraosahaku.fi\/index.php?rest_route=\/wp\/v2\/product"}],"about":[{"href":"https:\/\/www.autonvaraosahaku.fi\/index.php?rest_route=\/wp\/v2\/types\/product"}],"wp:attachment":[{"href":"https:\/\/www.autonvaraosahaku.fi\/index.php?rest_route=%2Fwp%2Fv2%2Fmedia&parent=43083"}],"wp:term":[{"taxonomy":"pwb-brand","embeddable":true,"href":"https:\/\/www.autonvaraosahaku.fi\/index.php?rest_route=%2Fwp%2Fv2%2Fpwb-brand&post=43083"},{"taxonomy":"product_cat","embeddable":true,"href":"https:\/\/www.autonvaraosahaku.fi\/index.php?rest_route=%2Fwp%2Fv2%2Fproduct_cat&post=43083"},{"taxonomy":"product_tag","embeddable":true,"href":"https:\/\/www.autonvaraosahaku.fi\/index.php?rest_route=%2Fwp%2Fv2%2Fproduct_tag&post=43083"}],"curies":[{"name":"wp","href":"https:\/\/api.w.org\/{rel}","templated":true}]}}