{"id":43085,"date":"2021-02-21T16:57:13","date_gmt":"2021-02-21T16:57:13","guid":{"rendered":"https:\/\/www.autonvaraosahaku.fi\/?product=hella-8gh-007-157-241-lamput-hehkulamppu"},"modified":"2021-02-21T16:57:14","modified_gmt":"2021-02-21T16:57:14","slug":"hella-8gh-007-157-241-lamput-hehkulamppu","status":"publish","type":"product","link":"https:\/\/www.autonvaraosahaku.fi\/?product=hella-8gh-007-157-241-lamput-hehkulamppu","title":{"rendered":"HELLA 8GH 007 157-241 Lamput (hehkulamppu)"},"content":{"rendered":"<p>Lamppumalli: H7; J\u00e4nnite (V): 24; Nimellisteho (W): 70; M\u00e4\u00e4r\u00e4: 1; Tarkistuskilpi: E1; Kantamalli: PX 26 d; Pakkaustyyppi: Laatikko; Lyhdyn muoto: Doppelscheinwerfer; MERCEDES-BENZ: ACTROS,ACTROS MP2 \/ MP3,ACTROS MP4 \/ MP5,ANTOS,AROCS,ATEGO,ATEGO 2,ATEGO 3,AXOR,AXOR 2,INTEGRO (O 550),INTOURO,O 408,UNIMOG; VOLVO: 7700,9700,9900,B12,B7,B9,FH II,FH16 II,FM,FM10,FMX,FMX II; IVECO: CROSSWAY,EUROCARGO I-III,EuroCargo V,EUROTRAKKER,STRALIS,STRATOR,TECTOR,TRAKKER,URBANWAY,ZETA; VAN HOOL: T-Serie; SETRA: Series 400; SCANIA: 4 &#8211; series,L,P,G,R,S &#8211; series,P,G,R,T &#8211; series; RENAULT TRUCKS: AGORA,C,D,MAGNUM; NEOPLAN: Centroliner,Tourliner,Trendliner; MAN: CLA,F2000,L2000,LION\u00b4S CITY,LION\u00b4S COACH,LION\u00b4S COMFORT,LION\u00b4S STAR,M 2000 M,N\u00dc,TGA,TGL,TGM,TGS,TGX; KENWORTH: T-Series; 1637338, 3C4613D140AA, 21LN50410, 259010091, 81259010091, ZF259010091, 215226, 0050204, 13869700, 2906779, 982559, 999913869700<\/p>\n","protected":false},"excerpt":{"rendered":"<p>HELLA Polttimo, Kaukovalo HEAVY DUTY 8GH 007 157-241  MERCEDES-BENZ,VOLVO,IVECO,ACTROS,ACTROS MP2 \/ MP3,ACTROS MP4 \/ MP5,ANTOS,AROCS,ATEGO,ATEGO 2<\/p>\n","protected":false},"featured_media":0,"template":"","meta":{"site-sidebar-layout":"default","site-content-layout":"default","ast-global-header-display":"","ast-main-header-display":"","ast-hfb-above-header-display":"","ast-hfb-below-header-display":"","ast-hfb-mobile-header-display":"","site-post-title":"","ast-breadcrumbs-content":"","ast-featured-img":"","footer-sml-layout":"","theme-transparent-header-meta":"","adv-header-id-meta":"","stick-header-meta":"","header-above-stick-meta":"","header-main-stick-meta":"","header-below-stick-meta":""},"pwb-brand":[24],"product_cat":[151],"product_tag":[],"class_list":{"0":"post-43085","1":"product","2":"type-product","3":"status-publish","5":"pwb-brand-hella","6":"product_cat-lamput-hehkulamppu","7":"desktop-align-left","8":"tablet-align-left","9":"mobile-align-left","11":"first","12":"instock","13":"product-type-external"},"brands":[{"id":24,"name":"HELLA","slug":"hella"}],"_links":{"self":[{"href":"https:\/\/www.autonvaraosahaku.fi\/index.php?rest_route=\/wp\/v2\/product\/43085","targetHints":{"allow":["GET"]}}],"collection":[{"href":"https:\/\/www.autonvaraosahaku.fi\/index.php?rest_route=\/wp\/v2\/product"}],"about":[{"href":"https:\/\/www.autonvaraosahaku.fi\/index.php?rest_route=\/wp\/v2\/types\/product"}],"wp:attachment":[{"href":"https:\/\/www.autonvaraosahaku.fi\/index.php?rest_route=%2Fwp%2Fv2%2Fmedia&parent=43085"}],"wp:term":[{"taxonomy":"pwb-brand","embeddable":true,"href":"https:\/\/www.autonvaraosahaku.fi\/index.php?rest_route=%2Fwp%2Fv2%2Fpwb-brand&post=43085"},{"taxonomy":"product_cat","embeddable":true,"href":"https:\/\/www.autonvaraosahaku.fi\/index.php?rest_route=%2Fwp%2Fv2%2Fproduct_cat&post=43085"},{"taxonomy":"product_tag","embeddable":true,"href":"https:\/\/www.autonvaraosahaku.fi\/index.php?rest_route=%2Fwp%2Fv2%2Fproduct_tag&post=43085"}],"curies":[{"name":"wp","href":"https:\/\/api.w.org\/{rel}","templated":true}]}}