{"id":43086,"date":"2021-02-21T16:57:13","date_gmt":"2021-02-21T16:57:13","guid":{"rendered":"https:\/\/www.autonvaraosahaku.fi\/?product=kyb-343413-iskunvaimennin"},"modified":"2021-02-21T16:57:14","modified_gmt":"2021-02-21T16:57:14","slug":"kyb-343413-iskunvaimennin","status":"publish","type":"product","link":"https:\/\/www.autonvaraosahaku.fi\/?product=kyb-343413-iskunvaimennin","title":{"rendered":"KYB 343413 Iskunvaimennin"},"content":{"rendered":"<p>Asennuspuoli: Taka-akseli; Iskunvaimennin tyyppi: Kaasupaine; Iskunvaimennin asennustapa: Tappi ylh\u00e4\u00e4ll\u00e4, Silmukka alhaalla; Iskunvaimennusj\u00e4rjestelm\u00e4: Kaksiputki; Tuotelinja: Excel-G; Vannekoko (tuumaa): 16; MAZDA: 3 BL,3 Stufenheck BL; FORD: FOCUS II DA_,FOCUS C-MAX,C-MAX DM2,FOCUS II Stufenheck DA_; 1234195, 1306050, 1318134, 1318907, 1325091, 1325104, 1325689, 1325693, 1325963, 1325966, 1330819, 1360152, 1360153, 1370294, 1370295, 1387374, 1415594, 1415602, 1468800, 1468802, 1468811, 1492401, 1492404, 1493524, 1493525, 1544026, 1681184, 1681896, 2M21F31012CB1C8E, 3M5118008AAA, 3M5118008CAA, 3M5118008CAB, 3M5118008CAH, 3M5118008CBA, 3M5118008CBB, 3M5118008CBG, 3M5118008CBH, 3M5118008SBA, 3M5118008SBB, 3M5118008SBD, 3M5118008SBE, 3M5118080CAA, 3M5118080CAH, 3M5118080CAJ, 3M5118080CAK, 3M5118080CAL, 3M5118080CBG, 3M5118080CBH, 3M5118080SBD, 3M5118080SBE, 3M5118080SBF, 3M5118080SBG, 3M5118080SBH, 4M5118008AAA, 4M5118008AAB, 4M5118008PAA, 4M5118008PAB, 4M5118080AAA, 4M5118080AAB, 4M5118080AAC, 4M5118080AAD, 4M5118080AAE, 4M5118080AAF, 4M5118080AAG, 4M5118080ABB, 4M5118080ACA, 4M5118080ACB, 4M5118080ACC, 4M5118080PAA, 4M5118080PAB, 4M5118080PAC, 4M5118080PAD, 4M5118080PAE, 4M5118080PCA, 4M5118080PCB, BBM228910C, BBM228910D, BBM228910F, BBM328910C, BBM328910D, BBM328910F, BBP828910B, &#8230;; Iskarit,Iskunvaimennin<\/p>\n","protected":false},"excerpt":{"rendered":"<p>KYB Iskunvaimentimet 343413 Iskarit,Iskunvaimennin MAZDA,FORD,3 BL,3 Stufenheck BL,FOCUS II DA_,FOCUS C-MAX,C-MAX DM2,FOCUS II Stufenheck DA_<\/p>\n","protected":false},"featured_media":0,"template":"","meta":{"site-sidebar-layout":"default","site-content-layout":"default","ast-global-header-display":"","ast-main-header-display":"","ast-hfb-above-header-display":"","ast-hfb-below-header-display":"","ast-hfb-mobile-header-display":"","site-post-title":"","ast-breadcrumbs-content":"","ast-featured-img":"","footer-sml-layout":"","theme-transparent-header-meta":"","adv-header-id-meta":"","stick-header-meta":"","header-above-stick-meta":"","header-main-stick-meta":"","header-below-stick-meta":""},"pwb-brand":[226],"product_cat":[80],"product_tag":[],"class_list":{"0":"post-43086","1":"product","2":"type-product","3":"status-publish","5":"pwb-brand-kyb","6":"product_cat-iskunvaimennin","7":"desktop-align-left","8":"tablet-align-left","9":"mobile-align-left","11":"first","12":"instock","13":"product-type-external"},"brands":[{"id":226,"name":"KYB","slug":"kyb"}],"_links":{"self":[{"href":"https:\/\/www.autonvaraosahaku.fi\/index.php?rest_route=\/wp\/v2\/product\/43086","targetHints":{"allow":["GET"]}}],"collection":[{"href":"https:\/\/www.autonvaraosahaku.fi\/index.php?rest_route=\/wp\/v2\/product"}],"about":[{"href":"https:\/\/www.autonvaraosahaku.fi\/index.php?rest_route=\/wp\/v2\/types\/product"}],"wp:attachment":[{"href":"https:\/\/www.autonvaraosahaku.fi\/index.php?rest_route=%2Fwp%2Fv2%2Fmedia&parent=43086"}],"wp:term":[{"taxonomy":"pwb-brand","embeddable":true,"href":"https:\/\/www.autonvaraosahaku.fi\/index.php?rest_route=%2Fwp%2Fv2%2Fpwb-brand&post=43086"},{"taxonomy":"product_cat","embeddable":true,"href":"https:\/\/www.autonvaraosahaku.fi\/index.php?rest_route=%2Fwp%2Fv2%2Fproduct_cat&post=43086"},{"taxonomy":"product_tag","embeddable":true,"href":"https:\/\/www.autonvaraosahaku.fi\/index.php?rest_route=%2Fwp%2Fv2%2Fproduct_tag&post=43086"}],"curies":[{"name":"wp","href":"https:\/\/api.w.org\/{rel}","templated":true}]}}