{"id":43505,"date":"2021-02-21T16:59:04","date_gmt":"2021-02-21T16:59:04","guid":{"rendered":"https:\/\/www.autonvaraosahaku.fi\/?product=flennor-fg9668-hehkutulppa"},"modified":"2021-02-21T16:59:06","modified_gmt":"2021-02-21T16:59:06","slug":"flennor-fg9668-hehkutulppa","status":"publish","type":"product","link":"https:\/\/www.autonvaraosahaku.fi\/?product=flennor-fg9668-hehkutulppa","title":{"rendered":"FLENNOR FG9668 Hehkutulppa"},"content":{"rendered":"<p>Tarvittava kappalem\u00e4\u00e4r\u00e4: 4; JEEP: CHEROKEE XJ; VOLVO: 340-360 343, 345,340-360 Stufenheck 344; 247G, 910X6M090AA, EZD29, B26SR, B48R, 88900740, 59621Y, 5962J2, 5962T1, 7700704185, 7700734956, 7700855865, 7700856238, 7701349943<\/p>\n","protected":false},"excerpt":{"rendered":"<p>FLENNOR Hehkutulppa FG9668  JEEP,VOLVO,CHEROKEE XJ,340-360 343, 345,340-360 Stufenheck 344<\/p>\n","protected":false},"featured_media":0,"template":"","meta":{"site-sidebar-layout":"default","site-content-layout":"default","ast-global-header-display":"","ast-main-header-display":"","ast-hfb-above-header-display":"","ast-hfb-below-header-display":"","ast-hfb-mobile-header-display":"","site-post-title":"","ast-breadcrumbs-content":"","ast-featured-img":"","footer-sml-layout":"","theme-transparent-header-meta":"","adv-header-id-meta":"","stick-header-meta":"","header-above-stick-meta":"","header-main-stick-meta":"","header-below-stick-meta":""},"pwb-brand":[513],"product_cat":[52],"product_tag":[],"class_list":{"0":"post-43505","1":"product","2":"type-product","3":"status-publish","5":"pwb-brand-flennor","6":"product_cat-hehkutulppa","7":"desktop-align-left","8":"tablet-align-left","9":"mobile-align-left","11":"first","12":"instock","13":"product-type-external"},"brands":[{"id":513,"name":"FLENNOR","slug":"flennor"}],"_links":{"self":[{"href":"https:\/\/www.autonvaraosahaku.fi\/index.php?rest_route=\/wp\/v2\/product\/43505","targetHints":{"allow":["GET"]}}],"collection":[{"href":"https:\/\/www.autonvaraosahaku.fi\/index.php?rest_route=\/wp\/v2\/product"}],"about":[{"href":"https:\/\/www.autonvaraosahaku.fi\/index.php?rest_route=\/wp\/v2\/types\/product"}],"wp:attachment":[{"href":"https:\/\/www.autonvaraosahaku.fi\/index.php?rest_route=%2Fwp%2Fv2%2Fmedia&parent=43505"}],"wp:term":[{"taxonomy":"pwb-brand","embeddable":true,"href":"https:\/\/www.autonvaraosahaku.fi\/index.php?rest_route=%2Fwp%2Fv2%2Fpwb-brand&post=43505"},{"taxonomy":"product_cat","embeddable":true,"href":"https:\/\/www.autonvaraosahaku.fi\/index.php?rest_route=%2Fwp%2Fv2%2Fproduct_cat&post=43505"},{"taxonomy":"product_tag","embeddable":true,"href":"https:\/\/www.autonvaraosahaku.fi\/index.php?rest_route=%2Fwp%2Fv2%2Fproduct_tag&post=43505"}],"curies":[{"name":"wp","href":"https:\/\/api.w.org\/{rel}","templated":true}]}}