{"id":44300,"date":"2021-02-21T17:02:39","date_gmt":"2021-02-21T17:02:39","guid":{"rendered":"https:\/\/www.autonvaraosahaku.fi\/?product=vaico-v20-0636-polttoainesuodatin"},"modified":"2021-02-21T17:02:39","modified_gmt":"2021-02-21T17:02:39","slug":"vaico-v20-0636-polttoainesuodatin","status":"publish","type":"product","link":"https:\/\/www.autonvaraosahaku.fi\/?product=vaico-v20-0636-polttoainesuodatin","title":{"rendered":"VAICO V20-0636 Polttoainesuodatin"},"content":{"rendered":"<p>Korkeus (mm): 160,5; Ulkol\u00e4pimitta [mm]: 80; Ulostulon l\u00e4pimitta [mm]: 8; Sis\u00e4\u00e4ntulol\u00e4pimitta [mm]: 8; Paino [kg]: 0,5165; Pakkausleveys [cm]: 8,8; Pakkauskorkeus [mm]: 18,5; Pakkaussyvyys [cm]: 8,8; lis\u00e4tieto: CST99; Valmistusvuosi alkaen: 04\/2000; BMW: 3 E46,5 E39,3 Touring E46,5 Touring E39,X5 E53; LAND ROVER: RANGE ROVER III LM; OPEL: OMEGA B Caravan 21_, 22_, 23_,OMEGA B 25_, 26_, 27_; ALPINA: D10 E39; 13327785350, 13327787825, 13327787826, 7785350, 7787825, 7787826, WFL000070, WFL4070, 00813030, 0813030, 813030, 09266281, 9266281, 93171658<\/p>\n","protected":false},"excerpt":{"rendered":"<p>VAICO Polttoainesuodatin V20-0636  BMW,LAND ROVER,OPEL,3 E46,5 E39,3 Touring E46,5 Touring E39,X5 E53,RANGE ROVER III LM,OMEGA B Caravan 21_, 22_, 23_<\/p>\n","protected":false},"featured_media":0,"template":"","meta":{"site-sidebar-layout":"default","site-content-layout":"default","ast-global-header-display":"","ast-main-header-display":"","ast-hfb-above-header-display":"","ast-hfb-below-header-display":"","ast-hfb-mobile-header-display":"","site-post-title":"","ast-breadcrumbs-content":"","ast-featured-img":"","footer-sml-layout":"","theme-transparent-header-meta":"","adv-header-id-meta":"","stick-header-meta":"","header-above-stick-meta":"","header-main-stick-meta":"","header-below-stick-meta":""},"pwb-brand":[330],"product_cat":[29],"product_tag":[],"class_list":{"0":"post-44300","1":"product","2":"type-product","3":"status-publish","5":"pwb-brand-vaico","6":"product_cat-polttoainesuodatin","7":"desktop-align-left","8":"tablet-align-left","9":"mobile-align-left","11":"first","12":"instock","13":"product-type-external"},"brands":[{"id":330,"name":"VAICO","slug":"vaico"}],"_links":{"self":[{"href":"https:\/\/www.autonvaraosahaku.fi\/index.php?rest_route=\/wp\/v2\/product\/44300","targetHints":{"allow":["GET"]}}],"collection":[{"href":"https:\/\/www.autonvaraosahaku.fi\/index.php?rest_route=\/wp\/v2\/product"}],"about":[{"href":"https:\/\/www.autonvaraosahaku.fi\/index.php?rest_route=\/wp\/v2\/types\/product"}],"wp:attachment":[{"href":"https:\/\/www.autonvaraosahaku.fi\/index.php?rest_route=%2Fwp%2Fv2%2Fmedia&parent=44300"}],"wp:term":[{"taxonomy":"pwb-brand","embeddable":true,"href":"https:\/\/www.autonvaraosahaku.fi\/index.php?rest_route=%2Fwp%2Fv2%2Fpwb-brand&post=44300"},{"taxonomy":"product_cat","embeddable":true,"href":"https:\/\/www.autonvaraosahaku.fi\/index.php?rest_route=%2Fwp%2Fv2%2Fproduct_cat&post=44300"},{"taxonomy":"product_tag","embeddable":true,"href":"https:\/\/www.autonvaraosahaku.fi\/index.php?rest_route=%2Fwp%2Fv2%2Fproduct_tag&post=44300"}],"curies":[{"name":"wp","href":"https:\/\/api.w.org\/{rel}","templated":true}]}}