{"id":44412,"date":"2021-02-21T17:03:06","date_gmt":"2021-02-21T17:03:06","guid":{"rendered":"https:\/\/www.autonvaraosahaku.fi\/?product=trw-jgm1203t-iskunvaimennin"},"modified":"2021-02-21T17:03:09","modified_gmt":"2021-02-21T17:03:09","slug":"trw-jgm1203t-iskunvaimennin","status":"publish","type":"product","link":"https:\/\/www.autonvaraosahaku.fi\/?product=trw-jgm1203t-iskunvaimennin","title":{"rendered":"TRW JGM1203T Iskunvaimennin"},"content":{"rendered":"<p>Lukum\u00e4\u00e4r\u00e4 akselille: 1; Asennuspuoli: Etuakseli; Iskunvaimennin tyyppi: Kaasupaine; Iskunvaimennin malli: Joustintuki; Iskunvaimennusj\u00e4rjestelm\u00e4: Kaksiputki; Iskunvaimennin asennustapa: Tappi ylh\u00e4\u00e4ll\u00e4, Purisitin alhaalla; L\u00e4pimitta [mm]: 52; Pituus 1 (mm): 463; Pituus 2 (mm): 306; Jousijalan l\u00e4pimitta [mm]: 22; Huomioi tekniset tiedot: ; Tuotelinja: TWIN; Alustarakenne: f\u00fcr Fahrzeuge mit Sportfahrwerk; FORD: MONDEO IV Turnier BA7,S-MAX WA6,GALAXY WA6,MONDEO IV BA7,MONDEO IV Stufenheck BA7; 1376814, 1376829, 1376844, 1376898, 1376900, 1376908, 1381818, 1381819, 1381823, 1381824, 1381838, 1381840, 1384674, 1384675, 1384679, 1384680, 1384721, 1384723, 1406389, 1406392, 1406401, 1406402, 1406419, 1406421, 1424085, 1424086, 1424088, 1424089, 1424094, 1424096, 1430868, 1430869, 1430871, 1430873, 1430874, 1430876, 1436854, 1436856, 1436858, 1436860, 1436862, 1436864, 1441587, 1441588, 1441590, 1441592, 1441593, 1441595, 1465734, 1465736, 1476608, 1476611, 1481805, 1481808, 1539839, 1577955, 1577972, 1577974, 1577975, 1577976, 1577981, 1577983, 1672764, 1672767, 6G9118045AAB, 6G9118045AAC, 6G9118045AAD, 6G9118045AAE, 6G9118045AAF, 6G9118045AAG, 6G9118045AAH, 6G9118045AAJ, 6G9118045ABB, 6G9118045ABC, 6G9118045ABD, 6G9118045ABE, 6G9118045ABF, 6G9118045ABG, 6G9118045ABH, 6G9118045ABJ, 6G9118045AEB, 6G9118045AEC, 6G9118045AED, 6G9118045AEE, 6G9118045AEF, 6G9118045AEG, 6G9118045AEH, 6G9118045AEJ, 6G9118045AEL, 6G9118045GAE, 6G9118045HAC, 6G9118045HAE, 6G9118045HAF, 6G9118045HAG, 6G&#8230;; Iskarit,Iskunvaimennin<\/p>\n","protected":false},"excerpt":{"rendered":"<p>TRW Iskunvaimentimet JGM1203T Iskarit,Iskunvaimennin FORD,MONDEO IV Turnier BA7,S-MAX WA6,GALAXY WA6,MONDEO IV BA7,MONDEO IV Stufenheck BA7<\/p>\n","protected":false},"featured_media":0,"template":"","meta":{"site-sidebar-layout":"default","site-content-layout":"default","ast-global-header-display":"","ast-main-header-display":"","ast-hfb-above-header-display":"","ast-hfb-below-header-display":"","ast-hfb-mobile-header-display":"","site-post-title":"","ast-breadcrumbs-content":"","ast-featured-img":"","footer-sml-layout":"","theme-transparent-header-meta":"","adv-header-id-meta":"","stick-header-meta":"","header-above-stick-meta":"","header-main-stick-meta":"","header-below-stick-meta":""},"pwb-brand":[332],"product_cat":[80],"product_tag":[],"class_list":{"0":"post-44412","1":"product","2":"type-product","3":"status-publish","5":"pwb-brand-trw","6":"product_cat-iskunvaimennin","7":"desktop-align-left","8":"tablet-align-left","9":"mobile-align-left","11":"first","12":"instock","13":"product-type-external"},"brands":[{"id":332,"name":"TRW","slug":"trw"}],"_links":{"self":[{"href":"https:\/\/www.autonvaraosahaku.fi\/index.php?rest_route=\/wp\/v2\/product\/44412","targetHints":{"allow":["GET"]}}],"collection":[{"href":"https:\/\/www.autonvaraosahaku.fi\/index.php?rest_route=\/wp\/v2\/product"}],"about":[{"href":"https:\/\/www.autonvaraosahaku.fi\/index.php?rest_route=\/wp\/v2\/types\/product"}],"wp:attachment":[{"href":"https:\/\/www.autonvaraosahaku.fi\/index.php?rest_route=%2Fwp%2Fv2%2Fmedia&parent=44412"}],"wp:term":[{"taxonomy":"pwb-brand","embeddable":true,"href":"https:\/\/www.autonvaraosahaku.fi\/index.php?rest_route=%2Fwp%2Fv2%2Fpwb-brand&post=44412"},{"taxonomy":"product_cat","embeddable":true,"href":"https:\/\/www.autonvaraosahaku.fi\/index.php?rest_route=%2Fwp%2Fv2%2Fproduct_cat&post=44412"},{"taxonomy":"product_tag","embeddable":true,"href":"https:\/\/www.autonvaraosahaku.fi\/index.php?rest_route=%2Fwp%2Fv2%2Fproduct_tag&post=44412"}],"curies":[{"name":"wp","href":"https:\/\/api.w.org\/{rel}","templated":true}]}}