{"id":44676,"date":"2021-02-21T17:04:16","date_gmt":"2021-02-21T17:04:16","guid":{"rendered":"https:\/\/www.autonvaraosahaku.fi\/?product=autofren-seinsa-d8195-vetonivelen-suojakumi"},"modified":"2021-02-21T17:04:20","modified_gmt":"2021-02-21T17:04:20","slug":"autofren-seinsa-d8195-vetonivelen-suojakumi","status":"publish","type":"product","link":"https:\/\/www.autonvaraosahaku.fi\/?product=autofren-seinsa-d8195-vetonivelen-suojakumi","title":{"rendered":"AUTOFREN SEINSA D8195 Vetonivelen suojakumi"},"content":{"rendered":"<p>Sis\u00e4l\u00e4pimitta 1 [mm]: 19; Sis\u00e4l\u00e4pimitta 2 [mm]: 60; Korkeus (mm): 84; Asennuspuoli: Vaihteiston puoli, getriebeseitig; MAZDA: 2 DY; NISSAN: MICRA III K12,NOTE E11,ALMERA II Hatchback N16,MICRA C+C K12,ALMERA Mk II N16; HONDA: CIVIC VII Hatchback EU, EP, EV,CIVIC VII Stufenheck ES; MINI: MINI R56,MINI R50, R53,MINI Cabriolet R52; OPEL: CORSA C F08, F68,MERIVA,AGILA A H00; TOYOTA: AVENSIS _T22_,COROLLA Compact _E11_,AVENSIS Station Wagon _T22_,AVENSIS Liftback _T22_,PICNIC _XM10,COROLLA _E11_; ROVER: 25 RF,200 RF,45 Stufenheck RT,45 RT,400 RT,CABRIOLET XW,400 Hatchback RT,STREETWISE,COUPE; DAIHATSU: SIRION M1,YRV M2; FORD: FIESTA V JH_, JD_,FUSION JU_; RENAULT: SC\u00c9NIC II JM0\/1_,KANGOO KC0\/1_,SC\u00c9NIC I JA0\/1_,KANGOO Express FC0\/1_,GRAND SC\u00c9NIC II JM0\/1_,THALIA II LU1\/2_; 328794, 328795, 1142813, 2S614A084BA, 44315SA7981, C60222530, C60222540, MR911156, MR911157, 39741AY125, 39741BM525, 39741BM526, 39741BM528, 1603250, 4707435, 328795, TDR000280, 443805060, 443805130<\/p>\n","protected":false},"excerpt":{"rendered":"<p>AUTOFREN SEINSA Paljekumisarja, Vetoakseli D8195  MAZDA,NISSAN,HONDA,2 DY,MICRA III K12,NOTE E11,ALMERA II Hatchback N16,MICRA C+C K12<\/p>\n","protected":false},"featured_media":0,"template":"","meta":{"site-sidebar-layout":"default","site-content-layout":"default","ast-global-header-display":"","ast-main-header-display":"","ast-hfb-above-header-display":"","ast-hfb-below-header-display":"","ast-hfb-mobile-header-display":"","site-post-title":"","ast-breadcrumbs-content":"","ast-featured-img":"","footer-sml-layout":"","theme-transparent-header-meta":"","adv-header-id-meta":"","stick-header-meta":"","header-above-stick-meta":"","header-main-stick-meta":"","header-below-stick-meta":""},"pwb-brand":[243],"product_cat":[42],"product_tag":[],"class_list":{"0":"post-44676","1":"product","2":"type-product","3":"status-publish","5":"pwb-brand-autofren-seinsa","6":"product_cat-vetonivelen-suojakumi","7":"desktop-align-left","8":"tablet-align-left","9":"mobile-align-left","11":"first","12":"instock","13":"product-type-external"},"brands":[{"id":243,"name":"AUTOFREN SEINSA","slug":"autofren-seinsa"}],"_links":{"self":[{"href":"https:\/\/www.autonvaraosahaku.fi\/index.php?rest_route=\/wp\/v2\/product\/44676","targetHints":{"allow":["GET"]}}],"collection":[{"href":"https:\/\/www.autonvaraosahaku.fi\/index.php?rest_route=\/wp\/v2\/product"}],"about":[{"href":"https:\/\/www.autonvaraosahaku.fi\/index.php?rest_route=\/wp\/v2\/types\/product"}],"wp:attachment":[{"href":"https:\/\/www.autonvaraosahaku.fi\/index.php?rest_route=%2Fwp%2Fv2%2Fmedia&parent=44676"}],"wp:term":[{"taxonomy":"pwb-brand","embeddable":true,"href":"https:\/\/www.autonvaraosahaku.fi\/index.php?rest_route=%2Fwp%2Fv2%2Fpwb-brand&post=44676"},{"taxonomy":"product_cat","embeddable":true,"href":"https:\/\/www.autonvaraosahaku.fi\/index.php?rest_route=%2Fwp%2Fv2%2Fproduct_cat&post=44676"},{"taxonomy":"product_tag","embeddable":true,"href":"https:\/\/www.autonvaraosahaku.fi\/index.php?rest_route=%2Fwp%2Fv2%2Fproduct_tag&post=44676"}],"curies":[{"name":"wp","href":"https:\/\/api.w.org\/{rel}","templated":true}]}}