{"id":44849,"date":"2021-02-21T17:05:05","date_gmt":"2021-02-21T17:05:05","guid":{"rendered":"https:\/\/www.autonvaraosahaku.fi\/?product=valeo-587706-polttoainesuodatin"},"modified":"2021-02-21T17:05:07","modified_gmt":"2021-02-21T17:05:07","slug":"valeo-587706-polttoainesuodatin","status":"publish","type":"product","link":"https:\/\/www.autonvaraosahaku.fi\/?product=valeo-587706-polttoainesuodatin","title":{"rendered":"VALEO 587706 Polttoainesuodatin"},"content":{"rendered":"<p>Kierremitta: M 16&#215;1,5; Ulkol\u00e4pimitta [mm]: 85; Sis\u00e4l\u00e4pimitta 1 [mm]: 71; Sis\u00e4l\u00e4pimitta 2 [mm]: 62; Korkeus (mm): 128; Suodatintyyppi: Ruuvattava suodatin; Paino [kg]: 0,37; Moottorinumero: TUD3; NISSAN: MICRA II K11; ROVER: 100 \/ METRO XP; FIAT: PUNTO 176,BRAVO I 182,BRAVA 182,MAREA Weekend 185,UNO 146A\/E,FIORINO Kasten 146,TIPO 160,MAREA 185,TEMPRA 159,PUNTO Van 176L,TEMPRA S.W. 159,FIORINO Pick up 146,PALIO 178BX,ELBA 146_; CITRO\u00cbN: SAXO S0, S1,XSARA N1,XSARA Break N2,AX ZA-_,ZX N2,SAXO Hatchback van S3_; PEUGEOT: 106 II 1,106 I 1A, 1C,106 Van 1_; INNOCENTI: ELBA 146; 13321329270, 190640, 190642, 1906A8, 95650878, 71736114, 9942378, 9944643, 9944682, 71736114, 9944682, 164036F900, 190623, 190624, 190639, 190640, 190641, 1906A8<\/p>\n","protected":false},"excerpt":{"rendered":"<p>VALEO Polttoainesuodatin 587706  NISSAN,ROVER,FIAT,MICRA II K11,100 \/ METRO XP,PUNTO 176,BRAVO I 182,BRAVA 182,MAREA Weekend 185,UNO 146A\/E<\/p>\n","protected":false},"featured_media":0,"template":"","meta":{"site-sidebar-layout":"default","site-content-layout":"default","ast-global-header-display":"","ast-main-header-display":"","ast-hfb-above-header-display":"","ast-hfb-below-header-display":"","ast-hfb-mobile-header-display":"","site-post-title":"","ast-breadcrumbs-content":"","ast-featured-img":"","footer-sml-layout":"","theme-transparent-header-meta":"","adv-header-id-meta":"","stick-header-meta":"","header-above-stick-meta":"","header-main-stick-meta":"","header-below-stick-meta":""},"pwb-brand":[28],"product_cat":[29],"product_tag":[],"class_list":{"0":"post-44849","1":"product","2":"type-product","3":"status-publish","5":"pwb-brand-valeo","6":"product_cat-polttoainesuodatin","7":"desktop-align-left","8":"tablet-align-left","9":"mobile-align-left","11":"first","12":"instock","13":"product-type-external"},"brands":[{"id":28,"name":"VALEO","slug":"valeo"}],"_links":{"self":[{"href":"https:\/\/www.autonvaraosahaku.fi\/index.php?rest_route=\/wp\/v2\/product\/44849","targetHints":{"allow":["GET"]}}],"collection":[{"href":"https:\/\/www.autonvaraosahaku.fi\/index.php?rest_route=\/wp\/v2\/product"}],"about":[{"href":"https:\/\/www.autonvaraosahaku.fi\/index.php?rest_route=\/wp\/v2\/types\/product"}],"wp:attachment":[{"href":"https:\/\/www.autonvaraosahaku.fi\/index.php?rest_route=%2Fwp%2Fv2%2Fmedia&parent=44849"}],"wp:term":[{"taxonomy":"pwb-brand","embeddable":true,"href":"https:\/\/www.autonvaraosahaku.fi\/index.php?rest_route=%2Fwp%2Fv2%2Fpwb-brand&post=44849"},{"taxonomy":"product_cat","embeddable":true,"href":"https:\/\/www.autonvaraosahaku.fi\/index.php?rest_route=%2Fwp%2Fv2%2Fproduct_cat&post=44849"},{"taxonomy":"product_tag","embeddable":true,"href":"https:\/\/www.autonvaraosahaku.fi\/index.php?rest_route=%2Fwp%2Fv2%2Fproduct_tag&post=44849"}],"curies":[{"name":"wp","href":"https:\/\/api.w.org\/{rel}","templated":true}]}}