{"id":45151,"date":"2021-02-21T17:06:26","date_gmt":"2021-02-21T17:06:26","guid":{"rendered":"https:\/\/www.autonvaraosahaku.fi\/?product=fa1-951-959-pakoputken-asennussarja"},"modified":"2021-02-21T17:06:29","modified_gmt":"2021-02-21T17:06:29","slug":"fa1-951-959-pakoputken-asennussarja","status":"publish","type":"product","link":"https:\/\/www.autonvaraosahaku.fi\/?product=fa1-951-959-pakoputken-asennussarja","title":{"rendered":"FA1 951-959 Pakoputken asennussarja"},"content":{"rendered":"<p>Putkiliitokset: Kiristin; L\u00e4pimitta [mm]: 59,5; Tarvittava kappalem\u00e4\u00e4r\u00e4: 3; VW: GOLF IV 1J1,TRANSPORTER IV Bus 70XB, 70XC, 7DB, 7DW,GOLF III 1H1,GOLF IV Variant 1J5,GOLF VII 5G1, BE1,SHARAN 7M8, 7M9, 7M6,GOLF II 19E, 1G1,TRANSPORTER V Bus 7HB, 7HJ, 7EB, 7EJ, 7EF,GOLF VI Variant AJ5,GOLF V Variant 1K5,MULTIVAN V 7HM, 7HN, 7HF, 7EF, 7EM, 7EN,PASSAT Variant 3A5, 35I,BORA 1J2,GOLF VII Kombi BA5,GOLF I Cabriolet 155,GOLF III Cabriolet 1E7,TRANSPORTER IV Kasten 70XA,SCIROCCO 137, 138,TRANSPORTER V Kasten 7HA, 7HH, 7EA, 7EH,GOLF Mk III Cabriolet 1E7,BORA Kombi 1J6,GOLF III Variant 1H5,JETTA III 1K2,PASSAT 3A2, 35I,CORRADO 53I,TRANSPORTER IV Pritsche\/Fahrgestell 70XD,VENTO 1H2,JETTA II 19E, 1G2, 165,JETTA IV 162, 163,TRANSPORTER V Pritsche\/Fahrgestell 7JD, 7JE, 7JL, 7JY, 7JZ,,GOLF SPORTSVAN AM1,GOLF ALLTRACK BA5; AUDI: A3 Sportback 8VA,Q3 8U,A3 Limousine 8VS,A3 8V1,A3 Cabriolet 8V7,Q2 GA; SKODA: OCTAVIA Combi 5E5,OCTAVIA 5E3,SUPERB Kombi 3V5,SUPERB 3V3,KAROQ NU7; SEAT: ALHAMBRA 7V8, 7V9,LEON 5F1,LEON ST 5F8,IBIZA II 6K1,CORDOBA 6K1, 6K2,TOLEDO I 1L,LEON SC 5F5,ATECA KH7; NISSAN: PRIMASTAR Bus X83,PRIMASTAR Kasten X83; SAAB: 9-3 YS3F,9-5 Kombi YS3E,9-3 Kombi YS3F,9-5 YS3E,9-3 Cabriolet YS3F,9-3X; MERCEDES-BENZ: E-CLASS W210,E-CLASS Kombi S210; OPEL: ZAFIRA B A05,ASTRA H Caravan L35,ZAFIRA A F75_,ASTRA G CC F48_, F08_,ASTRA H L48,ASTRA G Caravan F35_,VECTRA C Caravan,ASTRA H GTC L08,MERIVA B,SIGNUM,VECTRA C,ZAFIRA TOURER C P12,VECTRA C GTS,ASTRA H TwinTop L67,VIVARO Kasten F7,ASTRA G Cabriolet F67,ASTRA G Coupe F07_,ASTRA G Stufenheck F69_,VIVARO Combi J7,ASTRA H Kasten L70,VIVARO Pritsche\/Fahrgestell E7,VIVARO Combi,VIVARO Kasten; FORD: GALAXY WGR,MONDEO III Stufenheck B4Y; FIAT: GRANDE PUNTO 199,STILO 192,PUNTO EVO 199,STILO Multi Wagon 192,CROMA 194,ULYSSE 220,SCUDO Kasten 220L,SCUDO Combinato 220P; 191253139C, 191253139D, 1H0253139D, 357253139, 357253139A, 357253139B, 357253143, 1096828, 1207960, 7196815, 7381821, 7688642, XR89283, 191253139C, 191253139D, 1H0253139D, 357253139, 357253139A, 357253139B, 357253143, 191253139C, 191253139D, 1H0253139D, 357253139, 357253139A, 357253139B, 357253143, 191253139C, 191253139D, 1H0253139D, 357253139, 357253139A, 357253139B, 357253143; Putkenliitin, Pakoputkisto<\/p>\n","protected":false},"excerpt":{"rendered":"<p>FA1 Pakoputken Kiristin 951-959 Putkenliitin, Pakoputkisto VW,AUDI,SKODA,GOLF IV 1J1,TRANSPORTER IV Bus 70XB, 70XC, 7DB, 7DW,GOLF III 1H1<\/p>\n","protected":false},"featured_media":0,"template":"","meta":{"site-sidebar-layout":"default","site-content-layout":"default","ast-global-header-display":"","ast-main-header-display":"","ast-hfb-above-header-display":"","ast-hfb-below-header-display":"","ast-hfb-mobile-header-display":"","site-post-title":"","ast-breadcrumbs-content":"","ast-featured-img":"","footer-sml-layout":"","theme-transparent-header-meta":"","adv-header-id-meta":"","stick-header-meta":"","header-above-stick-meta":"","header-main-stick-meta":"","header-below-stick-meta":""},"pwb-brand":[39],"product_cat":[101],"product_tag":[],"class_list":{"0":"post-45151","1":"product","2":"type-product","3":"status-publish","5":"pwb-brand-fa1","6":"product_cat-pakoputken-asennussarja","7":"desktop-align-left","8":"tablet-align-left","9":"mobile-align-left","11":"first","12":"instock","13":"product-type-external"},"brands":[{"id":39,"name":"FA1","slug":"fa1"}],"_links":{"self":[{"href":"https:\/\/www.autonvaraosahaku.fi\/index.php?rest_route=\/wp\/v2\/product\/45151","targetHints":{"allow":["GET"]}}],"collection":[{"href":"https:\/\/www.autonvaraosahaku.fi\/index.php?rest_route=\/wp\/v2\/product"}],"about":[{"href":"https:\/\/www.autonvaraosahaku.fi\/index.php?rest_route=\/wp\/v2\/types\/product"}],"wp:attachment":[{"href":"https:\/\/www.autonvaraosahaku.fi\/index.php?rest_route=%2Fwp%2Fv2%2Fmedia&parent=45151"}],"wp:term":[{"taxonomy":"pwb-brand","embeddable":true,"href":"https:\/\/www.autonvaraosahaku.fi\/index.php?rest_route=%2Fwp%2Fv2%2Fpwb-brand&post=45151"},{"taxonomy":"product_cat","embeddable":true,"href":"https:\/\/www.autonvaraosahaku.fi\/index.php?rest_route=%2Fwp%2Fv2%2Fproduct_cat&post=45151"},{"taxonomy":"product_tag","embeddable":true,"href":"https:\/\/www.autonvaraosahaku.fi\/index.php?rest_route=%2Fwp%2Fv2%2Fproduct_tag&post=45151"}],"curies":[{"name":"wp","href":"https:\/\/api.w.org\/{rel}","templated":true}]}}