{"id":45840,"date":"2021-02-21T17:09:37","date_gmt":"2021-02-21T17:09:37","guid":{"rendered":"https:\/\/www.autonvaraosahaku.fi\/?product=mahle-original-lx-157-ilmansuodatin"},"modified":"2021-02-21T17:09:38","modified_gmt":"2021-02-21T17:09:38","slug":"mahle-original-lx-157-ilmansuodatin","status":"publish","type":"product","link":"https:\/\/www.autonvaraosahaku.fi\/?product=mahle-original-lx-157-ilmansuodatin","title":{"rendered":"MAHLE ORIGINAL LX 157 Ilmansuodatin"},"content":{"rendered":"<p>Suodatintyyppi: Suodatinpanos; Korkeus (mm): 53,0; Ulkol\u00e4pimitta [mm]: 205,0; Sis\u00e4l\u00e4pimitta 1 [mm]: 155,0, 155,0; L\u00e4pimitta 4 [mm]: 171,0, 171,0, 171,0; L\u00e4pimitta 3 [mm]: 155,0, 155,0, 155,0; Ulkol\u00e4pimitta 2 [mm]: 155,0; Sis\u00e4l\u00e4pimitta [mm]: 155,0; Valmistusvuoteen: 12\/1984; SUZUKI: ALTO HA11,ALTO,ALTO SS80,ALTO CM11, CL11, CP11, CN11, CP21, CN21, CM21, CL21, CS22,; SEAT: 127 127A,PANDA 141A,FURA 025A; LANCIA: A 112; FIAT: PANDA 141A_,127,FIORINO Kasten 146,128 Coupe,128,RITMO I 138A,FIORINO Pick up 146,FIORINO 147,127 Panorama,128 Familiare,FIORINO 127,147,FIORINO Pick up 147,147 Panorama; AUTOBIANCHI: A 112; ZASTAVA: 101 1100,YUGO,YUGO FLORIDA; 0003897995, HB02220301, 0003897995, HB02220301, 4180816, 4195069, 4237082, 4292447, 42964470, 4361618, 4363100, 4365129, 4368711, 4371570, 71736147, 75064820, 94001516, 1498429, 5006574, 5012632, 5013137, A700X9601SA, A800X9601FA, A840X9601ASA, A840X9601BGA, EFA75, 9307831, 9974278, 1370081X52000, 1378078000, 1378078100, 1378078100000, 13780M72F10, 13780M78100, 0003897995, HB02220301<\/p>\n","protected":false},"excerpt":{"rendered":"<p>MAHLE ORIGINAL Ilmansuodatin LX 157  SUZUKI,SEAT,LANCIA,ALTO HA11,ALTO,ALTO SS80,ALTO CM11, CL11, CP11, CN11, CP21, CN21, CM21, CL21, CS22,,127 127A<\/p>\n","protected":false},"featured_media":0,"template":"","meta":{"site-sidebar-layout":"default","site-content-layout":"default","ast-global-header-display":"","ast-main-header-display":"","ast-hfb-above-header-display":"","ast-hfb-below-header-display":"","ast-hfb-mobile-header-display":"","site-post-title":"","ast-breadcrumbs-content":"","ast-featured-img":"","footer-sml-layout":"","theme-transparent-header-meta":"","adv-header-id-meta":"","stick-header-meta":"","header-above-stick-meta":"","header-main-stick-meta":"","header-below-stick-meta":""},"pwb-brand":[153],"product_cat":[31],"product_tag":[],"class_list":{"0":"post-45840","1":"product","2":"type-product","3":"status-publish","5":"pwb-brand-mahle-original","6":"product_cat-ilmansuodatin","7":"desktop-align-left","8":"tablet-align-left","9":"mobile-align-left","11":"first","12":"instock","13":"product-type-external"},"brands":[{"id":153,"name":"MAHLE ORIGINAL","slug":"mahle-original"}],"_links":{"self":[{"href":"https:\/\/www.autonvaraosahaku.fi\/index.php?rest_route=\/wp\/v2\/product\/45840","targetHints":{"allow":["GET"]}}],"collection":[{"href":"https:\/\/www.autonvaraosahaku.fi\/index.php?rest_route=\/wp\/v2\/product"}],"about":[{"href":"https:\/\/www.autonvaraosahaku.fi\/index.php?rest_route=\/wp\/v2\/types\/product"}],"wp:attachment":[{"href":"https:\/\/www.autonvaraosahaku.fi\/index.php?rest_route=%2Fwp%2Fv2%2Fmedia&parent=45840"}],"wp:term":[{"taxonomy":"pwb-brand","embeddable":true,"href":"https:\/\/www.autonvaraosahaku.fi\/index.php?rest_route=%2Fwp%2Fv2%2Fpwb-brand&post=45840"},{"taxonomy":"product_cat","embeddable":true,"href":"https:\/\/www.autonvaraosahaku.fi\/index.php?rest_route=%2Fwp%2Fv2%2Fproduct_cat&post=45840"},{"taxonomy":"product_tag","embeddable":true,"href":"https:\/\/www.autonvaraosahaku.fi\/index.php?rest_route=%2Fwp%2Fv2%2Fproduct_tag&post=45840"}],"curies":[{"name":"wp","href":"https:\/\/api.w.org\/{rel}","templated":true}]}}