{"id":46101,"date":"2021-02-21T17:10:48","date_gmt":"2021-02-21T17:10:48","guid":{"rendered":"https:\/\/www.autonvaraosahaku.fi\/?product=ridex-3926a0038-ilmamassamittari"},"modified":"2021-02-21T17:10:49","modified_gmt":"2021-02-21T17:10:49","slug":"ridex-3926a0038-ilmamassamittari","status":"publish","type":"product","link":"https:\/\/www.autonvaraosahaku.fi\/?product=ridex-3926a0038-ilmamassamittari","title":{"rendered":"RIDEX 3926A0038 Ilmamassamittari"},"content":{"rendered":"<p>Lis\u00e4tarvike\/lis\u00e4tieto: Ilman imusarjaa; K\u00e4yt\u00f6ss\u00e4 koskettimia: 5; J\u00e4nnite (V): 12; Valmistusvuoteen: 12\/2010; NISSAN: QASHQAI \/ QASHQAI +2 J10, JJ10,MICRA III K12,X-TRAIL T30,NOTE E11,NAVARA D40,JUKE F15,PATHFINDER R51,X-TRAIL T31,MICRA IV K13,NV200 EVALIA,350 Z Z33,MICRA C+C K12,MURANO Z50,NAVARA Pritsche\/Fahrgestell D40,TIIDA Schr\u00e4gheck,NV200 Kasten,MURANO Z51,PICK UP D22,370 Z Z34,350 Z Roadster Z33,GT-R R35,CUBE Z12,TIIDA Stufenheck SC11X,370 Z Roadster Z34,NP300,TEANA II J32,PATROL III Y62,TEANA I J31; INFINITI: FX,EX,M Y51,G Stufenheck,M37,G Coupe,Q70 Y51,QX70,QX50; RENAULT: KOLEOS HY_; 226807S00B, 226807S000, 226807S00A, 226807S00B, 226807S000; Ilmam\u00e4\u00e4r\u00e4mittari,MAF Anturi<\/p>\n","protected":false},"excerpt":{"rendered":"<p>RIDEX Ilmamassamittari 3926A0038 Ilmam\u00e4\u00e4r\u00e4mittari,MAF Anturi NISSAN,INFINITI,RENAULT,QASHQAI \/ QASHQAI +2 J10, JJ10,MICRA III K12,X-TRAIL T30,NOTE E11<\/p>\n","protected":false},"featured_media":0,"template":"","meta":{"site-sidebar-layout":"default","site-content-layout":"default","ast-global-header-display":"","ast-main-header-display":"","ast-hfb-above-header-display":"","ast-hfb-below-header-display":"","ast-hfb-mobile-header-display":"","site-post-title":"","ast-breadcrumbs-content":"","ast-featured-img":"","footer-sml-layout":"","theme-transparent-header-meta":"","adv-header-id-meta":"","stick-header-meta":"","header-above-stick-meta":"","header-main-stick-meta":"","header-below-stick-meta":""},"pwb-brand":[157],"product_cat":[270],"product_tag":[],"class_list":{"0":"post-46101","1":"product","2":"type-product","3":"status-publish","5":"pwb-brand-ridex","6":"product_cat-ilmamassamittari","7":"desktop-align-left","8":"tablet-align-left","9":"mobile-align-left","11":"first","12":"instock","13":"product-type-external"},"brands":[{"id":157,"name":"RIDEX","slug":"ridex"}],"_links":{"self":[{"href":"https:\/\/www.autonvaraosahaku.fi\/index.php?rest_route=\/wp\/v2\/product\/46101","targetHints":{"allow":["GET"]}}],"collection":[{"href":"https:\/\/www.autonvaraosahaku.fi\/index.php?rest_route=\/wp\/v2\/product"}],"about":[{"href":"https:\/\/www.autonvaraosahaku.fi\/index.php?rest_route=\/wp\/v2\/types\/product"}],"wp:attachment":[{"href":"https:\/\/www.autonvaraosahaku.fi\/index.php?rest_route=%2Fwp%2Fv2%2Fmedia&parent=46101"}],"wp:term":[{"taxonomy":"pwb-brand","embeddable":true,"href":"https:\/\/www.autonvaraosahaku.fi\/index.php?rest_route=%2Fwp%2Fv2%2Fpwb-brand&post=46101"},{"taxonomy":"product_cat","embeddable":true,"href":"https:\/\/www.autonvaraosahaku.fi\/index.php?rest_route=%2Fwp%2Fv2%2Fproduct_cat&post=46101"},{"taxonomy":"product_tag","embeddable":true,"href":"https:\/\/www.autonvaraosahaku.fi\/index.php?rest_route=%2Fwp%2Fv2%2Fproduct_tag&post=46101"}],"curies":[{"name":"wp","href":"https:\/\/api.w.org\/{rel}","templated":true}]}}