{"id":46231,"date":"2021-02-21T17:11:21","date_gmt":"2021-02-21T17:11:21","guid":{"rendered":"https:\/\/www.autonvaraosahaku.fi\/?product=corteco-12013459b-kampiakselin-tiiviste"},"modified":"2021-02-21T17:11:24","modified_gmt":"2021-02-21T17:11:24","slug":"corteco-12013459b-kampiakselin-tiiviste","status":"publish","type":"product","link":"https:\/\/www.autonvaraosahaku.fi\/?product=corteco-12013459b-kampiakselin-tiiviste","title":{"rendered":"CORTECO 12013459B Kampiakselin tiiviste"},"content":{"rendered":"<p>Asennuspuoli: Etup\u00e4\u00e4; Sis\u00e4l\u00e4pimitta 1 [mm]: 35; Ulkol\u00e4pimitta 1 [mm]: 50; Korkeus 1 (mm): 8; Materiaali: FPM (fluori-kumi); Suojavaippa: Suojakumilla; Rihlamalli: Oikea kierre; Moottorinumero: 16D; MERCEDES-BENZ: SL R107,T1 Pritsche\/Fahrgestell 601; BMW: 3 E36,3 E30,02 E10,3 E21,3 Touring E30,7 E23,5 E12; OPEL: ASTRA G CC F48_, F08_,OMEGA A 16_, 17_, 19_,ASTRA G Caravan F35_,ASTRA F CC 53_, 54_, 58_, 59_,ASTRA F Caravan 51_, 52_,ASTRA G Stufenheck F69_,VECTRA B CC 38_,VECTRA A 86_, 87_,ASTRA F 56_, 57_,KADETT E CC 33_, 34_, 43_, 44_,MANTA B 58_, 59_,VECTRA A CC 88_, 89_,ASCONA C 81_, 86_, 87_, 88_,KADETT D 31_-34_, 41_-44_,KADETT E 39_, 49_,ASCONA C CC 84_, 89_,ASTRA G Kasten F70,KADETT E Caravan 35_, 36_, 45_, 46_,ASTRA F Van 55_,KADETT D 32_,37_,39, _42,KADETT D Caravan 35_, 36_, 45_, 46_,KADETT E Kasten 37_, 47_,KADETT E Combo 38_, 48_; FORD: GALAXY WGR,ESCORT V GAL; RENAULT: TWINGO I C06_,TWINGO I Kasten S06_,SUPER 5 B\/C40_,RAPID Kasten F40_, G40_,4 Kasten R21_, R23_,TRAFIC Kasten TXX,9 L42_,19 II Chamade L53_,12,11 B\/C37_,21 Stufenheck L48_,8 113_,CLIO I Kasten S57_,6 118_,TRAFIC Bus T5, T6, T7,11 Kasten S37_,18 Variable 135_,10 119_,12 Variable 117_,ESTAFETTE 213_,19 II Kasten S53_,TRAFIC Pritsche\/Fahrgestell P6,19 I Kasten S53_,18 Kasten,12 Kasten,SUPER 5 Kasten S40_; TOYOTA: AVENSIS Liftback _T22_; HYUNDAI: i30 FD,GETZ TB,i10 PA,TUCSON JM,i30 CW FD,SANTA F\u00c9 I SM,MATRIX FC,TERRACAN HP,COUPE GK,ATOS MX,TRAJET FO,GALLOPER II JK-01,SONATA IV EF,ACCENT II LC,COUPE RD,H-1 Kasten,ACCENT III MC,H-1 \/ STAREX,ELANTRA XD,ACCENT III Stufenheck MC,ELANTRA Stufenheck XD,ACCENT I X-3,ACCENT II Stufenheck LC,LANTRA II Wagon J-2,LANTRA II J-2,SANTAMO,ACCENT Stufenheck X-3,SONATA III Y-3,GALLOPER I,PONY X-2,LANTRA I J-1,S COUPE SLC,H100 Bus P,H100 Kasten,TIBURON Coupe,ELANTRA Stufenheck HD,PONY \/ EXCEL Stufenheck X-2,H-1 Pritsche\/Fahrgestell,SONATA II Y-2,H100 Pritsche\/Fahrgestell,PORTER Pick-up,PONY Stufenheck X-1,STELLAR F31_, SF2_; KIA: SORENTO I JC,PICANTO BA,CEE&#8217;D SW ED,CEE&#8217;D Schr\u00e4gheck ED,SPORTAGE JE_, KM_,CARENS II FJ,RIO II JB,PRO CEE&#8217;D ED,SOUL AM,CERATO LD,MAGENTIS GD,CERATO Stufenheck LD,RIO II Stufenheck JB,JOICE,K2500 SD; HONDA: LEGEND I Coupe KA3,LEGEND I HS, KA; VOLVO: V40 Kombi VW,S40 I VS; 91213PH7000, 91213PH7003, 91213PH70030, 91213PH7004, 91213PH7013, 91213PL2003, 2214421010, 2214433004, 2214435000, 221443B000, 221443B001, 2214421010, 2214433004, 2214435000, 221443B000, 221443B001, MD133317, MD153103, MD372536, 090501721, 646264, 646266, 646290, 646294, 90180501, 7700859691, 646264, 646266, 646290, 646294, 90180501, 30874307; Akselitiiviste, Kampiakseli<\/p>\n","protected":false},"excerpt":{"rendered":"<p>CORTECO Kampiakselin Tiiviste 12013459B Akselitiiviste, Kampiakseli MERCEDES-BENZ,BMW,OPEL,SL R107,T1 Pritsche\/Fahrgestell 601,3 E36,3 E30,02 E10<\/p>\n","protected":false},"featured_media":0,"template":"","meta":{"site-sidebar-layout":"default","site-content-layout":"default","ast-global-header-display":"","ast-main-header-display":"","ast-hfb-above-header-display":"","ast-hfb-below-header-display":"","ast-hfb-mobile-header-display":"","site-post-title":"","ast-breadcrumbs-content":"","ast-featured-img":"","footer-sml-layout":"","theme-transparent-header-meta":"","adv-header-id-meta":"","stick-header-meta":"","header-above-stick-meta":"","header-main-stick-meta":"","header-below-stick-meta":""},"pwb-brand":[53],"product_cat":[88],"product_tag":[],"class_list":{"0":"post-46231","1":"product","2":"type-product","3":"status-publish","5":"pwb-brand-corteco","6":"product_cat-kampiakselin-tiiviste","7":"desktop-align-left","8":"tablet-align-left","9":"mobile-align-left","11":"first","12":"instock","13":"product-type-external"},"brands":[{"id":53,"name":"CORTECO","slug":"corteco"}],"_links":{"self":[{"href":"https:\/\/www.autonvaraosahaku.fi\/index.php?rest_route=\/wp\/v2\/product\/46231","targetHints":{"allow":["GET"]}}],"collection":[{"href":"https:\/\/www.autonvaraosahaku.fi\/index.php?rest_route=\/wp\/v2\/product"}],"about":[{"href":"https:\/\/www.autonvaraosahaku.fi\/index.php?rest_route=\/wp\/v2\/types\/product"}],"wp:attachment":[{"href":"https:\/\/www.autonvaraosahaku.fi\/index.php?rest_route=%2Fwp%2Fv2%2Fmedia&parent=46231"}],"wp:term":[{"taxonomy":"pwb-brand","embeddable":true,"href":"https:\/\/www.autonvaraosahaku.fi\/index.php?rest_route=%2Fwp%2Fv2%2Fpwb-brand&post=46231"},{"taxonomy":"product_cat","embeddable":true,"href":"https:\/\/www.autonvaraosahaku.fi\/index.php?rest_route=%2Fwp%2Fv2%2Fproduct_cat&post=46231"},{"taxonomy":"product_tag","embeddable":true,"href":"https:\/\/www.autonvaraosahaku.fi\/index.php?rest_route=%2Fwp%2Fv2%2Fproduct_tag&post=46231"}],"curies":[{"name":"wp","href":"https:\/\/api.w.org\/{rel}","templated":true}]}}