{"id":46297,"date":"2021-02-21T17:11:37","date_gmt":"2021-02-21T17:11:37","guid":{"rendered":"https:\/\/www.autonvaraosahaku.fi\/?product=janmor-fas17-sytytysjohto"},"modified":"2021-02-21T17:11:41","modified_gmt":"2021-02-21T17:11:41","slug":"janmor-fas17-sytytysjohto","status":"publish","type":"product","link":"https:\/\/www.autonvaraosahaku.fi\/?product=janmor-fas17-sytytysjohto","title":{"rendered":"JANMOR FAS17 Sytytysjohto"},"content":{"rendered":"<p>Materiaali: Silikoni; Kennon mitat: WIRE WOUND; Ulkol\u00e4pimitta [mm]: 7; Virranjakaja: Liit\u00e4nt\u00e4 DIN; Sytytysjohto: Liit\u00e4nt\u00e4 SAE; Pituus 1 (mm): 420; Pituus 2 (mm): 480; Pituus 3 [mm]: 620; Pituus 4 [mm]: 720; LANCIA: Y 840A,BETA Spider 828BS,BETA Coupe 828BC,BETA MONTE CARLO 137AS, 137BS,BETA  H.P.E. 828BF,BETA 828_B_,PRISMA 831AB0; FIAT: PUNTO 188,PANDA 169,SEICENTO 187,PUNTO 176,PANDA Van 169,CINQUECENTO 170,PANDA 141A_,STRADA Pick-up 178E,PUNTO Cabriolet 176C,PALIO Weekend 178DX,SEICENTO Van 187,PUNTO Van 176L,PALIO 178BX,SIENA 178_; 46749624, 55202897, 55203737, 7598155, 7633960, 7735340, 7776810, 7776810; Sytytysjohtosarja,Sytytyskaapeli<\/p>\n","protected":false},"excerpt":{"rendered":"<p>JANMOR Sytytysjohto FAS17 Sytytysjohtosarja,Sytytyskaapeli LANCIA,FIAT,Y 840A,BETA Spider 828BS,BETA Coupe 828BC,BETA MONTE CARLO 137AS, 137BS<\/p>\n","protected":false},"featured_media":0,"template":"","meta":{"site-sidebar-layout":"default","site-content-layout":"default","ast-global-header-display":"","ast-main-header-display":"","ast-hfb-above-header-display":"","ast-hfb-below-header-display":"","ast-hfb-mobile-header-display":"","site-post-title":"","ast-breadcrumbs-content":"","ast-featured-img":"","footer-sml-layout":"","theme-transparent-header-meta":"","adv-header-id-meta":"","stick-header-meta":"","header-above-stick-meta":"","header-main-stick-meta":"","header-below-stick-meta":""},"pwb-brand":[455],"product_cat":[198],"product_tag":[],"class_list":{"0":"post-46297","1":"product","2":"type-product","3":"status-publish","5":"pwb-brand-janmor","6":"product_cat-sytytysjohto","7":"desktop-align-left","8":"tablet-align-left","9":"mobile-align-left","11":"first","12":"instock","13":"product-type-external"},"brands":[{"id":455,"name":"JANMOR","slug":"janmor"}],"_links":{"self":[{"href":"https:\/\/www.autonvaraosahaku.fi\/index.php?rest_route=\/wp\/v2\/product\/46297","targetHints":{"allow":["GET"]}}],"collection":[{"href":"https:\/\/www.autonvaraosahaku.fi\/index.php?rest_route=\/wp\/v2\/product"}],"about":[{"href":"https:\/\/www.autonvaraosahaku.fi\/index.php?rest_route=\/wp\/v2\/types\/product"}],"wp:attachment":[{"href":"https:\/\/www.autonvaraosahaku.fi\/index.php?rest_route=%2Fwp%2Fv2%2Fmedia&parent=46297"}],"wp:term":[{"taxonomy":"pwb-brand","embeddable":true,"href":"https:\/\/www.autonvaraosahaku.fi\/index.php?rest_route=%2Fwp%2Fv2%2Fpwb-brand&post=46297"},{"taxonomy":"product_cat","embeddable":true,"href":"https:\/\/www.autonvaraosahaku.fi\/index.php?rest_route=%2Fwp%2Fv2%2Fproduct_cat&post=46297"},{"taxonomy":"product_tag","embeddable":true,"href":"https:\/\/www.autonvaraosahaku.fi\/index.php?rest_route=%2Fwp%2Fv2%2Fproduct_tag&post=46297"}],"curies":[{"name":"wp","href":"https:\/\/api.w.org\/{rel}","templated":true}]}}